{"id":100866,"date":"2020-01-12T01:38:31","date_gmt":"2020-01-12T00:38:31","guid":{"rendered":"https:\/\/reassurez-moi.fr\/guide\/?page_id=100866"},"modified":"2026-02-02T16:07:47","modified_gmt":"2026-02-02T15:07:47","slug":"meilleur-livret","status":"publish","type":"page","link":"https:\/\/guide.reassurez-moi.fr\/guide\/epargne\/meilleur-livret","title":{"rendered":"\u00c9pargne &#8211; Meilleur livret"},"content":{"rendered":"\n<h1 class=\"wp-block-heading\">Quels sont les meilleurs livrets d&rsquo;\u00e9pargne ? <\/h1>\n\n\n\n\n\n<div style=\"height:20px\" aria-hidden=\"true\" class=\"wp-block-spacer\"><\/div>\n\n\n\n<p><strong>Choisir son livret d\u2019\u00e9pargne n\u2019est pas chose ais\u00e9e, tant les offres sont nombreuses sur le march\u00e9. Tous ont leurs propres fonctionnement, taux de rendement ou encore conditions. Il faudra donc faire un point pr\u00e9cis sur vos besoins et vos attentes afin d\u2019opter pour le meilleur livret d\u2019\u00e9pargne. Voyons ensemble quels sont les crit\u00e8res \u00e0 prendre en compte pour faire le bon choix.<\/strong><\/p>\n\n\n\n<h2 class=\"wp-block-heading\"><strong>Quel livret d\u2019\u00e9pargne choisir ?&nbsp;<\/strong><\/h2>\n\n\n\n<p><strong>Il n\u2019existe pas de \u00ab&nbsp;meilleur livret&nbsp;\u00bb dans l\u2019absolu<\/strong>. Tout d\u00e9pend de ce que vous recherchez, c\u2019est-\u00e0-dire de votre situation, de vos objectifs et de votre capacit\u00e9 d\u2019\u00e9pargne. De nombreuses solutions existent, selon que vous souhaitiez un livret disponible, r\u00e9mun\u00e9rateur, d\u00e9fiscalis\u00e9\u2026 <\/p>\n\n\n\n<blockquote class=\"wp-block-quote is-layout-flow wp-block-quote-is-layout-flow\"><p>Les banques proposent de nombreux livrets, tant r\u00e9glement\u00e9s que non r\u00e9glement\u00e9s.<\/p><\/blockquote>\n\n\n\n<p><strong>Si vous souhaitez \u00e9pargner \u00e0 votre rythme, sans risque et sans frais<\/strong>, sans que la r\u00e9mun\u00e9ration ne soit pour vous un crit\u00e8re essentiel, les livrets r\u00e9glement\u00e9s semblent \u00eatre une bonne solution. L\u2019on retrouve :&nbsp;<\/p>\n\n\n\n<ul class=\"wp-block-list\"><li>le livret A, qui est le plus \u00ab&nbsp;commun&nbsp;\u00bb, accessible \u00e0 tous les contribuables (majeurs comme mineurs) et m\u00eame aux associations ;<\/li><li>le <a href=\"https:\/\/reassurez-moi.fr\/guide\/epargne\/ldds\">livret de d\u00e9veloppement durable et solidaire<\/a> (LDDS), le \u00ab&nbsp;jumeau&nbsp;\u00bb du livret A (en termes de taux, de fonctionnement\u2026) ;<\/li><li>le livret d\u2019\u00e9pargne populaire (LEP), plus r\u00e9mun\u00e9rateur mais accessible uniquement sous conditions de revenus ;<\/li><li>le livret jeune, accessible au moins de 25 ans ;<\/li><li>le compte \u00e9pargne logement (CEL) si vous avez un projet immobilier \u00e0 court \/ moyen terme.&nbsp;<\/li><\/ul>\n\n\n\n<p><strong>Ces comptes sur livret ont aujourd\u2019hui encore, hormis le CEL, l\u2019avantage de ne pas \u00eatre fiscalis\u00e9s. <\/strong>Les int\u00e9r\u00eats s\u2019entendent donc nets. Ils sont toutefois tous plafonn\u00e9s. D\u2019autres alternatives existent, en dehors des livrets r\u00e9glement\u00e9s. Citons par exemple :&nbsp;<\/p>\n\n\n\n<ul class=\"wp-block-list\"><li>le \u00ab&nbsp;<a href=\"https:\/\/reassurez-moi.fr\/guide\/epargne\/super-livret\">super livret&nbsp;<\/a>\u00bb (ou \u00ab&nbsp;livret maison&nbsp;\u00bb), cr\u00e9\u00e9 par les banques elles-m\u00eames, souvent plus r\u00e9mun\u00e9rateur, a minima pendant une p\u00e9riode donn\u00e9e, mais soumis \u00e0 fiscalit\u00e9 ;<\/li><li>le <a href=\"https:\/\/reassurez-moi.fr\/guide\/epargne\/compte-a-terme\">compte \u00e0 terme<\/a> \u00e0 taux fixe, variable ou progressif, propos\u00e9 par certains \u00e9tablissements bancaires,&nbsp;<\/li><li>le <a href=\"https:\/\/reassurez-moi.fr\/guide\/epargne\/lee\">livret d\u2019\u00e9pargne entreprise<\/a> (LEE), qui est l\u2019\u00e9quivalent du plan \u00e9pargne logement (PEL) et qui se destine aux particuliers ayant un projet \u00e0 court \/ moyen terme de cr\u00e9ation ou de reprise d\u2019entreprise.<\/li><\/ul>\n\n\n\n<p><strong>La meilleure pratique sera de faire un point pr\u00e9cis sur vos attentes. <\/strong>Chaque livret a ses conditions d\u2019ouverture et de versement, ainsi qu\u2019un fonctionnement qui lui est propre.<\/p>\n\n\n\n<h2 class=\"wp-block-heading\"><strong>Comment faire un comparatif de livrets d\u2019\u00e9pargne ?&nbsp;<\/strong><\/h2>\n\n\n\n<p><strong>Vous n\u2019aurez pas besoin d\u2019utiliser un comparateur pour les livrets d\u2019\u00e9pargne r\u00e9glement\u00e9s, puisque leurs conditions d\u2019ouverture<\/strong>, de taux ou encore de montants maximum \/ minimum de versement sont les m\u00eames partout. Que vous ouvriez, par exemple, un livret A aupr\u00e8s de votre banque habituelle ou d\u2019un autre \u00e9tablissement ne fera aucune diff\u00e9rence.<br><br><strong>La mise en concurrence est en revanche beaucoup plus importante si vous souhaitez ouvrir un livret non r\u00e9glement\u00e9<\/strong>, par exemple parce que vos livrets A ou LDD sont pleins, ou parce que vous avez besoin de placer une somme importante \u00e0 court terme et recherchez un rendement optimal.&nbsp;<br><br><strong>De m\u00eame, si vous souhaitez ouvrir un livret jeune<\/strong>, vous aurez int\u00e9r\u00eat \u00e0 comparer les offres des banques, puisque chacune a son taux et son \u00ab&nbsp;offre de bienvenue&nbsp;\u00bb.&nbsp;<\/p>\n\n\n\n<p><strong>Voici quelques-uns des crit\u00e8res \u00e0 prendre en compte lorsque vous comparez des produits d\u2019\u00e9pargne non r\u00e9glement\u00e9s :&nbsp;<\/strong><\/p>\n\n\n\n<ul class=\"wp-block-list\"><li>les modalit\u00e9s de souscription : conditions, versement minimum ;<\/li><li>le taux et ses conditions : fixe, variable, sur une certaine enveloppe seulement ;<\/li><li>le plafond de versement ;<\/li><li>les modalit\u00e9s de retrait de l\u2019\u00e9pargne.<\/li><\/ul>\n\n\n\n<h2 class=\"wp-block-heading\">Notre classement des meilleurs taux d\u2019\u00e9pargne <\/h2>\n\n\n\n<p><strong>Les taux des livrets r\u00e9glement\u00e9s sont fix\u00e9s par l\u2019\u00c9tat, c\u2019est-\u00e0-dire qu\u2019ils sont impos\u00e9s aux banques. <\/strong>Ils sont en outre r\u00e9visables deux fois par an, en f\u00e9vrier et en ao\u00fbt. Le livret jeune fait office d\u2019exception : l\u2019\u00c9tat ne fixe qu\u2019un taux minimum, et les banques sont libres de proposer plus. &nbsp;<\/p>\n\n\n\n<p><strong>Voici un comparatif des taux des livrets d\u2019\u00e9pargne r\u00e9glement\u00e9s par l\u2019\u00c9tat en 2024 :&nbsp;<\/strong><\/p>\n\n\n\n<figure class=\"wp-block-table is-style-header-simple\"><table><thead><tr><th class=\"has-text-align-center\" data-align=\"center\">Type de livret<\/th><th class=\"has-text-align-center\" data-align=\"center\">Taux appliqu\u00e9<\/th><\/tr><\/thead><tbody><tr><td class=\"has-text-align-center\" data-align=\"center\"><strong>Livret A <\/strong><\/td><td class=\"has-text-align-center\" data-align=\"center\">3 %<\/td><\/tr><tr><td class=\"has-text-align-center\" data-align=\"center\"><strong>LDD<\/strong><\/td><td class=\"has-text-align-center\" data-align=\"center\">3 %<\/td><\/tr><tr><td class=\"has-text-align-center\" data-align=\"center\"><strong>LEP<\/strong><\/td><td class=\"has-text-align-center\" data-align=\"center\">5 %<\/td><\/tr><tr><td class=\"has-text-align-center\" data-align=\"center\"><strong>Livret jeune<\/strong><\/td><td class=\"has-text-align-center\" data-align=\"center\">Minimum 3 %<\/td><\/tr><\/tbody><\/table><figcaption>Taux 2024<\/figcaption><\/figure>\n\n\n\n<div style=\"height:20px\" aria-hidden=\"true\" class=\"wp-block-spacer\"><\/div>\n\n\n\n<div class=\"wp-block-mars-information icon-info undefined\"><i class=\"icon\"><\/i><p>Le taux des livrets r\u00e9glement\u00e9s est en fait index\u00e9 sur celui du livret A. Si celui-ci \u00e9volue, les autres seront \u00e9galement modifi\u00e9s.<\/p><\/div>\n\n\n\n<div style=\"height:20px\" aria-hidden=\"true\" class=\"wp-block-spacer\"><\/div>\n\n\n\n<p><strong>Pour ce qui est des comptes \u00e0 terme et autres super livrets, les banques sont enti\u00e8rement libres de concevoir leurs offres.<\/strong> Concernant le compte \u00e0 terme, il n\u2019est pas toujours \u00e9vident d\u2019acc\u00e9der aux offres des banques, qui communiquent rarement leurs taux sur leur site. Il faudra souvent prendre rendez-vous en agence.\u00a0<br><br><strong>Les choses sont plus \u00ab\u00a0transparentes\u00a0\u00bb pour les super livrets. <\/strong>Voici un comparatif de quelques taux disponibles sur le march\u00e9 :\u00a0<\/p>\n\n\n\n<figure class=\"wp-block-table is-style-header-simple\"><table><thead><tr><th>\u00c9tablissements<\/th><th class=\"has-text-align-center\" data-align=\"center\">Taux propos\u00e9s<\/th><\/tr><\/thead><tbody><tr><td><strong>Hello Bank <\/strong><\/td><td class=\"has-text-align-center\" data-align=\"center\">0,20 \u00e0 1 %<\/td><\/tr><tr><td><strong>Fortuneo<\/strong><\/td><td class=\"has-text-align-center\" data-align=\"center\">2 % pendant 4 mois<\/td><\/tr><tr><td><strong>B for Bank<\/strong><\/td><td class=\"has-text-align-center\" data-align=\"center\">2 % pendant 2 mois<\/td><\/tr><tr><td><strong>ING<\/strong><\/td><td class=\"has-text-align-center\" data-align=\"center\">3 % pendant 2 mois<\/td><\/tr><\/tbody><\/table><\/figure>\n\n\n\n<div style=\"height:20px\" aria-hidden=\"true\" class=\"wp-block-spacer\"><\/div>\n\n\n\n<div class=\"wp-block-mars-information icon-warning undefined\"><i class=\"icon\"><\/i><p>Attention lorsque vous comparez des offres de super livret : les conditions sont diff\u00e9rentes selon les banques. Le taux n\u2019est toujours boost\u00e9 que pendant une (courte) p\u00e9riode, peut n\u2019\u00eatre applicable qu\u2019\u00e0 une enveloppe maximale ou sous des modalit\u00e9s tr\u00e8s strictes\u2026<\/p><\/div>\n\n\n\n<div style=\"height:20px\" aria-hidden=\"true\" class=\"wp-block-spacer\"><\/div>\n\n\n\n<p><strong>Gardez \u00e9galement en t\u00eate que les taux des comptes \u00e0 terme et super livrets \u00e9voluent tr\u00e8s r\u00e9guli\u00e8rement. <\/strong>Vous devrez donc faire votre comparaison au moment exact o\u00f9 votre capacit\u00e9 d\u2019\u00e9pargne vous permettra de faire un versement.<\/p>\n\n\n\n<h2 class=\"wp-block-heading\"><strong>Dans quels cas opter pour un livret boost\u00e9 ?&nbsp;<\/strong><\/h2>\n\n\n\n<p><strong>Le livret boost\u00e9, ou super livret, est cr\u00e9\u00e9 par les banques. <\/strong>N\u2019\u00e9tant pas r\u00e9glement\u00e9, elles sont libres de fixer leurs taux et conditions pour ce produit d\u2019\u00e9pargne. Voici les caract\u00e9ristiques principales de ces livrets \u00ab&nbsp;maison&nbsp;\u00bb :<\/p>\n\n\n\n<ul class=\"wp-block-list\"><li>l\u2019\u00e9pargne reste disponible \u00e0 tout moment ;<\/li><li>ils n\u2019entra\u00eenent pas de risque en capital (vous ne pourrez pas perdre d\u2019argent) ;<\/li><li>ils ne sont soumis \u00e0 aucun frais.&nbsp;<\/li><\/ul>\n\n\n\n<p><strong>Concr\u00e8tement, le livret boost\u00e9 vous offre, pendant une p\u00e9riode d\u00e9finie au d\u00e9part <\/strong>(de quelques mois \u00e0 un an en g\u00e9n\u00e9ral), un taux tr\u00e8s comp\u00e9titif (souvent de l\u2019ordre de 2 \u00e0 3 %). Il devient beaucoup plus r\u00e9siduel par la suite, mais ce produit vous permet quand m\u00eame d\u2019obtenir un bon rendement sur une courte p\u00e9riode, d\u2019autant qu\u2019il est rarement soumis \u00e0 un plafond (ou \u00e0 un plafond tr\u00e8s \u00e9lev\u00e9).&nbsp;<\/p>\n\n\n\n<blockquote class=\"wp-block-quote is-layout-flow wp-block-quote-is-layout-flow\"><p>Le super livret est donc une bonne solution si vous avez une somme importante \u00e0 placer pendant quelques mois, ou si vos livret A et LDD sont au plafond. &nbsp;<\/p><\/blockquote>\n\n\n\n<p><strong>Ce sont surtout les banques en ligne qui commercialisent les \u00ab&nbsp;meilleurs&nbsp;\u00bb livrets boost\u00e9s<\/strong>. Via une comparaison efficace des offres disponibles, il sera possible de d\u00e9nicher un bon taux et dans de bonnes conditions, comme nous l\u2019avons vu plus haut. Il faut bien retenir que, m\u00eame si son rendement peut \u00eatre tr\u00e8s attractif, les int\u00e9r\u00eats g\u00e9n\u00e9r\u00e9s seront fiscalis\u00e9s en tant que revenus de capitaux mobiliers.<\/p>\n\n\n\n<h2 class=\"wp-block-heading\"><strong>Meilleurs livrets d\u2019\u00e9pargne : quels sont les plafonds ?&nbsp;<\/strong><\/h2>\n\n\n\n<p><strong>Conna\u00eetre les plafonds des livrets d\u2019\u00e9pargne<\/strong>, qu\u2019ils soient r\u00e9glement\u00e9s ou non, est important puisque cela pourra vous orienter vers l\u2019un ou l\u2019autre en fonction de votre capacit\u00e9 d\u2019\u00e9pargne. Le tableau ci-dessous pr\u00e9sente les plafonds des livrets d\u2019\u00e9pargne r\u00e9glement\u00e9s. <\/p>\n\n\n\n<figure class=\"wp-block-table is-style-header-simple\"><table><thead><tr><th>Type de livret<\/th><th class=\"has-text-align-center\" data-align=\"center\">Plafond<\/th><\/tr><\/thead><tbody><tr><td><strong>Livret jeune<\/strong><\/td><td class=\"has-text-align-center\" data-align=\"center\">1 600 \u20ac<\/td><\/tr><tr><td><strong>CEL<\/strong><\/td><td class=\"has-text-align-center\" data-align=\"center\">15 300 \u20ac<\/td><\/tr><tr><td><strong>Livret A<\/strong><\/td><td class=\"has-text-align-center\" data-align=\"center\">22 950 \u20ac<\/td><\/tr><tr><td><strong>LDDS<\/strong><\/td><td class=\"has-text-align-center\" data-align=\"center\">12 000 \u20ac<\/td><\/tr><tr><td><strong>LEP<\/strong><\/td><td class=\"has-text-align-center\" data-align=\"center\">10 000 \u20ac<\/td><\/tr><\/tbody><\/table><\/figure>\n\n\n\n<p><strong>N\u2019oubliez pas que ces plafonds sont cumulables. Il sera possible de d\u00e9tenir, par exemple, \u00e0 la fois un livret A et un LDD.&nbsp;<\/strong><\/p>\n\n\n\n<blockquote class=\"wp-block-quote is-layout-flow wp-block-quote-is-layout-flow\"><p>Comme nous l\u2019avons dit, les super livrets et les comptes \u00e0 terme ne sont pas plafonn\u00e9s, ou alors les limites seront tr\u00e8s \u00e9lev\u00e9es.<\/p><\/blockquote>\n\n\n\n<h2 class=\"wp-block-heading\"><strong>Meilleurs livrets d\u2019\u00e9pargne : quel calcul pour les int\u00e9r\u00eats ?&nbsp;<\/strong><\/h2>\n\n\n\n<p><strong>L\u00e0 encore, l\u2019on doit distinguer les livrets r\u00e9glement\u00e9s de ceux qui ne le sont pas.<\/strong> Pour les premiers, le mode de calcul est toujours le m\u00eame. Les int\u00e9r\u00eats sont calcul\u00e9s par quinzaine, les 1er et 16 de chaque mois. Ce qu\u2019il faut bien comprendre ici, c\u2019est le principe des \u00ab&nbsp;dates de valeur&nbsp;\u00bb. Celles-ci diff\u00e8rent selon que l\u2019op\u00e9ration soit un versement ou un retrait. Veillez donc \u00e0 bien optimiser vos actions sur votre compte sur livret.&nbsp;<\/p>\n\n\n\n<figure class=\"wp-block-table is-style-header-double\"><table><thead><tr><th><\/th><th class=\"has-text-align-center\" data-align=\"center\">Jusqu&rsquo;au 15 du mois<\/th><th class=\"has-text-align-center\" data-align=\"center\">\u00c0 partir du 16<\/th><\/tr><\/thead><tbody><tr><td>Versement<\/td><td class=\"has-text-align-center\" data-align=\"center\">Le 16<\/td><td class=\"has-text-align-center\" data-align=\"center\">Le 1er jour du mois suivant<\/td><\/tr><tr><td>Retrait<\/td><td class=\"has-text-align-center\" data-align=\"center\">Le dernier jour du mois pr\u00e9c\u00e9dent<\/td><td class=\"has-text-align-center\" data-align=\"center\">Le 15<\/td><\/tr><\/tbody><\/table><\/figure>\n\n\n\n<p><strong>\u00c0 chaque fin d\u2019ann\u00e9e (le 31 d\u00e9cembre), les int\u00e9r\u00eats sont capitalis\u00e9s. <\/strong>Ils rejoignent donc le capital plac\u00e9, ce qui signifie qu\u2019ils seront \u00e0 leur tour g\u00e9n\u00e9rateurs d\u2019int\u00e9r\u00eats l\u2019ann\u00e9e suivante. Cela explique que le plafond des livrets puisse \u00eatre d\u00e9pass\u00e9.&nbsp;<\/p>\n\n\n\n<blockquote class=\"wp-block-quote is-layout-flow wp-block-quote-is-layout-flow\"><p>Le mode de calcul des int\u00e9r\u00eats du super livret est similaire, y compris lorsque le taux boost\u00e9 prend fin.&nbsp;<\/p><\/blockquote>\n\n\n\n<p><strong>Le fonctionnement est en revanche diff\u00e9rent pour le compte \u00e0 terme, et d\u00e9pend notamment du type de taux pr\u00e9vu<\/strong> (fixe, variable ou progressif). Le calcul pr\u00e9cis vous sera expliqu\u00e9 par la banque \u00e0 l\u2019ouverture, en sachant que les int\u00e9r\u00eats pourront \u00eatre \u00ab&nbsp;simples&nbsp;\u00bb ou compos\u00e9s.<\/p>\n","protected":false},"excerpt":{"rendered":"<p>Quels sont les meilleurs livrets d&rsquo;\u00e9pargne ? Choisir son livret d\u2019\u00e9pargne n\u2019est pas chose ais\u00e9e, tant les offres sont nombreuses sur le march\u00e9. Tous ont leurs propres fonctionnement, taux de rendement ou encore conditions. Il faudra donc faire un point pr\u00e9cis sur vos besoins et vos attentes afin d\u2019opter pour le meilleur livret d\u2019\u00e9pargne. Voyons\u2026<\/p>\n","protected":false},"author":86,"featured_media":0,"parent":109119,"menu_order":0,"comment_status":"open","ping_status":"closed","template":"pages\/page-comparator.php","meta":{"_acf_changed":false,"footnotes":""},"categories":[],"page_topic":[612],"class_list":["post-100866","page","type-page","status-publish","hentry"],"yoast_head":"<!-- This site is optimized with the Yoast SEO plugin v24.7 - https:\/\/yoast.com\/wordpress\/plugins\/seo\/ -->\n<title>Quels sont les meilleurs livrets d&#039;\u00e9pargne ? Comparatif<\/title>\n<meta name=\"description\" content=\"Classement ind\u00e9pendant - Les 10 meilleurs livrets d&#039;\u00e9pargne fran\u00e7ais - Meilleurs tarifs selon votre profil - Notre avis d&#039;expert.\" \/>\n<meta name=\"robots\" content=\"index, follow, max-snippet:-1, max-image-preview:large, max-video-preview:-1\" \/>\n<link rel=\"canonical\" href=\"https:\/\/guide.reassurez-moi.fr\/guide\/epargne\/meilleur-livret\" \/>\n<meta property=\"og:locale\" content=\"fr_FR\" \/>\n<meta property=\"og:type\" content=\"article\" \/>\n<meta property=\"og:title\" content=\"Quels sont les meilleurs livrets d&#039;\u00e9pargne ? Comparatif\" \/>\n<meta property=\"og:description\" content=\"Classement ind\u00e9pendant - Les 10 meilleurs livrets d&#039;\u00e9pargne fran\u00e7ais - Meilleurs tarifs selon votre profil - Notre avis d&#039;expert.\" \/>\n<meta property=\"og:url\" content=\"https:\/\/guide.reassurez-moi.fr\/guide\/epargne\/meilleur-livret\" \/>\n<meta property=\"og:site_name\" content=\"R\u00e9assurez-moi\" \/>\n<meta property=\"article:publisher\" content=\"https:\/\/www.facebook.com\/R%c3%a9assurez-moi-209456495889479\/\" \/>\n<meta property=\"article:modified_time\" content=\"2026-02-02T15:07:47+00:00\" \/>\n<meta property=\"og:image\" content=\"https:\/\/guide.reassurez-moi.fr\/guide\/wp-content\/uploads\/2018\/04\/image-de-partage.png\" \/>\n\t<meta property=\"og:image:width\" content=\"500\" \/>\n\t<meta property=\"og:image:height\" content=\"160\" \/>\n\t<meta property=\"og:image:type\" content=\"image\/png\" \/>\n<meta name=\"twitter:card\" content=\"summary_large_image\" \/>\n<meta name=\"twitter:site\" content=\"@reassurezmoi\" \/>\n<meta name=\"twitter:label1\" content=\"Dur\u00e9e de lecture estim\u00e9e\" \/>\n\t<meta name=\"twitter:data1\" content=\"8 minutes\" \/>\n<script type=\"application\/ld+json\" class=\"yoast-schema-graph\">{\"@context\":\"https:\/\/schema.org\",\"@graph\":[{\"@type\":\"WebPage\",\"@id\":\"https:\/\/guide.reassurez-moi.fr\/guide\/epargne\/meilleur-livret\",\"url\":\"https:\/\/guide.reassurez-moi.fr\/guide\/epargne\/meilleur-livret\",\"name\":\"Quels sont les meilleurs livrets d'\u00e9pargne ? Comparatif\",\"isPartOf\":{\"@id\":\"https:\/\/guide.reassurez-moi.fr\/guide\/#website\"},\"datePublished\":\"2020-01-12T00:38:31+00:00\",\"dateModified\":\"2026-02-02T15:07:47+00:00\",\"description\":\"Classement ind\u00e9pendant - Les 10 meilleurs livrets d'\u00e9pargne fran\u00e7ais - Meilleurs tarifs selon votre profil - Notre avis d'expert.\",\"breadcrumb\":{\"@id\":\"https:\/\/guide.reassurez-moi.fr\/guide\/epargne\/meilleur-livret#breadcrumb\"},\"inLanguage\":\"fr-FR\",\"potentialAction\":[{\"@type\":\"ReadAction\",\"target\":[\"https:\/\/guide.reassurez-moi.fr\/guide\/epargne\/meilleur-livret\"]}]},{\"@type\":\"BreadcrumbList\",\"@id\":\"https:\/\/guide.reassurez-moi.fr\/guide\/epargne\/meilleur-livret#breadcrumb\",\"itemListElement\":[{\"@type\":\"ListItem\",\"position\":1,\"name\":\"Assurances\",\"item\":\"https:\/\/guide.reassurez-moi.fr\/guide\/\"},{\"@type\":\"ListItem\",\"position\":2,\"name\":\"Guide de l'\u00e9pargne\",\"item\":\"https:\/\/guide.reassurez-moi.fr\/guide\/epargne\"},{\"@type\":\"ListItem\",\"position\":3,\"name\":\"Meilleur livret\"}]},{\"@type\":\"WebSite\",\"@id\":\"https:\/\/guide.reassurez-moi.fr\/guide\/#website\",\"url\":\"https:\/\/guide.reassurez-moi.fr\/guide\/\",\"name\":\"R\u00e9assurez-moi\",\"description\":\"Comparateur d&#039;assurances\",\"potentialAction\":[{\"@type\":\"SearchAction\",\"target\":{\"@type\":\"EntryPoint\",\"urlTemplate\":\"https:\/\/guide.reassurez-moi.fr\/guide\/?s={search_term_string}\"},\"query-input\":{\"@type\":\"PropertyValueSpecification\",\"valueRequired\":true,\"valueName\":\"search_term_string\"}}],\"inLanguage\":\"fr-FR\"}]}<\/script>\n<!-- \/ Yoast SEO plugin. -->","yoast_head_json":{"title":"Quels sont les meilleurs livrets d'\u00e9pargne ? Comparatif","description":"Classement ind\u00e9pendant - Les 10 meilleurs livrets d'\u00e9pargne fran\u00e7ais - Meilleurs tarifs selon votre profil - Notre avis d'expert.","robots":{"index":"index","follow":"follow","max-snippet":"max-snippet:-1","max-image-preview":"max-image-preview:large","max-video-preview":"max-video-preview:-1"},"canonical":"https:\/\/guide.reassurez-moi.fr\/guide\/epargne\/meilleur-livret","og_locale":"fr_FR","og_type":"article","og_title":"Quels sont les meilleurs livrets d'\u00e9pargne ? Comparatif","og_description":"Classement ind\u00e9pendant - Les 10 meilleurs livrets d'\u00e9pargne fran\u00e7ais - Meilleurs tarifs selon votre profil - Notre avis d'expert.","og_url":"https:\/\/guide.reassurez-moi.fr\/guide\/epargne\/meilleur-livret","og_site_name":"R\u00e9assurez-moi","article_publisher":"https:\/\/www.facebook.com\/R%c3%a9assurez-moi-209456495889479\/","article_modified_time":"2026-02-02T15:07:47+00:00","og_image":[{"width":500,"height":160,"url":"https:\/\/guide.reassurez-moi.fr\/guide\/wp-content\/uploads\/2018\/04\/image-de-partage.png","type":"image\/png"}],"twitter_card":"summary_large_image","twitter_site":"@reassurezmoi","twitter_misc":{"Dur\u00e9e de lecture estim\u00e9e":"8 minutes"},"schema":{"@context":"https:\/\/schema.org","@graph":[{"@type":"WebPage","@id":"https:\/\/guide.reassurez-moi.fr\/guide\/epargne\/meilleur-livret","url":"https:\/\/guide.reassurez-moi.fr\/guide\/epargne\/meilleur-livret","name":"Quels sont les meilleurs livrets d'\u00e9pargne ? Comparatif","isPartOf":{"@id":"https:\/\/guide.reassurez-moi.fr\/guide\/#website"},"datePublished":"2020-01-12T00:38:31+00:00","dateModified":"2026-02-02T15:07:47+00:00","description":"Classement ind\u00e9pendant - Les 10 meilleurs livrets d'\u00e9pargne fran\u00e7ais - Meilleurs tarifs selon votre profil - Notre avis d'expert.","breadcrumb":{"@id":"https:\/\/guide.reassurez-moi.fr\/guide\/epargne\/meilleur-livret#breadcrumb"},"inLanguage":"fr-FR","potentialAction":[{"@type":"ReadAction","target":["https:\/\/guide.reassurez-moi.fr\/guide\/epargne\/meilleur-livret"]}]},{"@type":"BreadcrumbList","@id":"https:\/\/guide.reassurez-moi.fr\/guide\/epargne\/meilleur-livret#breadcrumb","itemListElement":[{"@type":"ListItem","position":1,"name":"Assurances","item":"https:\/\/guide.reassurez-moi.fr\/guide\/"},{"@type":"ListItem","position":2,"name":"Guide de l'\u00e9pargne","item":"https:\/\/guide.reassurez-moi.fr\/guide\/epargne"},{"@type":"ListItem","position":3,"name":"Meilleur livret"}]},{"@type":"WebSite","@id":"https:\/\/guide.reassurez-moi.fr\/guide\/#website","url":"https:\/\/guide.reassurez-moi.fr\/guide\/","name":"R\u00e9assurez-moi","description":"Comparateur d&#039;assurances","potentialAction":[{"@type":"SearchAction","target":{"@type":"EntryPoint","urlTemplate":"https:\/\/guide.reassurez-moi.fr\/guide\/?s={search_term_string}"},"query-input":{"@type":"PropertyValueSpecification","valueRequired":true,"valueName":"search_term_string"}}],"inLanguage":"fr-FR"}]}},"acf":[],"_links":{"self":[{"href":"https:\/\/guide.reassurez-moi.fr\/guide\/wp-json\/wp\/v2\/pages\/100866","targetHints":{"allow":["GET"]}}],"collection":[{"href":"https:\/\/guide.reassurez-moi.fr\/guide\/wp-json\/wp\/v2\/pages"}],"about":[{"href":"https:\/\/guide.reassurez-moi.fr\/guide\/wp-json\/wp\/v2\/types\/page"}],"author":[{"embeddable":true,"href":"https:\/\/guide.reassurez-moi.fr\/guide\/wp-json\/wp\/v2\/users\/86"}],"replies":[{"embeddable":true,"href":"https:\/\/guide.reassurez-moi.fr\/guide\/wp-json\/wp\/v2\/comments?post=100866"}],"version-history":[{"count":1,"href":"https:\/\/guide.reassurez-moi.fr\/guide\/wp-json\/wp\/v2\/pages\/100866\/revisions"}],"predecessor-version":[{"id":203352,"href":"https:\/\/guide.reassurez-moi.fr\/guide\/wp-json\/wp\/v2\/pages\/100866\/revisions\/203352"}],"up":[{"embeddable":true,"href":"https:\/\/guide.reassurez-moi.fr\/guide\/wp-json\/wp\/v2\/pages\/109119"}],"wp:attachment":[{"href":"https:\/\/guide.reassurez-moi.fr\/guide\/wp-json\/wp\/v2\/media?parent=100866"}],"wp:term":[{"taxonomy":"category","embeddable":true,"href":"https:\/\/guide.reassurez-moi.fr\/guide\/wp-json\/wp\/v2\/categories?post=100866"},{"taxonomy":"page_topic","embeddable":true,"href":"https:\/\/guide.reassurez-moi.fr\/guide\/wp-json\/wp\/v2\/page_topic?post=100866"}],"curies":[{"name":"wp","href":"https:\/\/api.w.org\/{rel}","templated":true}]}}