{"id":106518,"date":"2020-02-12T13:12:09","date_gmt":"2020-02-12T12:12:09","guid":{"rendered":"https:\/\/reassurez-moi.fr\/guide\/?page_id=106518"},"modified":"2025-03-06T11:16:37","modified_gmt":"2025-03-06T10:16:37","slug":"communication","status":"publish","type":"page","link":"https:\/\/guide.reassurez-moi.fr\/guide\/communication","title":{"rendered":"La Presse parle de nous"},"content":{"rendered":"\n<div style=\"height:20px\" aria-hidden=\"true\" class=\"wp-block-spacer\"><\/div>\n\n\n\n<div class=\"wp-block-columns is-layout-flex wp-container-core-columns-is-layout-9d6595d7 wp-block-columns-is-layout-flex\">\n<div class=\"wp-block-column is-vertically-aligned-center has-text-color has-background is-layout-flow wp-block-column-is-layout-flow\" style=\"background-color:#f9f9f9;color:#0071a1\">\n<div class=\"wp-block-image\"><figure class=\"aligncenter size-large is-resized\"><a href=\"https:\/\/www.lemonde.fr\/argent\/article\/2020\/06\/15\/les-prix-de-l-assurance-habitation-vont-ils-baisser_6042858_1657007.html\"><img loading=\"lazy\" decoding=\"async\" src=\"https:\/\/guide.reassurez-moi.fr\/guide\/wp-content\/uploads\/2020\/06\/logo-le-monde.jpg\" alt=\"logo le monde\" class=\"wp-image-128964\" width=\"170\" height=\"39\" srcset=\"https:\/\/guide.reassurez-moi.fr\/guide\/wp-content\/uploads\/2020\/06\/logo-le-monde.jpg 317w, https:\/\/guide.reassurez-moi.fr\/guide\/wp-content\/uploads\/2020\/06\/logo-le-monde-300x69.jpg 300w\" sizes=\"auto, (max-width: 170px) 100vw, 170px\" \/><\/a><\/figure><\/div>\n\n\n\n<p class=\"has-text-align-center has-text-color has-medium-font-size\" style=\"color:#555555\"><meta charset=\"utf-8\"><\/p>\n\n\n\n<p class=\"has-text-align-center has-text-color has-medium-font-size\" style=\"color:#555555\"><em><a rel=\"noreferrer noopener\" href=\"https:\/\/www.lemonde.fr\/argent\/article\/2020\/06\/15\/les-prix-de-l-assurance-habitation-vont-ils-baisser_6042858_1657007.html\" target=\"_blank\">\u00ab Le confinement aurait permis aux assureurs d&rsquo;\u00e9conomiser 226 millions d&rsquo;euros sur les risques \u00ab\u00a0habitation\u00a0\u00bb, estime R\u00e9assurez-Moi. \u00bb<\/a><\/em><\/p>\n<\/div>\n\n\n\n<div class=\"wp-block-column has-background is-layout-flow wp-block-column-is-layout-flow\" style=\"background-color:#f9f9f9\">\n<div class=\"wp-block-image\"><figure class=\"aligncenter size-large\"><a href=\"https:\/\/www.capital.fr\/immobilier\/assurance-emprunteur-comment-les-banques-cherchent-a-proteger-leur-rente-1251662\"><img loading=\"lazy\" decoding=\"async\" width=\"119\" height=\"45\" src=\"https:\/\/guide.reassurez-moi.fr\/guide\/wp-content\/uploads\/2020\/03\/capital-logo.jpg\" alt=\"capital logo\" class=\"wp-image-112575\"\/><\/a><\/figure><\/div>\n\n\n\n<p class=\"has-text-align-center has-text-color has-medium-font-size\" style=\"color:#555555\"><meta charset=\"utf-8\"><\/p>\n\n\n\n<p class=\"has-text-align-center has-text-color has-medium-font-size\" style=\"color:#555555\"><em><a href=\"https:\/\/www.capital.fr\/immobilier\/assurance-emprunteur-comment-les-banques-cherchent-a-proteger-leur-rente-1251662\">\u00ab La r\u00e9siliation annuelle de l\u2019assurance aura des effets consid\u00e9rables. Les banques ont pr\u00e8s de 90 % de parts de march\u00e9 mais des tarifs en moyenne 25 % plus \u00e9lev\u00e9s. \u00bb<\/a><\/em><\/p>\n<\/div>\n\n\n\n<div class=\"wp-block-column has-background is-layout-flow wp-block-column-is-layout-flow\" style=\"background-color:#f9f9f9\">\n<div class=\"wp-block-image\"><figure class=\"aligncenter size-large\"><a href=\"https:\/\/www.lefigaro.fr\/assurance\/2017\/10\/20\/05005-20171020ARTFIG00141-assurance-emprunteur-28-milliards-d-euros-d-economie-pour-les-francais-en-2018.php\"><img loading=\"lazy\" decoding=\"async\" width=\"143\" height=\"45\" src=\"https:\/\/guide.reassurez-moi.fr\/guide\/wp-content\/uploads\/2020\/03\/figaro-logo.jpg\" alt=\"figaro logo\" class=\"wp-image-112577\"\/><\/a><\/figure><\/div>\n\n\n\n<p class=\"has-text-align-center has-text-color has-medium-font-size\" style=\"color:#555555\"><meta charset=\"utf-8\"><\/p>\n\n\n\n<p class=\"has-text-align-center has-text-color has-medium-font-size\" style=\"color:#555555\"><em><a aria-label=\"\u00ab Selon le courtier R\u00e9assurez-moi, faire jouer la concurrence et changer d'assurance rapportera en moyenne 6 310 euros aux Fran\u00e7ais sur la dur\u00e9e de leur pr\u00eat. \u00bb (opens in a new tab)\" rel=\"noreferrer noopener\" href=\"https:\/\/www.lefigaro.fr\/assurance\/2017\/10\/20\/05005-20171020ARTFIG00141-assurance-emprunteur-28-milliards-d-euros-d-economie-pour-les-francais-en-2018.php\" target=\"_blank\">\u00ab Selon R\u00e9assurez-Moi, faire jouer la concurrence et changer d&rsquo;assurance rapporte pr\u00e8s de 6 310 \u20ac aux fran\u00e7ais sur la dur\u00e9e de leur pr\u00eat. \u00bb<\/a><\/em><\/p>\n<\/div>\n<\/div>\n\n\n\n<div class=\"wp-block-columns is-layout-flex wp-container-core-columns-is-layout-9d6595d7 wp-block-columns-is-layout-flex\">\n<div class=\"wp-block-column is-vertically-aligned-center has-text-color has-background is-layout-flow wp-block-column-is-layout-flow\" style=\"background-color:#f9f9f9;color:#0071a1\">\n<div class=\"wp-block-image\"><figure class=\"aligncenter size-large\"><a href=\"https:\/\/www.youtube.com\/watch?v=KVDuU5VU9r8&feature=youtu.be\"><img loading=\"lazy\" decoding=\"async\" width=\"88\" height=\"45\" src=\"https:\/\/guide.reassurez-moi.fr\/guide\/wp-content\/uploads\/2020\/03\/logo-rtl.jpg\" alt=\"logo rtl\" class=\"wp-image-112574\"\/><\/a><\/figure><\/div>\n\n\n\n<p class=\"has-text-align-center has-text-color has-medium-font-size\" style=\"color:#555555\"><meta charset=\"utf-8\"><\/p>\n\n\n\n<p class=\"has-text-align-center has-text-color has-medium-font-size\" style=\"color:#555555\"><em><a rel=\"noreferrer noopener\" href=\"https:\/\/www.lemonde.fr\/argent\/article\/2020\/06\/15\/les-prix-de-l-assurance-habitation-vont-ils-baisser_6042858_1657007.html\" target=\"_blank\"><meta charset=\"utf-8\"><em><em><\/em><\/em><\/a><em><em><a href=\"https:\/\/www.youtube.com\/watch?v=KVDuU5VU9r8&feature=youtu.be\">\u00ab C\u2019est en moyenne 10 000 \u20ac d\u2019\u00e9conomies [\u2026] nous avons voulu cr\u00e9er une plateforme tr\u00e8s simple d&rsquo;utilisation pour trouver une assurance moins ch\u00e8re. \u00bb<\/a><\/em><\/em><\/em><\/p>\n<\/div>\n\n\n\n<div class=\"wp-block-column has-background is-layout-flow wp-block-column-is-layout-flow\" style=\"background-color:#f9f9f9\">\n<div class=\"wp-block-image\"><figure class=\"aligncenter size-large\"><a href=\"https:\/\/www.bfmtv.com\/economie\/entreprises\/assurance-banque\/les-mutuelles-ont-economise-pres-de-780-millions-d-euros-pendant-le-confinement_AV-202007060273.html\"><img loading=\"lazy\" decoding=\"async\" width=\"109\" height=\"45\" src=\"https:\/\/guide.reassurez-moi.fr\/guide\/wp-content\/uploads\/2020\/03\/bfm-logo.jpeg\" alt=\"bfm logo\" class=\"wp-image-112573\"\/><\/a><\/figure><\/div>\n\n\n\n<p class=\"has-text-align-center has-text-color has-medium-font-size\" style=\"color:#555555\"><meta charset=\"utf-8\"><\/p>\n\n\n\n<p class=\"has-text-align-center has-text-color has-medium-font-size\" style=\"color:#555555\"><em><a href=\"https:\/\/www.capital.fr\/immobilier\/assurance-emprunteur-comment-les-banques-cherchent-a-proteger-leur-rente-1251662\" target=\"_blank\" rel=\"noreferrer noopener\"><meta charset=\"utf-8\"><em>\u00ab<\/em><\/a><em><a href=\"https:\/\/bfmbusiness.bfmtv.com\/entreprise\/les-mutuelles-ont-economise-pres-de-780-millions-d-euros-pendant-le-confinement-1943660.html\"> Les mutuelles ont \u00e9conomis\u00e9 779 millions d&rsquo;euros durant la p\u00e9riode du confinement, selon le courtier R\u00e9assurez-Moi<\/a> \u00bb<\/em><\/em><\/p>\n<\/div>\n\n\n\n<div class=\"wp-block-column has-background is-layout-flow wp-block-column-is-layout-flow\" style=\"background-color:#f9f9f9\">\n<div class=\"wp-block-image\"><figure class=\"aligncenter size-large is-resized\"><a href=\"https:\/\/www.lesechos.fr\/2017\/02\/les-fintech-specialisees-pretes-a-profiter-de-laubaine-163210\"><img loading=\"lazy\" decoding=\"async\" src=\"https:\/\/guide.reassurez-moi.fr\/guide\/wp-content\/uploads\/2015\/03\/logo-les-echos.png\" alt=\"logo les echos\" class=\"wp-image-6266\" width=\"136\" height=\"43\"\/><\/a><\/figure><\/div>\n\n\n\n<p class=\"has-text-align-center has-text-color has-medium-font-size\" style=\"color:#555555\"><meta charset=\"utf-8\"><\/p>\n\n\n\n<p class=\"has-text-align-center has-text-color has-medium-font-size\" style=\"color:#555555\"><em><a aria-label=\"\u00ab Selon le courtier R\u00e9assurez-moi, faire jouer la concurrence et changer d'assurance rapportera en moyenne 6 310 euros aux Fran\u00e7ais sur la dur\u00e9e de leur pr\u00eat. \u00bb (opens in a new tab)\" rel=\"noreferrer noopener\" href=\"https:\/\/www.lefigaro.fr\/assurance\/2017\/10\/20\/05005-20171020ARTFIG00141-assurance-emprunteur-28-milliards-d-euros-d-economie-pour-les-francais-en-2018.php\" target=\"_blank\"><meta charset=\"utf-8\"><em><\/em><\/a><em><a aria-label=\"\u00ab Le courtier en ligne R\u00e9assurez-moi, vient de passer le cap du milliard d'euros de capitaux assur\u00e9s pour 5 000 contrats. \u00bb (opens in a new tab)\" rel=\"noreferrer noopener\" href=\"https:\/\/www.lesechos.fr\/2017\/02\/les-fintech-specialisees-pretes-a-profiter-de-laubaine-163210\" target=\"_blank\">\u00ab Le courtier en ligne R\u00e9assurez-Moi, vient de passer le cap du milliard d&rsquo;euros de capitaux assur\u00e9s pour 5 000 contrats. \u00bb<\/a><\/em><\/em><\/p>\n<\/div>\n<\/div>\n\n\n\n<div class=\"wp-block-columns is-layout-flex wp-container-core-columns-is-layout-9d6595d7 wp-block-columns-is-layout-flex\">\n<div class=\"wp-block-column has-background is-layout-flow wp-block-column-is-layout-flow\" style=\"background-color:#f9f9f9\">\n<div class=\"wp-block-image\"><figure class=\"aligncenter size-large is-resized\"><a href=\"https:\/\/www.tf1info.fr\/conso-argent\/les-complementaires-sante-ont-economise-780-millions-d-euros-pendant-le-confinement-vont-elles-faire-un-geste-de-solidarite-2158533.html\" target=\"_blank\" rel=\"noopener\"><img loading=\"lazy\" decoding=\"async\" src=\"https:\/\/guide.reassurez-moi.fr\/guide\/wp-content\/uploads\/2020\/07\/lci-500x194.jpg\" alt=\"logo lci\" class=\"wp-image-130063\" width=\"112\" height=\"43\" srcset=\"https:\/\/guide.reassurez-moi.fr\/guide\/wp-content\/uploads\/2020\/07\/lci-500x194.jpg 500w, https:\/\/guide.reassurez-moi.fr\/guide\/wp-content\/uploads\/2020\/07\/lci-300x116.jpg 300w, https:\/\/guide.reassurez-moi.fr\/guide\/wp-content\/uploads\/2020\/07\/lci-768x298.jpg 768w, https:\/\/guide.reassurez-moi.fr\/guide\/wp-content\/uploads\/2020\/07\/lci.jpg 800w\" sizes=\"auto, (max-width: 112px) 100vw, 112px\" \/><\/a><\/figure><\/div>\n\n\n\n<p><meta charset=\"utf-8\"><\/p>\n\n\n\n<p class=\"has-text-align-center has-text-color has-medium-font-size\" style=\"color:#555555\"><em>\u00ab<a href=\"https:\/\/www.tf1info.fr\/conso-argent\/les-complementaires-sante-ont-economise-780-millions-d-euros-pendant-le-confinement-vont-elles-faire-un-geste-de-solidarite-2158533.html\">  Les organismes de compl\u00e9mentaire sant\u00e9 ont \u00e9conomis\u00e9 779 millions d&rsquo;euros sur la p\u00e9riode du 17 mars au 11 mai, selon les estimations de R\u00e9assurez-Moi<\/a><a href=\"https:\/\/bfmbusiness.bfmtv.com\/entreprise\/les-mutuelles-ont-economise-pres-de-780-millions-d-euros-pendant-le-confinement-1943660.html\" target=\"_blank\" rel=\"noreferrer noopener\">.<\/a> \u00bb<\/em><\/p>\n<\/div>\n<\/div>\n\n\n\n<h2 class=\"wp-block-heading\" id=\"notre-philosophie\">Notre philosophie <\/h2>\n\n\n\n<p><strong>Nous avons souhait\u00e9 r\u00e9volutionner le monde de l&rsquo;assurance en proposant \u00e0 nos clients une plate-forme unique pour comparer<\/strong>, choisir et souscrire n&rsquo;importe quelle assurance. Gr\u00e2ce \u00e0 nos algorithmes, nous voulons offrir \u00e0 chacun de nos clients la meilleure exp\u00e9rience pour trouver le meilleur contrat selon son profil parmi plus de 1 200 contrats r\u00e9f\u00e9renc\u00e9s. Nous avons d\u00e9j\u00e0 aid\u00e9 plus de 5 millions d&rsquo;internautes. <\/p>\n\n\n\n<h2 class=\"wp-block-heading\" id=\"notre-methodologie\">Notre m\u00e9thodologie <\/h2>\n\n\n\n<p><strong>Notre \u00e9quipe DATA compile chaque semaine des centaines de milliers de donn\u00e9es diff\u00e9rentes<\/strong> provenants de notre site mais aussi de l&rsquo;ensemble de <a href=\"https:\/\/reassurez-moi.fr\/guide\/partenaires\">nos partenaires assureurs<\/a> soit un ensemble de plus de 11 millions d&rsquo;assur\u00e9s. Nous utilisons une m\u00e9thodologie unique de <em>deep learning<\/em> et travaillons dans le respect de la norme internationale ISO 20252 \u00ab \u00c9tudes de march\u00e9, \u00e9tudes sociales et d\u2019opinion \u00bb. <\/p>\n\n\n\n<p><\/p>\n\n\n\n<div class=\"wp-block-buttons is-content-justification-center is-layout-flex wp-container-core-buttons-is-layout-16018d1d wp-block-buttons-is-layout-flex\">\n<div class=\"wp-block-button is-style-rm-button-orange\"><a class=\"wp-block-button__link\" href=\"https:\/\/reassurez-moi.fr\/guide\/etudes\">Nos \u00e9tudes exclusives sur l&rsquo;assurance<\/a><\/div>\n<\/div>\n\n\n\n<div class=\"wp-block-buttons is-horizontal is-content-justification-center is-layout-flex wp-container-core-buttons-is-layout-499968f5 wp-block-buttons-is-layout-flex\">\n<div class=\"wp-block-button is-style-rm-button-blue\"><a class=\"wp-block-button__link\" href=\"mailto:media@reassurez-moi.fr\">Contacter notre \u00e9quipe m\u00e9dias<\/a><\/div>\n<\/div>\n","protected":false},"excerpt":{"rendered":"<p>Notre philosophie Nous avons souhait\u00e9 r\u00e9volutionner le monde de l&rsquo;assurance en proposant \u00e0 nos clients une plate-forme unique pour comparer, choisir et souscrire n&rsquo;importe quelle assurance. Gr\u00e2ce \u00e0 nos algorithmes, nous voulons offrir \u00e0 chacun de nos clients la meilleure exp\u00e9rience pour trouver le meilleur contrat selon son profil parmi plus de 1 200 contrats\u2026<\/p>\n","protected":false},"author":61,"featured_media":0,"parent":0,"menu_order":0,"comment_status":"open","ping_status":"closed","template":"pages\/page-no-sidebar.php","meta":{"_acf_changed":false,"footnotes":""},"categories":[],"page_topic":[],"class_list":["post-106518","page","type-page","status-publish","hentry"],"yoast_head":"<!-- This site is optimized with the Yoast SEO plugin v24.7 - https:\/\/yoast.com\/wordpress\/plugins\/seo\/ -->\n<title>La presse parle de R\u00e9assurez-moi !<\/title>\n<meta name=\"description\" content=\"RM est dans la presse. Envie d&#039;en savoir plus ? Retrouvez nos communiqu\u00e9s de presse, nos principaux chiffres et l&#039;histoire de notre startup.\" \/>\n<meta name=\"robots\" content=\"index, follow, max-snippet:-1, max-image-preview:large, max-video-preview:-1\" \/>\n<link rel=\"canonical\" href=\"https:\/\/guide.reassurez-moi.fr\/guide\/communication\" \/>\n<meta property=\"og:locale\" content=\"fr_FR\" \/>\n<meta property=\"og:type\" content=\"article\" \/>\n<meta property=\"og:title\" content=\"La presse parle de R\u00e9assurez-moi !\" \/>\n<meta property=\"og:description\" content=\"RM est dans la presse. Envie d&#039;en savoir plus ? Retrouvez nos communiqu\u00e9s de presse, nos principaux chiffres et l&#039;histoire de notre startup.\" \/>\n<meta property=\"og:url\" content=\"https:\/\/guide.reassurez-moi.fr\/guide\/communication\" \/>\n<meta property=\"og:site_name\" content=\"R\u00e9assurez-moi\" \/>\n<meta property=\"article:publisher\" content=\"https:\/\/www.facebook.com\/R%c3%a9assurez-moi-209456495889479\/\" \/>\n<meta property=\"article:modified_time\" content=\"2025-03-06T10:16:37+00:00\" \/>\n<meta property=\"og:image\" content=\"https:\/\/guide.reassurez-moi.fr\/guide\/wp-content\/uploads\/2020\/06\/logo-le-monde.jpg\" \/>\n<meta name=\"twitter:card\" content=\"summary_large_image\" \/>\n<meta name=\"twitter:site\" content=\"@reassurezmoi\" \/>\n<meta name=\"twitter:label1\" content=\"Dur\u00e9e de lecture estim\u00e9e\" \/>\n\t<meta name=\"twitter:data1\" content=\"3 minutes\" \/>\n<script type=\"application\/ld+json\" class=\"yoast-schema-graph\">{\"@context\":\"https:\/\/schema.org\",\"@graph\":[{\"@type\":\"WebPage\",\"@id\":\"https:\/\/guide.reassurez-moi.fr\/guide\/communication\",\"url\":\"https:\/\/guide.reassurez-moi.fr\/guide\/communication\",\"name\":\"La presse parle de R\u00e9assurez-moi !\",\"isPartOf\":{\"@id\":\"https:\/\/guide.reassurez-moi.fr\/guide\/#website\"},\"primaryImageOfPage\":{\"@id\":\"https:\/\/guide.reassurez-moi.fr\/guide\/communication#primaryimage\"},\"image\":{\"@id\":\"https:\/\/guide.reassurez-moi.fr\/guide\/communication#primaryimage\"},\"thumbnailUrl\":\"https:\/\/guide.reassurez-moi.fr\/guide\/wp-content\/uploads\/2020\/06\/logo-le-monde.jpg\",\"datePublished\":\"2020-02-12T12:12:09+00:00\",\"dateModified\":\"2025-03-06T10:16:37+00:00\",\"description\":\"RM est dans la presse. Envie d'en savoir plus ? Retrouvez nos communiqu\u00e9s de presse, nos principaux chiffres et l'histoire de notre startup.\",\"breadcrumb\":{\"@id\":\"https:\/\/guide.reassurez-moi.fr\/guide\/communication#breadcrumb\"},\"inLanguage\":\"fr-FR\",\"potentialAction\":[{\"@type\":\"ReadAction\",\"target\":[\"https:\/\/guide.reassurez-moi.fr\/guide\/communication\"]}]},{\"@type\":\"ImageObject\",\"inLanguage\":\"fr-FR\",\"@id\":\"https:\/\/guide.reassurez-moi.fr\/guide\/communication#primaryimage\",\"url\":\"https:\/\/guide.reassurez-moi.fr\/guide\/wp-content\/uploads\/2020\/06\/logo-le-monde.jpg\",\"contentUrl\":\"https:\/\/guide.reassurez-moi.fr\/guide\/wp-content\/uploads\/2020\/06\/logo-le-monde.jpg\"},{\"@type\":\"BreadcrumbList\",\"@id\":\"https:\/\/guide.reassurez-moi.fr\/guide\/communication#breadcrumb\",\"itemListElement\":[{\"@type\":\"ListItem\",\"position\":1,\"name\":\"Assurances\",\"item\":\"https:\/\/guide.reassurez-moi.fr\/guide\/\"},{\"@type\":\"ListItem\",\"position\":2,\"name\":\"Communication\"}]},{\"@type\":\"WebSite\",\"@id\":\"https:\/\/guide.reassurez-moi.fr\/guide\/#website\",\"url\":\"https:\/\/guide.reassurez-moi.fr\/guide\/\",\"name\":\"R\u00e9assurez-moi\",\"description\":\"Comparateur d&#039;assurances\",\"potentialAction\":[{\"@type\":\"SearchAction\",\"target\":{\"@type\":\"EntryPoint\",\"urlTemplate\":\"https:\/\/guide.reassurez-moi.fr\/guide\/?s={search_term_string}\"},\"query-input\":{\"@type\":\"PropertyValueSpecification\",\"valueRequired\":true,\"valueName\":\"search_term_string\"}}],\"inLanguage\":\"fr-FR\"}]}<\/script>\n<!-- \/ Yoast SEO plugin. -->","yoast_head_json":{"title":"La presse parle de R\u00e9assurez-moi !","description":"RM est dans la presse. Envie d'en savoir plus ? Retrouvez nos communiqu\u00e9s de presse, nos principaux chiffres et l'histoire de notre startup.","robots":{"index":"index","follow":"follow","max-snippet":"max-snippet:-1","max-image-preview":"max-image-preview:large","max-video-preview":"max-video-preview:-1"},"canonical":"https:\/\/guide.reassurez-moi.fr\/guide\/communication","og_locale":"fr_FR","og_type":"article","og_title":"La presse parle de R\u00e9assurez-moi !","og_description":"RM est dans la presse. Envie d'en savoir plus ? Retrouvez nos communiqu\u00e9s de presse, nos principaux chiffres et l'histoire de notre startup.","og_url":"https:\/\/guide.reassurez-moi.fr\/guide\/communication","og_site_name":"R\u00e9assurez-moi","article_publisher":"https:\/\/www.facebook.com\/R%c3%a9assurez-moi-209456495889479\/","article_modified_time":"2025-03-06T10:16:37+00:00","og_image":[{"url":"https:\/\/guide.reassurez-moi.fr\/guide\/wp-content\/uploads\/2020\/06\/logo-le-monde.jpg","type":"","width":"","height":""}],"twitter_card":"summary_large_image","twitter_site":"@reassurezmoi","twitter_misc":{"Dur\u00e9e de lecture estim\u00e9e":"3 minutes"},"schema":{"@context":"https:\/\/schema.org","@graph":[{"@type":"WebPage","@id":"https:\/\/guide.reassurez-moi.fr\/guide\/communication","url":"https:\/\/guide.reassurez-moi.fr\/guide\/communication","name":"La presse parle de R\u00e9assurez-moi !","isPartOf":{"@id":"https:\/\/guide.reassurez-moi.fr\/guide\/#website"},"primaryImageOfPage":{"@id":"https:\/\/guide.reassurez-moi.fr\/guide\/communication#primaryimage"},"image":{"@id":"https:\/\/guide.reassurez-moi.fr\/guide\/communication#primaryimage"},"thumbnailUrl":"https:\/\/guide.reassurez-moi.fr\/guide\/wp-content\/uploads\/2020\/06\/logo-le-monde.jpg","datePublished":"2020-02-12T12:12:09+00:00","dateModified":"2025-03-06T10:16:37+00:00","description":"RM est dans la presse. Envie d'en savoir plus ? Retrouvez nos communiqu\u00e9s de presse, nos principaux chiffres et l'histoire de notre startup.","breadcrumb":{"@id":"https:\/\/guide.reassurez-moi.fr\/guide\/communication#breadcrumb"},"inLanguage":"fr-FR","potentialAction":[{"@type":"ReadAction","target":["https:\/\/guide.reassurez-moi.fr\/guide\/communication"]}]},{"@type":"ImageObject","inLanguage":"fr-FR","@id":"https:\/\/guide.reassurez-moi.fr\/guide\/communication#primaryimage","url":"https:\/\/guide.reassurez-moi.fr\/guide\/wp-content\/uploads\/2020\/06\/logo-le-monde.jpg","contentUrl":"https:\/\/guide.reassurez-moi.fr\/guide\/wp-content\/uploads\/2020\/06\/logo-le-monde.jpg"},{"@type":"BreadcrumbList","@id":"https:\/\/guide.reassurez-moi.fr\/guide\/communication#breadcrumb","itemListElement":[{"@type":"ListItem","position":1,"name":"Assurances","item":"https:\/\/guide.reassurez-moi.fr\/guide\/"},{"@type":"ListItem","position":2,"name":"Communication"}]},{"@type":"WebSite","@id":"https:\/\/guide.reassurez-moi.fr\/guide\/#website","url":"https:\/\/guide.reassurez-moi.fr\/guide\/","name":"R\u00e9assurez-moi","description":"Comparateur d&#039;assurances","potentialAction":[{"@type":"SearchAction","target":{"@type":"EntryPoint","urlTemplate":"https:\/\/guide.reassurez-moi.fr\/guide\/?s={search_term_string}"},"query-input":{"@type":"PropertyValueSpecification","valueRequired":true,"valueName":"search_term_string"}}],"inLanguage":"fr-FR"}]}},"acf":[],"_links":{"self":[{"href":"https:\/\/guide.reassurez-moi.fr\/guide\/wp-json\/wp\/v2\/pages\/106518","targetHints":{"allow":["GET"]}}],"collection":[{"href":"https:\/\/guide.reassurez-moi.fr\/guide\/wp-json\/wp\/v2\/pages"}],"about":[{"href":"https:\/\/guide.reassurez-moi.fr\/guide\/wp-json\/wp\/v2\/types\/page"}],"author":[{"embeddable":true,"href":"https:\/\/guide.reassurez-moi.fr\/guide\/wp-json\/wp\/v2\/users\/61"}],"replies":[{"embeddable":true,"href":"https:\/\/guide.reassurez-moi.fr\/guide\/wp-json\/wp\/v2\/comments?post=106518"}],"version-history":[{"count":8,"href":"https:\/\/guide.reassurez-moi.fr\/guide\/wp-json\/wp\/v2\/pages\/106518\/revisions"}],"predecessor-version":[{"id":206393,"href":"https:\/\/guide.reassurez-moi.fr\/guide\/wp-json\/wp\/v2\/pages\/106518\/revisions\/206393"}],"wp:attachment":[{"href":"https:\/\/guide.reassurez-moi.fr\/guide\/wp-json\/wp\/v2\/media?parent=106518"}],"wp:term":[{"taxonomy":"category","embeddable":true,"href":"https:\/\/guide.reassurez-moi.fr\/guide\/wp-json\/wp\/v2\/categories?post=106518"},{"taxonomy":"page_topic","embeddable":true,"href":"https:\/\/guide.reassurez-moi.fr\/guide\/wp-json\/wp\/v2\/page_topic?post=106518"}],"curies":[{"name":"wp","href":"https:\/\/api.w.org\/{rel}","templated":true}]}}