{"id":148300,"date":"2023-11-22T10:14:25","date_gmt":"2023-11-22T09:14:25","guid":{"rendered":"https:\/\/reassurez-moi.fr\/guide\/pret-immobilier\/bnp-paribas"},"modified":"2023-11-22T10:14:25","modified_gmt":"2023-11-22T09:14:25","slug":"bnp-paribas","status":"publish","type":"page","link":"https:\/\/guide.reassurez-moi.fr\/guide\/pret-immobilier\/bnp-paribas","title":{"rendered":"Pr\u00eat immobilier BNP Paribas"},"content":{"rendered":"\n<h1 class=\"wp-block-heading\" id=\"le-pret-immobilier-nom-acteur\">Le pr\u00eat immobilier BNP Paribas<\/h1>\n\n\n\n<p><strong>Vous \u00eates sur le point de faire l\u2019acquisition d\u2019un bien immobilier et vous \u00eates \u00e0 la recherche d\u2019un cr\u00e9dit immobilier&nbsp;? Retrouvez tous les d\u00e9tails du pr\u00eat immobilier propos\u00e9 par BNP Paribas, le taux, les conditions de remboursement et les documents \u00e0 r\u00e9unir. Retrouvez l&rsquo;avis de nos experts sur l&rsquo;offre de pr\u00eat de BNP Paribas.<\/strong><\/p>\n\n\n\n<h2 class=\"wp-block-heading\" id=\"comment-faire-une-simulation-de-pret-immobilier-nom-acteur\">Quelles sont les caract\u00e9ristiques du pr\u00eat immobilier BNP Paribas ? <\/h2>\n\n\n\n<p><strong>Voici les caract\u00e9ristiques du pr\u00eat immobilier BNP Paribas <\/strong> :<\/p>\n\n\n\n<figure class=\"wp-block-table is-style-header-double\"><table><thead><tr><th class=\"has-text-align-center\" data-align=\"center\"><strong>Dur\u00e9e du pr\u00eat<\/strong><\/th><th class=\"has-text-align-center\" data-align=\"center\"><strong>Cr\u00e9dit immobilier BNP Paribas<\/strong><\/th><\/tr><\/thead><tbody><tr><td class=\"has-text-align-center\" data-align=\"center\">Taux actuel<\/td><td class=\"has-text-align-center\" data-align=\"center\">Entre 3 % et 5 %<\/td><\/tr><tr><td class=\"has-text-align-center\" data-align=\"center\">Frais de dossier<\/td><td class=\"has-text-align-center\" data-align=\"center\">400 \u20ac minimum et 1 000\u20ac maximum (-50 % sur les frais de dossier pour les demandes faites en ligne)<\/td><\/tr><tr><td class=\"has-text-align-center\" data-align=\"center\">Dur\u00e9e du pr\u00eat<\/td><td class=\"has-text-align-center\" data-align=\"center\">15 ans max<\/td><\/tr><tr><td class=\"has-text-align-center\" data-align=\"center\">Report d&rsquo;\u00e9ch\u00e9ance<\/td><td class=\"has-text-align-center\" data-align=\"center\"><i\n    class=\"safe-shortcode-icon\n                    yes\n            \"\n                                    title=oui\n            >\n<\/i><\/td><\/tr><tr><td class=\"has-text-align-center\" data-align=\"center\">Modalit\u00e9s de remboursement<\/td><td class=\"has-text-align-center\" data-align=\"center\">Sauf si vous avez opt\u00e9 pour un diff\u00e9r\u00e9 d\u2019amortissement, vous devre rembourser votre emprunt par \u00e9ch\u00e9ances fixes, d\u00e9bit\u00e9es directement sur votre compte BNP Paribas. Ces \u00e9ch\u00e9ances sont choisies \u00e0 la signature de votre contrat de pr\u00eat. Un \u00e9ch\u00e9ancier pr\u00e9visionnel est joint \u00e0 votre offre de cr\u00e9dit.<\/td><\/tr><\/tbody><\/table><figcaption>Taux pour un pr\u00eat immobilier BNP Paribas<\/figcaption><\/figure>\n\n\n\n<p><strong>Si vous souhaitez conna\u00eetre le montant plus pr\u00e9cis de vos mensualit\u00e9s ou votre&nbsp;<a href=\"https:\/\/reassurez-moi.fr\/guide\/pret-immobilier\/capacite-emprunt\">capacit\u00e9 d\u2019emprunt<\/a>,<\/strong> vous pouvez utiliser notre outil. Cela vous permettra de vous faire une id\u00e9e assez pr\u00e9cise du co\u00fbt total de votre pr\u00eat immobilier chez BNP Paribas et des modalit\u00e9s d'emprunt. <\/p>\n\n\n\n<div class=\"flex  wp-block-rm-advertizing-block advertising-block-sidebar-item fix-in-sidebar\"><div class=\"image-container flex justify-center align-items-center py-3\"><img decoding=\"async\" src=\"https:\/\/guide.reassurez-moi.fr\/guide\/wp-content\/uploads\/2025\/06\/team_opti_short.png\" alt=\"reassurez-moi illustration\" class=\"wp-block-rm-advertizing-image\" loading=\"lazy\"\/><\/div><div class=\"\n                    rm-advertblock-container\n                    flex flex-column justify-center\n                    align-items-start\n                \"><p class=\"wp-block-rm-advertizing-text\n                              \n                            \">Le meilleur taux pour votre cr\u00e9dit immobilier en 2026<\/p><a href=\"https:\/\/reassurez-moi.fr\/taux-pret-immobilier\" class=\"wp-block-rm-advertizing-button\"><span class=\"wp-block-rm-advertizing-button-text\">Meilleurs taux immobilier<\/span><\/a><\/div><\/div>\n\n\n\n\n<div style=\"height:20px\" aria-hidden=\"true\" class=\"wp-block-spacer\"><\/div>\n\n\n\n<h2 class=\"wp-block-heading\" id=\"quel-est-notre-avis-sur-le-pret-immobilier-nom-acteur\">Quel est notre avis sur le pr\u00eat immobilier BNP Paribas ? <\/h2>\n\n\n\n<p>Si vous souhaitez souscrire un pr\u00eat immobilier avec la BNP Paribas, sachez qu\u2019il s\u2019agit d\u2019une banque qui vous proposera les taux parmi les meilleurs du march\u00e9. De plus, elle dispose d\u2019une tr\u00e8s grande gamme de produits destin\u00e9s \u00e0 financer les projets immobiliers.<br><br>En revanche, prenez garde, il semblerait que certains conseillers poussent le client \u00e0 souscrire l\u2019assurance pr\u00eat immobilier qui va de pair avec le pr\u00eat immobilier. Or, ceci n\u2019est pas du tout une obligation pour l\u2019emprunteur qui peut bien \u00e9videmment opter pour la d\u00e9l\u00e9gation d\u2019assurance pr\u00eat immobilier.<\/p>\n\n\n\n<h2 class=\"wp-block-heading\" id=\"comment-contacter-nom-acteur-pour-un-pret-immobilier\">Comment contacter BNP Paribas pour un pr\u00eat immobilier ? <\/h2>\n\n\n\n<p><strong>Si vous souhaitez entrer en contact avec BNP Paribas&nbsp;pour votre pr\u00eat immobilier,<\/strong> vous pouvez demander \u00e0 \u00eatre contact\u00e9 par un conseiller pr\u00eat immobilier de BNP Paribas directement sur le site en remplissant un formulaire, ou encore par t\u00e9l\u00e9phone au 0 820 820 001. <br><br><strong>Enfin, vous pouvez adresser votre demande par courrier \u00e0 : <\/strong><\/p>\n\n\n\n<p class=\"has-text-align-center\">BNP Paribas &#8211; Pr\u00eat immobilier<br>16, bd des Italiens <br>75009 Paris<\/p>\n","protected":false},"excerpt":{"rendered":"<p>Le pr\u00eat immobilier BNP Paribas Vous \u00eates sur le point de faire l\u2019acquisition d\u2019un bien immobilier et vous \u00eates \u00e0 la recherche d\u2019un cr\u00e9dit immobilier&nbsp;? Retrouvez tous les d\u00e9tails du pr\u00eat immobilier propos\u00e9 par BNP Paribas, le taux, les conditions de remboursement et les documents \u00e0 r\u00e9unir. Retrouvez l&rsquo;avis de nos experts sur l&rsquo;offre de [&hellip;]<\/p>\n","protected":false},"author":61,"featured_media":0,"parent":17687,"menu_order":0,"comment_status":"open","ping_status":"closed","template":"","meta":{"_acf_changed":false,"footnotes":""},"categories":[],"page_topic":[751],"class_list":["post-148300","page","type-page","status-publish","hentry"],"yoast_head":"<!-- This site is optimized with the Yoast SEO plugin v24.7 - https:\/\/yoast.com\/wordpress\/plugins\/seo\/ -->\n<title>Notre avis sur le pr\u00eat immobilier BNP Paribas | Taux et conditions<\/title>\n<meta name=\"description\" content=\"Le cr\u00e9dit immobilier de BNP Paribas en d\u00e9tails : taux pratiqu\u00e9s, conditions de pr\u00eat et frais. Nos meilleurs conseils pour votre projet.\" \/>\n<meta name=\"robots\" content=\"index, follow, max-snippet:-1, max-image-preview:large, max-video-preview:-1\" \/>\n<link rel=\"canonical\" href=\"https:\/\/guide.reassurez-moi.fr\/guide\/pret-immobilier\/bnp-paribas\" \/>\n<meta property=\"og:locale\" content=\"fr_FR\" \/>\n<meta property=\"og:type\" content=\"article\" \/>\n<meta property=\"og:title\" content=\"Notre avis sur le pr\u00eat immobilier BNP Paribas | Taux et conditions\" \/>\n<meta property=\"og:description\" content=\"Le cr\u00e9dit immobilier de BNP Paribas en d\u00e9tails : taux pratiqu\u00e9s, conditions de pr\u00eat et frais. Nos meilleurs conseils pour votre projet.\" \/>\n<meta property=\"og:url\" content=\"https:\/\/guide.reassurez-moi.fr\/guide\/pret-immobilier\/bnp-paribas\" \/>\n<meta property=\"og:site_name\" content=\"R\u00e9assurez-moi\" \/>\n<meta property=\"article:publisher\" content=\"https:\/\/www.facebook.com\/R%c3%a9assurez-moi-209456495889479\/\" \/>\n<meta property=\"og:image\" content=\"https:\/\/guide.reassurez-moi.fr\/guide\/wp-content\/uploads\/2018\/04\/image-de-partage.png\" \/>\n\t<meta property=\"og:image:width\" content=\"500\" \/>\n\t<meta property=\"og:image:height\" content=\"160\" \/>\n\t<meta property=\"og:image:type\" content=\"image\/png\" \/>\n<meta name=\"twitter:card\" content=\"summary_large_image\" \/>\n<meta name=\"twitter:site\" content=\"@reassurezmoi\" \/>\n<script type=\"application\/ld+json\" class=\"yoast-schema-graph\">{\"@context\":\"https:\/\/schema.org\",\"@graph\":[{\"@type\":\"WebPage\",\"@id\":\"https:\/\/guide.reassurez-moi.fr\/guide\/pret-immobilier\/bnp-paribas\",\"url\":\"https:\/\/guide.reassurez-moi.fr\/guide\/pret-immobilier\/bnp-paribas\",\"name\":\"Pr\u00eat immobilier BNP Paribas | R\u00e9assurez-moi\",\"isPartOf\":{\"@id\":\"https:\/\/guide.reassurez-moi.fr\/guide\/#website\"},\"datePublished\":\"2023-11-22T09:14:25+00:00\",\"breadcrumb\":{\"@id\":\"https:\/\/guide.reassurez-moi.fr\/guide\/pret-immobilier\/bnp-paribas#breadcrumb\"},\"inLanguage\":\"fr-FR\",\"potentialAction\":[{\"@type\":\"ReadAction\",\"target\":[\"https:\/\/guide.reassurez-moi.fr\/guide\/pret-immobilier\/bnp-paribas\"]}]},{\"@type\":\"BreadcrumbList\",\"@id\":\"https:\/\/guide.reassurez-moi.fr\/guide\/pret-immobilier\/bnp-paribas#breadcrumb\",\"itemListElement\":[{\"@type\":\"ListItem\",\"position\":1,\"name\":\"Assurances\",\"item\":\"https:\/\/guide.reassurez-moi.fr\/guide\/\"},{\"@type\":\"ListItem\",\"position\":2,\"name\":\"Pr\u00eat immobilier\",\"item\":\"https:\/\/guide.reassurez-moi.fr\/guide\/pret-immobilier\"},{\"@type\":\"ListItem\",\"position\":3,\"name\":\"Pr\u00eat immobilier BNP Paribas\"}]},{\"@type\":\"WebSite\",\"@id\":\"https:\/\/guide.reassurez-moi.fr\/guide\/#website\",\"url\":\"https:\/\/guide.reassurez-moi.fr\/guide\/\",\"name\":\"R\u00e9assurez-moi\",\"description\":\"Comparateur d&#039;assurances\",\"potentialAction\":[{\"@type\":\"SearchAction\",\"target\":{\"@type\":\"EntryPoint\",\"urlTemplate\":\"https:\/\/guide.reassurez-moi.fr\/guide\/?s={search_term_string}\"},\"query-input\":{\"@type\":\"PropertyValueSpecification\",\"valueRequired\":true,\"valueName\":\"search_term_string\"}}],\"inLanguage\":\"fr-FR\"}]}<\/script>\n<!-- \/ Yoast SEO plugin. -->","yoast_head_json":{"title":"Notre avis sur le pr\u00eat immobilier BNP Paribas | Taux et conditions","description":"Le cr\u00e9dit immobilier de BNP Paribas en d\u00e9tails : taux pratiqu\u00e9s, conditions de pr\u00eat et frais. Nos meilleurs conseils pour votre projet.","robots":{"index":"index","follow":"follow","max-snippet":"max-snippet:-1","max-image-preview":"max-image-preview:large","max-video-preview":"max-video-preview:-1"},"canonical":"https:\/\/guide.reassurez-moi.fr\/guide\/pret-immobilier\/bnp-paribas","og_locale":"fr_FR","og_type":"article","og_title":"Notre avis sur le pr\u00eat immobilier BNP Paribas | Taux et conditions","og_description":"Le cr\u00e9dit immobilier de BNP Paribas en d\u00e9tails : taux pratiqu\u00e9s, conditions de pr\u00eat et frais. Nos meilleurs conseils pour votre projet.","og_url":"https:\/\/guide.reassurez-moi.fr\/guide\/pret-immobilier\/bnp-paribas","og_site_name":"R\u00e9assurez-moi","article_publisher":"https:\/\/www.facebook.com\/R%c3%a9assurez-moi-209456495889479\/","og_image":[{"width":500,"height":160,"url":"https:\/\/guide.reassurez-moi.fr\/guide\/wp-content\/uploads\/2018\/04\/image-de-partage.png","type":"image\/png"}],"twitter_card":"summary_large_image","twitter_site":"@reassurezmoi","schema":{"@context":"https:\/\/schema.org","@graph":[{"@type":"WebPage","@id":"https:\/\/guide.reassurez-moi.fr\/guide\/pret-immobilier\/bnp-paribas","url":"https:\/\/guide.reassurez-moi.fr\/guide\/pret-immobilier\/bnp-paribas","name":"Pr\u00eat immobilier BNP Paribas | R\u00e9assurez-moi","isPartOf":{"@id":"https:\/\/guide.reassurez-moi.fr\/guide\/#website"},"datePublished":"2023-11-22T09:14:25+00:00","breadcrumb":{"@id":"https:\/\/guide.reassurez-moi.fr\/guide\/pret-immobilier\/bnp-paribas#breadcrumb"},"inLanguage":"fr-FR","potentialAction":[{"@type":"ReadAction","target":["https:\/\/guide.reassurez-moi.fr\/guide\/pret-immobilier\/bnp-paribas"]}]},{"@type":"BreadcrumbList","@id":"https:\/\/guide.reassurez-moi.fr\/guide\/pret-immobilier\/bnp-paribas#breadcrumb","itemListElement":[{"@type":"ListItem","position":1,"name":"Assurances","item":"https:\/\/guide.reassurez-moi.fr\/guide\/"},{"@type":"ListItem","position":2,"name":"Pr\u00eat immobilier","item":"https:\/\/guide.reassurez-moi.fr\/guide\/pret-immobilier"},{"@type":"ListItem","position":3,"name":"Pr\u00eat immobilier BNP Paribas"}]},{"@type":"WebSite","@id":"https:\/\/guide.reassurez-moi.fr\/guide\/#website","url":"https:\/\/guide.reassurez-moi.fr\/guide\/","name":"R\u00e9assurez-moi","description":"Comparateur d&#039;assurances","potentialAction":[{"@type":"SearchAction","target":{"@type":"EntryPoint","urlTemplate":"https:\/\/guide.reassurez-moi.fr\/guide\/?s={search_term_string}"},"query-input":{"@type":"PropertyValueSpecification","valueRequired":true,"valueName":"search_term_string"}}],"inLanguage":"fr-FR"}]}},"acf":[],"_links":{"self":[{"href":"https:\/\/guide.reassurez-moi.fr\/guide\/wp-json\/wp\/v2\/pages\/148300","targetHints":{"allow":["GET"]}}],"collection":[{"href":"https:\/\/guide.reassurez-moi.fr\/guide\/wp-json\/wp\/v2\/pages"}],"about":[{"href":"https:\/\/guide.reassurez-moi.fr\/guide\/wp-json\/wp\/v2\/types\/page"}],"author":[{"embeddable":true,"href":"https:\/\/guide.reassurez-moi.fr\/guide\/wp-json\/wp\/v2\/users\/61"}],"replies":[{"embeddable":true,"href":"https:\/\/guide.reassurez-moi.fr\/guide\/wp-json\/wp\/v2\/comments?post=148300"}],"version-history":[{"count":0,"href":"https:\/\/guide.reassurez-moi.fr\/guide\/wp-json\/wp\/v2\/pages\/148300\/revisions"}],"up":[{"embeddable":true,"href":"https:\/\/guide.reassurez-moi.fr\/guide\/wp-json\/wp\/v2\/pages\/17687"}],"wp:attachment":[{"href":"https:\/\/guide.reassurez-moi.fr\/guide\/wp-json\/wp\/v2\/media?parent=148300"}],"wp:term":[{"taxonomy":"category","embeddable":true,"href":"https:\/\/guide.reassurez-moi.fr\/guide\/wp-json\/wp\/v2\/categories?post=148300"},{"taxonomy":"page_topic","embeddable":true,"href":"https:\/\/guide.reassurez-moi.fr\/guide\/wp-json\/wp\/v2\/page_topic?post=148300"}],"curies":[{"name":"wp","href":"https:\/\/api.w.org\/{rel}","templated":true}]}}