{"id":159325,"date":"2022-06-27T12:07:37","date_gmt":"2022-06-27T10:07:37","guid":{"rendered":"https:\/\/reassurez-moi.fr\/guide\/mutuelle-sante\/vivinter"},"modified":"2022-06-27T12:07:37","modified_gmt":"2022-06-27T10:07:37","slug":"vivinter","status":"publish","type":"page","link":"https:\/\/guide.reassurez-moi.fr\/guide\/mutuelle-sante\/vivinter","title":{"rendered":"Tout savoir sur la mutuelle sant\u00e9 Vivinter"},"content":{"rendered":"\n<h1 class=\"wp-block-heading\" id=\"mutuelle-sante-nom-acteur\">Mutuelle sant\u00e9 Vivinter : tarif, remboursement et avis d&rsquo;expert<\/h1>\n\n\n\npresentation_acteur|raw\n\n\n\n<p>Vous souhaitez des informations sur la mutuelle&nbsp;Vivinter ? D\u00e9couvrez notre analyse compl\u00e8te : formules, remboursements, tarifs et notre avis d&rsquo;expert ind\u00e9pendant.<\/p>\n\n\n\n<h2 class=\"wp-block-heading\" id=\"quels-sont-les-remboursements-proposes-par-la-mutuelle-nom-acteur\">Quels sont les remboursements propos\u00e9s par la mutuelle <strong>Vivinter<\/strong> ?<\/h2>\n\n\n\n<figure class=\"wp-block-table is-style-header-double\"><table><thead><tr><th><\/th><th class=\"has-text-align-center\" data-align=\"center\">Viv&#039;Sant\u00e9 Jeune Option 1<\/th><th class=\"has-text-align-center\" data-align=\"center\">Viv&#039;Sant\u00e9 Jeune Option 3<\/th><\/tr><\/thead><tbody><tr><td>Chambre individuelle<\/td><td class=\"has-text-align-center\" data-align=\"center\">30 \u20ac\/jour<\/td><td class=\"has-text-align-center\" data-align=\"center\"><meta charset=\"utf-8\">60 \u20ac\/jour<\/td><\/tr><tr><td><a href=\"https:\/\/reassurez-moi.fr\/guide\/mutuelle-sante\/mutuelle-dentaire\" data-type=\"page\" data-id=\"156832\">Soins dentaires<\/a>, Inlays-Onlays<\/td><td class=\"has-text-align-center\" data-align=\"center\">100 \u20ac BR<\/td><td class=\"has-text-align-center\" data-align=\"center\"><meta charset=\"utf-8\">300 % BR<\/td><\/tr><tr><td>Lunettes<\/td><td class=\"has-text-align-center\" data-align=\"center\">Monture + verres simples : 175 \u20ac<\/td><td class=\"has-text-align-center\" data-align=\"center\"><meta charset=\"utf-8\">Monture + verres simples : 285 \u20ac<\/td><\/tr><tr><td>Lentilles<\/td><td class=\"has-text-align-center\" data-align=\"center\">30\u20ac<\/td><td class=\"has-text-align-center\" data-align=\"center\">150\u20ac<\/td><\/tr><tr><td>Auditif<\/td><td class=\"has-text-align-center\" data-align=\"center\">100\u20ac<\/td><td class=\"has-text-align-center\" data-align=\"center\"><meta charset=\"utf-8\">200\u20ac<\/td><\/tr><\/tbody><\/table><\/figure>\n\n\n<div style=\"height:30px\" aria-hidden=\"true\" class=\"wp-block-spacer\"><\/div>\n<!-- \/wp:spacer -->\n\n<!-- wp:paragraph -->\n<p><strong>Les conditions g\u00e9n\u00e9rales de la mutuelle Vivinter vous sont fournies lorsque vous souscrivez votre contrat d&rsquo;adh\u00e9sion. <\/strong>Vous pouvez aussi \u00e0 tout moment les demander \u00e0 votre service relations&nbsp;Vivinter, qui vous les enverra par voie postale ou \u00e9lectronique. Enfin, vous pouvez les r\u00e9cup\u00e9rer dans votre espace client en ligne.<\/p>\n<!-- \/wp:paragraph -->\n\n<!-- wp:spacer {\"height\":\"30px\"} -->\n<div style=\"height:30px\" aria-hidden=\"true\" class=\"wp-block-spacer\"><\/div>\n<!-- \/wp:spacer -->\n\n<!-- wp:paragraph {\"align\":\"center\"} -->\n<p class=\"has-text-align-center\"><a href=\"https:\/\/guide.reassurez-moi.fr\/guide\/wp-content\/uploads\/2021\/08\/mutuelle_vivinter_cg.pdf\" target=\"_blank\" rel=\"noreferrer noopener\">T\u00e9l\u00e9charger les conditions g\u00e9n\u00e9rales de la compl\u00e9mentaire sant\u00e9 Vivinter :<\/a><\/p>\n<!-- \/wp:paragraph -->\n\n<!-- wp:image {\"id\":131404,\"width\":120,\"height\":120,\"sizeSlug\":\"full\",\"linkDestination\":\"custom\",\"align\":\"center\"} -->\n<figure class=\"wp-block-image aligncenter size-full is-resized\"><a href=\"https:\/\/guide.reassurez-moi.fr\/guide\/wp-content\/uploads\/2021\/08\/mutuelle_vivinter_cg.pdf\" target=\"_blank\" rel=\"noopener\"><img decoding=\"async\" src=\"https:\/\/guide.reassurez-moi.fr\/guide\/wp-content\/uploads\/2020\/07\/conditions-generales.jpg\" alt=\"conditions generales\" class=\"wp-image-131404\" style=\"width:120px;height:120px\"\/><\/a><\/figure>\n<!-- \/wp:image -->\n<!-- wp:heading -->\n<h2 class=\"wp-block-heading\" id=\"quel-est-le-tarif-de-la-mutuelle-sante-nom-acteur\"><strong>Quel est le tarif de la mutuelle sant\u00e9 Vivinter\u200b<\/strong> ?<\/h2>\n<!-- \/wp:heading -->\n\n<!-- wp:paragraph -->\n<p>Le <a href=\"https:\/\/reassurez-moi.fr\/guide\/mutuelle-sante\/tarif\">co\u00fbt d&rsquo;une mutuelle sant\u00e9<\/a> est tr\u00e8s variable car il est calcul\u00e9 selon plusieurs crit\u00e8res<strong> <\/strong>tels que le niveau de garanties, votre profil ou encore la composition de votre famille.<\/p>\n<!-- \/wp:paragraph -->\n\n\n<p>Malheureusement, les tarifs de la mutuelle sant\u00e9 Vivinter pour ses diff\u00e9rentes formules ne sont pas affich\u00e9s sur son site internet. Pour les obtenir, il vous faudra prendre contact avec les conseillers Vivinter et en faire la demande sp\u00e9cifique.<\/p>\n<!-- \/wp:paragraph -->\n<!-- wp:heading -->\n<h2 class=\"wp-block-heading\" id=\"quelles-sont-les-garanties-d-assistance-de-la-mutuelle-sante-nom-acteur\">Quelles sont les garanties d&rsquo;assistance de la mutuelle sant\u00e9 Vivinter ?<\/h2>\n<!-- \/wp:heading -->\n\n<figure class=\"wp-block-table is-style-header-double\"><table><thead><tr><th><\/th><th class=\"has-text-align-center\" data-align=\"center\">Viv&#039;Sant\u00e9 Jeune Option 1<\/th><th class=\"has-text-align-center\" data-align=\"center\">Viv&#039;Sant\u00e9 Jeune Option 3<\/th><\/tr><\/thead><tbody><tr><td>Aide \u00e0 domicile<\/td><td class=\"has-text-align-center\" data-align=\"center\"><i\n    class=\"safe-shortcode-icon\n                    yes\n            \"\n                                    title=oui\n            >\n<\/i><\/td><td class=\"has-text-align-center\" data-align=\"center\"><i\n    class=\"safe-shortcode-icon\n                    yes\n            \"\n                                    title=oui\n            >\n<\/i><\/td><\/tr><tr><td>Envoi d&rsquo;un proche au chevet<\/td><td class=\"has-text-align-center\" data-align=\"center\"><i\n    class=\"safe-shortcode-icon\n                    yes\n            \"\n                                    title=oui\n            >\n<\/i><\/td><td class=\"has-text-align-center\" data-align=\"center\"><i\n    class=\"safe-shortcode-icon\n                    yes\n            \"\n                                    title=oui\n            >\n<\/i><\/td><\/tr><tr><td>Garde des enfants<\/td><td class=\"has-text-align-center\" data-align=\"center\"><i\n    class=\"safe-shortcode-icon\n                    yes\n            \"\n                                    title=oui\n            >\n<\/i><\/td><td class=\"has-text-align-center\" data-align=\"center\"><i\n    class=\"safe-shortcode-icon\n                    yes\n            \"\n                                    title=oui\n            >\n<\/i><\/td><\/tr><tr><td>Livraison repas\/m\u00e9dicaments<\/td><td class=\"has-text-align-center\" data-align=\"center\"><i\n    class=\"safe-shortcode-icon\n                    yes\n            \"\n                                    title=oui\n            >\n<\/i><\/td><td class=\"has-text-align-center\" data-align=\"center\"><i\n    class=\"safe-shortcode-icon\n                    yes\n            \"\n                                    title=oui\n            >\n<\/i><\/td><\/tr><tr><td>\u00c9cole \u00e0 domicile<\/td><td class=\"has-text-align-center\" data-align=\"center\"><i\n    class=\"safe-shortcode-icon\n                    yes\n            \"\n                                    title=oui\n            >\n<\/i><\/td><td class=\"has-text-align-center\" data-align=\"center\"><i\n    class=\"safe-shortcode-icon\n                    yes\n            \"\n                                    title=oui\n            >\n<\/i><\/td><\/tr><tr><td>Garde des animaux<\/td><td class=\"has-text-align-center\" data-align=\"center\"><i\n    class=\"safe-shortcode-icon\n                    yes\n            \"\n                                    title=oui\n            >\n<\/i><\/td><td class=\"has-text-align-center\" data-align=\"center\"><i\n    class=\"safe-shortcode-icon\n                    yes\n            \"\n                                    title=oui\n            >\n<\/i><\/td><\/tr><tr><td>Rapatriement en cas de d\u00e9c\u00e8s<\/td><td class=\"has-text-align-center\" data-align=\"center\"><i\n    class=\"safe-shortcode-icon\n                    yes\n            \"\n                                    title=oui\n            >\n<\/i><\/td><td class=\"has-text-align-center\" data-align=\"center\"><i\n    class=\"safe-shortcode-icon\n                    yes\n            \"\n                                    title=oui\n            >\n<\/i><\/td><\/tr><\/tbody><\/table><\/figure>\n<!-- \/wp:table -->\n\n<!-- wp:heading -->\n<h2 class=\"wp-block-heading\" id=\"quel-est-notre-avis-sur-l-assurance-sante-nom-acteur\">Quel est notre avis sur l&rsquo;assurance sant\u00e9 Vivinter ?<\/h2>\n<!-- \/wp:heading -->\n\n<!-- wp:columns -->\n<div class=\"wp-block-columns\"><!-- wp:column {\"className\":\"is-style-green-top-border\"} -->\n<div class=\"wp-block-column is-style-green-top-border\"><!-- wp:paragraph {\"align\":\"center\"} -->\n<p class=\"has-text-align-center\"><strong>On aime :<\/strong><\/p>\n<!-- \/wp:paragraph -->\n\n<!-- wp:paragraph {\"align\":\"center\"} -->\n<p class=\"has-text-align-center\"><ul>\n<li>offres propos\u00e9es en accord avec les attentes d&rsquo;un grand nombre de clients ayant besoin d&rsquo;une couverture int\u00e9ressante <\/li>\n<li>remboursements propos\u00e9s tr\u00e8s int\u00e9ressants pour la formule la plus performante <\/li>\n<li>bons services d&rsquo;assistance <\/li>\n<li>r\u00e9seau Auxia permettant aux assur\u00e9s Vivinter d&rsquo;avoir acc\u00e8s \u00e0 des services d\u00e9di\u00e9s en fonction de leur situation <\/li>\n<\/ul><\/p>\n<!-- \/wp:paragraph --><\/div>\n<!-- \/wp:column -->\n\n<!-- wp:column {\"className\":\"is-style-red-top-border\"} -->\n<div class=\"wp-block-column is-style-red-top-border\"><!-- wp:paragraph {\"align\":\"center\"} -->\n<p class=\"has-text-align-center\"><strong>On aime moins :<\/strong><\/p>\n<!-- \/wp:paragraph -->\n\n<!-- wp:paragraph {\"align\":\"center\"} -->\n<p class=\"has-text-align-center\"><ul>\n<li>tarifs non accessibles directement en ligne, ne peuvent \u00eatre communiqu\u00e9s sur demande individuelle de devis <\/li>\n<\/ul><\/p>\n<!-- \/wp:paragraph --><\/div>\n<!-- \/wp:column --><\/div>\n<!-- \/wp:columns -->\n\n<!-- wp:heading -->\n<h2 class=\"wp-block-heading\" id=\"nom-acteur-la-meilleure-mutuelle-sante\">Vivinter, la meilleure mutuelle sant\u00e9 ?<\/h2>\n<!-- \/wp:heading -->\n\n<!-- wp:paragraph -->\n<p><strong>Comparez les mutuelles en <a href=\"https:\/\/reassurez-moi.fr\/devis-mutuelle-sante\" data-type=\"URL\" data-id=\"https:\/\/reassurez-moi.fr\/devis-mutuelle-sante\">simulant un devis<\/a> <\/strong>imm\u00e9diat sur notre outil aupr\u00e8s de nos partenaires, vous obtiendrez un comparatif de tous les assureurs avec un acc\u00e8s aux tarifs et aux garanties qui vous conviennent.<\/p>\n<!-- \/wp:paragraph -->\n\n<!-- wp:quote -->\n<blockquote class=\"wp-block-quote\"><!-- wp:paragraph -->\n<p><em><span class=\"has-small-font-size\">En tant que courtier d&rsquo;assurance, notre mission est de vous informer et de vous conseiller sur les offres d&rsquo;assurance propos\u00e9es sur le march\u00e9. Ces fiches conseils ont pour objet de vous pr\u00e9senter les produits de nos assureurs partenaires comme ceux avec lesquels nous n&rsquo;entretenons pas de liens.&nbsp;Ces fiches vous donnent notre&nbsp;analyse&nbsp;objective&nbsp;sur les contrats d&rsquo;assurance&nbsp;mais aussi&nbsp;des&nbsp;informations sur les formalit\u00e9s d&rsquo;adh\u00e9sion.<\/span><\/em><br><em><span class=\"has-small-font-size\"><a href=\"https:\/\/reassurez-moi.fr\/guide\/mutuelle-sante\/assureurs\" data-type=\"URL\" data-id=\"https:\/\/reassurez-moi.fr\/guide\/mutuelle-sante\/assureurs\"> &gt; Voir tous les assureurs proposant de la mutuelle.<\/a><\/span><\/em><br><em><span class=\"has-small-font-size\"><a href=\"https:\/\/reassurez-moi.fr\/guide\/partenaires\" data-type=\"URL\" data-id=\"https:\/\/reassurez-moi.fr\/guide\/mutuelle-sante\/assureurs\"> &gt; Voir la liste de nos partenaires<\/a><\/span><\/em><br><\/p>\n<!-- \/wp:paragraph --><\/blockquote>\n<!-- \/wp:quote -->\n\n<!-- wp:heading -->\n<h2 class=\"wp-block-heading\" id=\"comment-souscrire-la-mutuelle-sante-nom-acteur\">Comment souscrire<strong> \u00e0<\/strong> la mutuelle Vivinter\u200b ?<\/h2>\n<!-- \/wp:heading -->\n\n<!-- wp:list -->\n<ul class=\"wp-block-list\"><!-- wp:list-item -->\n<li>\u00c2ge maximum de souscription : aucun <\/li>\n<!-- \/wp:list-item --><\/ul>\n<!-- \/wp:list -->\n\n<!-- wp:list -->\n<ul class=\"wp-block-list\"><!-- wp:list-item -->\n<li>Souscription en ligne : possible<\/li>\n<!-- \/wp:list-item --><\/ul>\n<!-- \/wp:list -->\n\n<!-- wp:heading -->\n<h2 class=\"wp-block-heading\" id=\"comment-contacter-la-mutuelle-sante-nom-acteur\"><strong>Comment contacter la mutuelle sant\u00e9 Vivinter ?<\/strong><\/h2>\n<!-- \/wp:heading -->\n\n<!-- wp:paragraph -->\n<p>Pour une demande de devis, d&rsquo;indemnisation, d&rsquo;avenant au contrat ou pour tout renseignement, vous pouvez contacter la mutuelle sant\u00e9 Vivinter directement sur son site internet, ou :<\/p>\n<!-- \/wp:paragraph -->\n\n<p><strong>Par t\u00e9l\u00e9phone, au :<\/strong><\/p>\n<!-- \/wp:paragraph -->\n\n<!-- wp:paragraph -->\n<p><p>01 70 91 39 01 (du lundi au vendredi de 8h30 \u00e0 18h)<\/p><\/p>\n<!-- \/wp:paragraph -->\n<p><strong>Par courrier, \u00e0 l&rsquo;adresse suivante : <\/strong><\/p>\n<!-- \/wp:paragraph -->\n\n<!-- wp:paragraph -->\n<p><p>Vivinter Groupe Siaci Saint-Honor\u00e9 \u2013 Si\u00e8ge social<br \/>\nSeason, 39 rue Mstislav Rostropovitch<br \/>\n75815 PARIS Cedex 17<\/p><\/p>\n<!-- \/wp:paragraph -->","protected":false},"excerpt":{"rendered":"<p>Mutuelle sant\u00e9 Vivinter : tarif, remboursement et avis d&rsquo;expert presentation_acteur|raw Vous souhaitez des informations sur la mutuelle&nbsp;Vivinter ? D\u00e9couvrez notre analyse compl\u00e8te : formules, remboursements, tarifs et notre avis d&rsquo;expert ind\u00e9pendant. Quels sont les remboursements propos\u00e9s par la mutuelle Vivinter ? Viv&#039;Sant\u00e9 Jeune Option 1 Viv&#039;Sant\u00e9 Jeune Option 3 Chambre individuelle 30 \u20ac\/jour 60 \u20ac\/jour [&hellip;]<\/p>\n","protected":false},"author":61,"featured_media":0,"parent":16807,"menu_order":0,"comment_status":"open","ping_status":"closed","template":"","meta":{"_acf_changed":false,"footnotes":""},"categories":[],"page_topic":[507],"class_list":["post-159325","page","type-page","status-publish","hentry"],"yoast_head":"<!-- This site is optimized with the Yoast SEO plugin v24.7 - https:\/\/yoast.com\/wordpress\/plugins\/seo\/ -->\n<title>Mutuelle Sant\u00e9 Vivinter : avis, remboursement et tarifs 2026<\/title>\n<meta name=\"description\" content=\"D\u00e9tails des garanties et remboursements de la mutuelle Vivinter : tarif, garanties - notre avis d&#039;expert ind\u00e9pendant\" \/>\n<meta name=\"robots\" content=\"index, follow, max-snippet:-1, max-image-preview:large, max-video-preview:-1\" \/>\n<link rel=\"canonical\" href=\"https:\/\/guide.reassurez-moi.fr\/guide\/mutuelle-sante\/vivinter\" \/>\n<meta property=\"og:locale\" content=\"fr_FR\" \/>\n<meta property=\"og:type\" content=\"article\" \/>\n<meta property=\"og:title\" content=\"Mutuelle Sant\u00e9 Vivinter : avis, remboursement et tarifs %%currentyear%%\" \/>\n<meta property=\"og:description\" content=\"D\u00e9tails des garanties et remboursements de la mutuelle Vivinter : tarif, garanties - notre avis d&#039;expert ind\u00e9pendant\" \/>\n<meta property=\"og:url\" content=\"https:\/\/guide.reassurez-moi.fr\/guide\/mutuelle-sante\/vivinter\" \/>\n<meta property=\"og:site_name\" content=\"R\u00e9assurez-moi\" \/>\n<meta property=\"article:publisher\" content=\"https:\/\/www.facebook.com\/R%c3%a9assurez-moi-209456495889479\/\" \/>\n<meta property=\"og:image\" content=\"https:\/\/guide.reassurez-moi.fr\/guide\/wp-content\/uploads\/2018\/04\/image-de-partage.png\" \/>\n\t<meta property=\"og:image:width\" content=\"500\" \/>\n\t<meta property=\"og:image:height\" content=\"160\" \/>\n\t<meta property=\"og:image:type\" content=\"image\/png\" \/>\n<meta name=\"twitter:card\" content=\"summary_large_image\" \/>\n<meta name=\"twitter:site\" content=\"@reassurezmoi\" \/>\n<script type=\"application\/ld+json\" class=\"yoast-schema-graph\">{\"@context\":\"https:\/\/schema.org\",\"@graph\":[{\"@type\":\"WebPage\",\"@id\":\"https:\/\/guide.reassurez-moi.fr\/guide\/mutuelle-sante\/vivinter\",\"url\":\"https:\/\/guide.reassurez-moi.fr\/guide\/mutuelle-sante\/vivinter\",\"name\":\"Mutuelle sant\u00e9 Vivinter | R\u00e9assurez-moi\",\"isPartOf\":{\"@id\":\"https:\/\/guide.reassurez-moi.fr\/guide\/#website\"},\"datePublished\":\"2022-06-27T10:07:37+00:00\",\"breadcrumb\":{\"@id\":\"https:\/\/guide.reassurez-moi.fr\/guide\/mutuelle-sante\/vivinter#breadcrumb\"},\"inLanguage\":\"fr-FR\",\"potentialAction\":[{\"@type\":\"ReadAction\",\"target\":[\"https:\/\/guide.reassurez-moi.fr\/guide\/mutuelle-sante\/vivinter\"]}]},{\"@type\":\"BreadcrumbList\",\"@id\":\"https:\/\/guide.reassurez-moi.fr\/guide\/mutuelle-sante\/vivinter#breadcrumb\",\"itemListElement\":[{\"@type\":\"ListItem\",\"position\":1,\"name\":\"Assurances\",\"item\":\"https:\/\/guide.reassurez-moi.fr\/guide\/\"},{\"@type\":\"ListItem\",\"position\":2,\"name\":\"Mutuelle sant\u00e9\",\"item\":\"https:\/\/guide.reassurez-moi.fr\/guide\/mutuelle-sante\"},{\"@type\":\"ListItem\",\"position\":3,\"name\":\"Tout savoir sur la mutuelle sant\u00e9 Vivinter\"}]},{\"@type\":\"WebSite\",\"@id\":\"https:\/\/guide.reassurez-moi.fr\/guide\/#website\",\"url\":\"https:\/\/guide.reassurez-moi.fr\/guide\/\",\"name\":\"R\u00e9assurez-moi\",\"description\":\"Comparateur d&#039;assurances\",\"potentialAction\":[{\"@type\":\"SearchAction\",\"target\":{\"@type\":\"EntryPoint\",\"urlTemplate\":\"https:\/\/guide.reassurez-moi.fr\/guide\/?s={search_term_string}\"},\"query-input\":{\"@type\":\"PropertyValueSpecification\",\"valueRequired\":true,\"valueName\":\"search_term_string\"}}],\"inLanguage\":\"fr-FR\"}]}<\/script>\n<!-- \/ Yoast SEO plugin. -->","yoast_head_json":{"title":"Mutuelle Sant\u00e9 Vivinter : avis, remboursement et tarifs 2026","description":"D\u00e9tails des garanties et remboursements de la mutuelle Vivinter : tarif, garanties - notre avis d'expert ind\u00e9pendant","robots":{"index":"index","follow":"follow","max-snippet":"max-snippet:-1","max-image-preview":"max-image-preview:large","max-video-preview":"max-video-preview:-1"},"canonical":"https:\/\/guide.reassurez-moi.fr\/guide\/mutuelle-sante\/vivinter","og_locale":"fr_FR","og_type":"article","og_title":"Mutuelle Sant\u00e9 Vivinter : avis, remboursement et tarifs %%currentyear%%","og_description":"D\u00e9tails des garanties et remboursements de la mutuelle Vivinter : tarif, garanties - notre avis d'expert ind\u00e9pendant","og_url":"https:\/\/guide.reassurez-moi.fr\/guide\/mutuelle-sante\/vivinter","og_site_name":"R\u00e9assurez-moi","article_publisher":"https:\/\/www.facebook.com\/R%c3%a9assurez-moi-209456495889479\/","og_image":[{"width":500,"height":160,"url":"https:\/\/guide.reassurez-moi.fr\/guide\/wp-content\/uploads\/2018\/04\/image-de-partage.png","type":"image\/png"}],"twitter_card":"summary_large_image","twitter_site":"@reassurezmoi","schema":{"@context":"https:\/\/schema.org","@graph":[{"@type":"WebPage","@id":"https:\/\/guide.reassurez-moi.fr\/guide\/mutuelle-sante\/vivinter","url":"https:\/\/guide.reassurez-moi.fr\/guide\/mutuelle-sante\/vivinter","name":"Mutuelle sant\u00e9 Vivinter | R\u00e9assurez-moi","isPartOf":{"@id":"https:\/\/guide.reassurez-moi.fr\/guide\/#website"},"datePublished":"2022-06-27T10:07:37+00:00","breadcrumb":{"@id":"https:\/\/guide.reassurez-moi.fr\/guide\/mutuelle-sante\/vivinter#breadcrumb"},"inLanguage":"fr-FR","potentialAction":[{"@type":"ReadAction","target":["https:\/\/guide.reassurez-moi.fr\/guide\/mutuelle-sante\/vivinter"]}]},{"@type":"BreadcrumbList","@id":"https:\/\/guide.reassurez-moi.fr\/guide\/mutuelle-sante\/vivinter#breadcrumb","itemListElement":[{"@type":"ListItem","position":1,"name":"Assurances","item":"https:\/\/guide.reassurez-moi.fr\/guide\/"},{"@type":"ListItem","position":2,"name":"Mutuelle sant\u00e9","item":"https:\/\/guide.reassurez-moi.fr\/guide\/mutuelle-sante"},{"@type":"ListItem","position":3,"name":"Tout savoir sur la mutuelle sant\u00e9 Vivinter"}]},{"@type":"WebSite","@id":"https:\/\/guide.reassurez-moi.fr\/guide\/#website","url":"https:\/\/guide.reassurez-moi.fr\/guide\/","name":"R\u00e9assurez-moi","description":"Comparateur d&#039;assurances","potentialAction":[{"@type":"SearchAction","target":{"@type":"EntryPoint","urlTemplate":"https:\/\/guide.reassurez-moi.fr\/guide\/?s={search_term_string}"},"query-input":{"@type":"PropertyValueSpecification","valueRequired":true,"valueName":"search_term_string"}}],"inLanguage":"fr-FR"}]}},"acf":[],"_links":{"self":[{"href":"https:\/\/guide.reassurez-moi.fr\/guide\/wp-json\/wp\/v2\/pages\/159325","targetHints":{"allow":["GET"]}}],"collection":[{"href":"https:\/\/guide.reassurez-moi.fr\/guide\/wp-json\/wp\/v2\/pages"}],"about":[{"href":"https:\/\/guide.reassurez-moi.fr\/guide\/wp-json\/wp\/v2\/types\/page"}],"author":[{"embeddable":true,"href":"https:\/\/guide.reassurez-moi.fr\/guide\/wp-json\/wp\/v2\/users\/61"}],"replies":[{"embeddable":true,"href":"https:\/\/guide.reassurez-moi.fr\/guide\/wp-json\/wp\/v2\/comments?post=159325"}],"version-history":[{"count":0,"href":"https:\/\/guide.reassurez-moi.fr\/guide\/wp-json\/wp\/v2\/pages\/159325\/revisions"}],"up":[{"embeddable":true,"href":"https:\/\/guide.reassurez-moi.fr\/guide\/wp-json\/wp\/v2\/pages\/16807"}],"wp:attachment":[{"href":"https:\/\/guide.reassurez-moi.fr\/guide\/wp-json\/wp\/v2\/media?parent=159325"}],"wp:term":[{"taxonomy":"category","embeddable":true,"href":"https:\/\/guide.reassurez-moi.fr\/guide\/wp-json\/wp\/v2\/categories?post=159325"},{"taxonomy":"page_topic","embeddable":true,"href":"https:\/\/guide.reassurez-moi.fr\/guide\/wp-json\/wp\/v2\/page_topic?post=159325"}],"curies":[{"name":"wp","href":"https:\/\/api.w.org\/{rel}","templated":true}]}}