{"id":196277,"date":"2023-07-17T10:30:08","date_gmt":"2023-07-17T08:30:08","guid":{"rendered":"https:\/\/reassurez-moi.fr\/guide\/?page_id=196277"},"modified":"2025-11-28T14:53:09","modified_gmt":"2025-11-28T13:53:09","slug":"jo-paris-2024-opportunite-pour-les-proprietaires-appartement","status":"publish","type":"page","link":"https:\/\/guide.reassurez-moi.fr\/guide\/communication\/jo-paris-2024-opportunite-pour-les-proprietaires-appartement","title":{"rendered":"[\u00c9tude] &#8211; JO 2024 \u00e0 Paris (J-365) : une opportunit\u00e9 en or pour les propri\u00e9taires avec 21 272 \u20ac de gains potentiels \u00e0 la cl\u00e9 !"},"content":{"rendered":"\n<div style=\"height:20px\" aria-hidden=\"true\" class=\"wp-block-spacer\"><\/div>\n\n\n\n<p><strong>Plus d\u2019un demi-million de visiteurs sont attendus sur Airbnb<\/strong> pendant la dur\u00e9e des Jeux Olympiques (1), qui se tiendront du 26 juillet au 11 ao\u00fbt 2024 \u00e0 Paris.<\/p>\n\n\n\n<p>Alors que l\u2019excitation monte et que les voyageurs du monde entier se pr\u00e9parent \u00e0 affluer vers la ville lumi\u00e8re, une tendance se profile \u00e0 l\u2019horizon : <strong>l\u2019augmentation des tarifs des locations d\u2019appartements<\/strong> !<\/p>\n\n\n\n<p>Environ <strong>un habitant sur cinq envisage de devenir h\u00f4te<\/strong> <strong>pour la premi\u00e8re fois<\/strong> <strong>pendant les JO<\/strong> avec des gains potentiels de plus de 20 000 \u20ac dans certaines communes d\u2019\u00cele-de-France et pour un certain type de logement.<\/p>\n\n\n\n<div style=\"height:10px\" aria-hidden=\"true\" class=\"wp-block-spacer\"><\/div>\n\n\n\n<blockquote class=\"wp-block-quote is-layout-flow wp-block-quote-is-layout-flow\"><p>Quels quartiers profiteront le plus de cette augmentation des prix des locations ?&nbsp;<\/p><p>Quelles possibilit\u00e9s financi\u00e8res s&rsquo;offrent aux propri\u00e9taires au cours de cette p\u00e9riode ?&nbsp;<\/p><p>Quelles garanties doivent \u00eatre souscrites pour prot\u00e9ger les propri\u00e9taires ?<\/p><\/blockquote>\n\n\n\n<div style=\"height:20px\" aria-hidden=\"true\" class=\"wp-block-spacer\"><\/div>\n\n\n\n<p><strong>Les experts de R\u00e9assurez-moi fournissent toutes les r\u00e9ponses !<\/strong><\/p>\n\n\n\n<h2 class=\"wp-block-heading\">Avec une augmentation de 439 % du prix de la nuit\u00e9e, Saint-Denis est la commune qui va le plus profiter des JO<\/h2>\n\n\n\n<div style=\"height:10px\" aria-hidden=\"true\" class=\"wp-block-spacer\"><\/div>\n\n\n\n<p>Les experts R\u00e9assurez-moi ont r\u00e9alis\u00e9 une <strong>cartographie interactive<\/strong> <strong>mettant en exergue l&rsquo;augmentation des tarifs locatifs<\/strong> en \u00cele-de-France pendant la p\u00e9riode des JO 2024, par rapport \u00e0 la m\u00eame p\u00e9riode en 2023.<\/p>\n\n\n\n<div style=\"height:10px\" aria-hidden=\"true\" class=\"wp-block-spacer\"><\/div>\n\n\n\n<p><strong>Voici le d\u00e9tail en fonction des arrondissements de Paris et des communes d\u2019\u00cele-de-France <sup>(2)<\/sup> :<\/strong><\/p>\n\n\n\n<div style=\"height:10px\" aria-hidden=\"true\" class=\"wp-block-spacer\"><\/div>\n\n\n\n<div class=\"flourish-embed flourish-map\" data-src=\"visualisation\/14430796\"><script src=\"https:\/\/public.flourish.studio\/resources\/embed.js\"><\/script><\/div>\n\n\n\n<div style=\"height:20px\" aria-hidden=\"true\" class=\"wp-block-spacer\"><\/div>\n\n\n\n<p>Sur le podium des communes d\u2019\u00cele-de-France, <strong>Saint-Denis, Versailles et Montigny-le-Bretonneux<\/strong> (points rouges) vont b\u00e9n\u00e9ficier de la plus forte augmentation des tarifs des locations, avec respectivement <strong>+439 %, +436 % et +427 %<\/strong>.<\/p>\n\n\n\n<div style=\"height:10px\" aria-hidden=\"true\" class=\"wp-block-spacer\"><\/div>\n\n\n\n<p>Il convient de noter que ces communes accueilleront des \u00e9preuves olympiques tr\u00e8s attendues, ce qui explique en partie la demande accrue et les prix plus \u00e9lev\u00e9s.<\/p>\n\n\n\n<ul class=\"is-style-arrow-right wp-block-list\"><li>\u00c0 Saint-Denis, se d\u00e9rouleront les <strong>\u00e9preuves olympiques d\u2019athl\u00e9tisme, de rugby, de natation artistique, de plongeon et de water-polo<\/strong>.&nbsp;<\/li><li>Au Ch\u00e2teau de Versailles, se d\u00e9rouleront les <strong>\u00e9preuves olympiques de sports \u00e9questres et de pentathlon moderne<\/strong>.&nbsp;<\/li><li>\u00c0 Montigny-le-Bretonneux, se d\u00e9rouleront les <strong>\u00e9preuves olympiques de cyclisme sur piste<\/strong>.<\/li><\/ul>\n\n\n\n<div style=\"height:10px\" aria-hidden=\"true\" class=\"wp-block-spacer\"><\/div>\n\n\n\n<p>Mais les autres quartiers ne seront pas en reste. Nous constatons une augmentation moyenne entre +400 % et +425 % du prix de la nuit\u00e9e entre l&rsquo;\u00e9t\u00e9 2023 et l&rsquo;\u00e9t\u00e9 2024 dans Paris intra-muros. <\/p>\n\n\n\n<p>Ces donn\u00e9es t\u00e9moignent de la <strong>rentabilit\u00e9 croissante des locations Airbnb<\/strong> pendant la p\u00e9riode des Jeux olympiques de 2024.&nbsp;<\/p>\n\n\n\n<h2 class=\"wp-block-heading\">Des gains pouvant d\u00e9passer les 20 000 \u20ac : une opportunit\u00e9 financi\u00e8re sans pr\u00e9c\u00e9dent pour les propri\u00e9taires<\/h2>\n\n\n\n<div style=\"height:10px\" aria-hidden=\"true\" class=\"wp-block-spacer\"><\/div>\n\n\n\n<p>La flamb\u00e9e des prix des locations pendant les Jeux olympiques de 2024 repr\u00e9sente une <strong>opportunit\u00e9 financi\u00e8re pour les propri\u00e9taires de logements<\/strong>. En louant leur bien pendant cette p\u00e9riode, ils ont la possibilit\u00e9 de g\u00e9n\u00e9rer des revenus locatifs significatifs.&nbsp;<\/p>\n\n\n\n<div style=\"height:10px\" aria-hidden=\"true\" class=\"wp-block-spacer\"><\/div>\n\n\n\n<p><strong>Prenons plusieurs exemples de propri\u00e9taires de logements situ\u00e9s en \u00cele-de-France<\/strong>. Supposons que ces propri\u00e9taires d\u00e9cident de louer leur bien sur Airbnb pendant les 16 jours des \u00e9preuves olympiques :&nbsp;<\/p>\n\n\n\n<div style=\"height:20px\" aria-hidden=\"true\" class=\"wp-block-spacer\"><\/div>\n\n\n\n<figure class=\"wp-block-table is-style-header-double\"><table class=\"has-fixed-layout\"><thead><tr><th><\/th><th class=\"has-text-align-center\" data-align=\"center\"><strong>Prix par nuit* <sup>(3)<\/sup><\/strong><\/th><th class=\"has-text-align-center\" data-align=\"center\"><strong>Nombre de nuit<\/strong>s<\/th><th class=\"has-text-align-center\" data-align=\"center\"><strong>Gain potentiel brut<\/strong><\/th><th class=\"has-text-align-center\" data-align=\"center\"><strong>Frais Airbnb<\/strong> (3 %) et pr\u00e9l\u00e8vements sociaux (17,2 %)<\/th><th class=\"has-text-align-center\" data-align=\"center\">Gain potentiel net (hors imp\u00f4t sur le revenu)<\/th><\/tr><\/thead><tbody><tr><td><strong>Studio \u00e0 Paris 75005<\/strong><\/td><td class=\"has-text-align-center\" data-align=\"center\">856 \u20ac<\/td><td class=\"has-text-align-center\" data-align=\"center\">16<\/td><td class=\"has-text-align-center\" data-align=\"center\">13 688 \u20ac<\/td><td class=\"has-text-align-center\" data-align=\"center\">2 765 \u20ac<\/td><td class=\"has-text-align-center\" data-align=\"center\">10 923 \u20ac<\/td><\/tr><tr><td><strong>Appartement T2 \u00e0 Paris 75020<\/strong><\/td><td class=\"has-text-align-center\" data-align=\"center\">861 \u20ac<\/td><td class=\"has-text-align-center\" data-align=\"center\">16<\/td><td class=\"has-text-align-center\" data-align=\"center\">13 776 \u20ac<\/td><td class=\"has-text-align-center\" data-align=\"center\">2 783 \u20ac<\/td><td class=\"has-text-align-center\" data-align=\"center\">10 993 \u20ac<\/td><\/tr><tr><td><strong>Appartement T3 \u00e0 Saint-Denis<\/strong> <strong>93200<\/strong><\/td><td class=\"has-text-align-center\" data-align=\"center\">1 330 \u20ac<\/td><td class=\"has-text-align-center\" data-align=\"center\">16<\/td><td class=\"has-text-align-center\" data-align=\"center\">21 272 \u20ac<\/td><td class=\"has-text-align-center\" data-align=\"center\">4 297 \u20ac<\/td><td class=\"has-text-align-center\" data-align=\"center\">16 975 \u20ac<\/td><\/tr><\/tbody><\/table><figcaption>* Prix m\u00e9dian par nuit, frais et taxes compris, du 26 juillet au 11 ao\u00fbt 2024 (p\u00e9riode des Jeux olympiques)<\/figcaption><\/figure>\n\n\n\n<div style=\"height:30px\" aria-hidden=\"true\" class=\"wp-block-spacer\"><\/div>\n\n\n\n<p>Pour calculer les <strong>gains potentiels nets apr\u00e8s imp\u00f4t<\/strong>, il faut \u00e9galement tenir compte de l&rsquo;imp\u00f4t sur le revenu. <\/p>\n\n\n\n<div style=\"height:10px\" aria-hidden=\"true\" class=\"wp-block-spacer\"><\/div>\n\n\n\n<p>Le calcul de l\u2019imp\u00f4t relatif aux revenus Airbnb d\u00e9pend du r\u00e9gime choisi :&nbsp;<\/p>\n\n\n\n<ul class=\"is-style-arrow-right wp-block-list\"><li>En ce qui concerne <strong>le r\u00e9gime du<\/strong> <strong>micro BIC<\/strong>, un <strong>abattement de 50 %<\/strong> s\u2019applique au titre des frais et des charges engag\u00e9s pour la mise en location.&nbsp;<\/li><li>Avec <strong>le r\u00e9gime r\u00e9el<\/strong>, les revenus provenant de la location d\u2019une r\u00e9sidence principale sont tax\u00e9s selon le bar\u00e8me progressif de l\u2019imp\u00f4t sur le revenu.<\/li><\/ul>\n\n\n\n<div style=\"height:20px\" aria-hidden=\"true\" class=\"wp-block-spacer\"><\/div>\n\n\n\n<div class=\"wp-block-columns is-layout-flex wp-container-core-columns-is-layout-9d6595d7 wp-block-columns-is-layout-flex\">\n<div class=\"wp-block-column is-style-blue-border is-layout-flow wp-block-column-is-layout-flow\">\n<p><strong>Exemple<\/strong> : un propri\u00e9taire loue son appartement sur Airbnb pendant les JO 2024 et per\u00e7oit 10 000 \u20ac de loyers, montant auquel il faut ajouter son salaire. Sa tranche est de 30 %. Voici le calcul de ce qu\u2019il va payer :<\/p>\n\n\n\n<ul class=\"wp-block-list\"><li>10 000 \u00f7 2 = 5 000 \u20ac (abattement de 50 % avec le r\u00e9gime du micro BIC)<\/li><li>Imp\u00f4t : 5 000 \u00d7 30 % = 1 500 \u20ac<\/li><li>Pr\u00e9l\u00e8vements sociaux : 5 000 \u00d7 17,2 % = 860 \u20ac<\/li><\/ul>\n\n\n\n<p>Lors de sa <strong>d\u00e9claration d\u2019imp\u00f4t sur le revenu<\/strong>, les loyers per\u00e7us par le propri\u00e9taire engendreront un imp\u00f4t total de 1 500 \u20ac + 860 \u20ac soit <strong>2 360 \u20ac<\/strong>.<\/p>\n<\/div>\n<\/div>\n\n\n\n<div style=\"height:20px\" aria-hidden=\"true\" class=\"wp-block-spacer\"><\/div>\n\n\n\n<p><strong>Les casses, d\u00e9gradations ou vols<\/strong> sont inh\u00e9rents \u00e0 l\u2019activit\u00e9 de location. Par principe de prudence, il convient de les budg\u00e9ter pour \u00e9viter toute mauvaise surprise et de <strong>bien se couvrir contre ces al\u00e9as<\/strong>. Nous vous pr\u00e9sentons dans cette derni\u00e8re partie <strong>les assurances obligatoires et optionnelles<\/strong>, pour vous couvrir au mieux en fonction de vos besoins.<\/p>\n\n\n\n<h2 class=\"wp-block-heading\">Les assurances, des alli\u00e9es essentielles pour prot\u00e9ger les biens et les personnes pendant les JO 2024<\/h2>\n\n\n\n<div style=\"height:10px\" aria-hidden=\"true\" class=\"wp-block-spacer\"><\/div>\n\n\n\n<p>Les locations d\u2019appartements peuvent comporter des <strong>risques pour les biens et les personnes<\/strong>.<\/p>\n\n\n\n<div style=\"height:10px\" aria-hidden=\"true\" class=\"wp-block-spacer\"><\/div>\n\n\n\n<p>Les risques li\u00e9s \u00e0 la location d\u2019un bien pendant les JO 2024 peuvent \u00eatre les d\u00e9gradations, les vols, les litiges et contentieux entre les locataires et les propri\u00e9taires, et les incidents mettant en cause la responsabilit\u00e9 civile ou p\u00e9nale.<\/p>\n\n\n\n<p><strong>L\u2019assurance multirisque habitation<\/strong> offre une protection compl\u00e8te en cas de dommages accidentels, d\u00e9g\u00e2ts des eaux, incendies, cambriolages, et autres sinistres li\u00e9s \u00e0 la location. En cas de d\u00e9gradations dues aux festivit\u00e9s des JO, cette assurance couvrira <strong>les frais de r\u00e9paration<\/strong>.&nbsp;<\/p>\n\n\n\n<p>En compl\u00e9ment, certaines assurances optionnelles peuvent s\u2019av\u00e9rer utiles, notamment <strong>l\u2019assurance pour les puces de lit<\/strong>. Avec l\u2019afflux de visiteurs internationaux, le risque de nuisibles peut augmenter. Cette assurance sp\u00e9cifique prend en charge <strong>les frais de d\u00e9sinsectisation <\/strong>en cas d\u2019infestation de puces de lit.&nbsp;<\/p>\n\n\n\n<p>En choisissant les bonnes assurances adapt\u00e9es \u00e0 la location pendant les JO 2024, les propri\u00e9taires pourront aborder cet \u00e9v\u00e9nement majeur en toute s\u00e9r\u00e9nit\u00e9, assurant ainsi la protection de leurs biens et des personnes impliqu\u00e9es dans la location.&nbsp;<\/p>\n\n\n\n<div style=\"height:20px\" aria-hidden=\"true\" class=\"wp-block-spacer\"><\/div>\n\n\n\n<p><strong>R\u00e9assurez-moi se tient \u00e0 disposition, en tant que courtier en assurance, pour aider les propri\u00e9taires \u00e0 s\u00e9lectionner les garanties les mieux adapt\u00e9es \u00e0 leurs besoins sp\u00e9cifiques<\/strong>.<\/p>\n\n\n\n<div style=\"height:100px\" aria-hidden=\"true\" class=\"wp-block-spacer\"><\/div>\n\n\n\n<div class=\"wp-block-columns has-background is-layout-flex wp-container-core-columns-is-layout-9d6595d7 wp-block-columns-is-layout-flex\" style=\"background-color:#093e78\">\n<div class=\"wp-block-column is-layout-flow wp-block-column-is-layout-flow\">\n<p class=\"has-white-color has-text-color\" style=\"font-size:28px; color:#fff\"><strong>Notre m\u00e9thodologie<\/strong><\/p>\n\n\n\n<p class=\"has-white-color has-text-color\"><\/p><li style=\"color: #fff\"> 1 &#8211; Rapport Deloitte, Contributions \u00e9conomiques et sociales d\u2019Airbnb en France lors des Jeux olympiques et paralypiques de Paris 2024, avril 2023 <\/li><p><\/p>\n\n\n\n<p class=\"has-white-color has-text-color\"><\/p><li style=\"color: #fff\"> 2 &#8211; Donn\u00e9es relev\u00e9es sur le site Airbnb.fr le 11 juillet 2023. Il s\u2019agit d\u2019estimations bas\u00e9es sur les prix m\u00e9dians. Les prix par nuit sont indiqu\u00e9s frais et taxes compris. Filtrage : logement entier, maison et appartement, du 26 juillet au 11 ao\u00fbt 2023 et 2024, pour 4 voyageurs (2 adultes et 2 enfants). M\u00e9thode de calcul du prix m\u00e9dian : on prend la fourchette sur laquelle il y a les tarifs les plus fr\u00e9quents et on calcule la moyenne. <\/li><p><\/p>\n\n\n\n<p class=\"has-white-color has-text-color\"><\/p><li style=\"color: #fff\"> 3 &#8211; Donn\u00e9es relev\u00e9es sur le site Airbnb.fr le 11 juillet 2023. Il s\u2019agit d\u2019estimations bas\u00e9es sur les prix m\u00e9dians. Les prix par nuit sont indiqu\u00e9s frais et taxes compris. Filtrage : logement entier, appartement, du 26 juillet au 11 ao\u00fbt 2024, pour 1, 2 puis 4 voyageurs (studio, T2 et T3). M\u00e9thode de calcul du prix m\u00e9dian : on prend la fourchette sur laquelle il y a les tarifs les plus fr\u00e9quents et on calcule la moyenne. <\/li><p><\/p>\n<\/div>\n<\/div>\n\n\n\n<div style=\"height:100px\" aria-hidden=\"true\" class=\"wp-block-spacer\"><\/div>\n","protected":false},"excerpt":{"rendered":"<p>Plus d\u2019un demi-million de visiteurs sont attendus sur Airbnb pendant la dur\u00e9e des Jeux Olympiques (1), qui se tiendront du 26 juillet au 11 ao\u00fbt 2024 \u00e0 Paris. Alors que l\u2019excitation monte et que les voyageurs du monde entier se pr\u00e9parent \u00e0 affluer vers la ville lumi\u00e8re, une tendance se profile \u00e0 l\u2019horizon : l\u2019augmentation\u2026<\/p>\n","protected":false},"author":67,"featured_media":0,"parent":106518,"menu_order":0,"comment_status":"open","ping_status":"closed","template":"pages\/page-etude.php","meta":{"_acf_changed":false,"footnotes":""},"categories":[496],"page_topic":[],"class_list":["post-196277","page","type-page","status-publish","hentry","category-etudes"],"yoast_head":"<!-- This site is optimized with the Yoast SEO plugin v24.7 - https:\/\/yoast.com\/wordpress\/plugins\/seo\/ -->\n<title>[\u00c9tude] - JO 2024 \u00e0 Paris (J-365) : une opportunit\u00e9 en or pour les propri\u00e9taires avec 21 272 \u20ac de gains potentiels \u00e0 la cl\u00e9 ! | R\u00e9assurez-moi<\/title>\n<meta name=\"description\" content=\"JO 2024 \u00e0 Paris : les propri\u00e9taires de logements vont g\u00e9n\u00e9rer des gains in\u00e9dits. Carte interactive et simulation de revenus locatifs !\" \/>\n<meta name=\"robots\" content=\"index, follow, max-snippet:-1, max-image-preview:large, max-video-preview:-1\" \/>\n<link rel=\"canonical\" href=\"https:\/\/guide.reassurez-moi.fr\/guide\/communication\/jo-paris-2024-opportunite-pour-les-proprietaires-appartement\" \/>\n<meta property=\"og:locale\" content=\"fr_FR\" \/>\n<meta property=\"og:type\" content=\"article\" \/>\n<meta property=\"og:title\" content=\"[\u00c9tude] - JO 2024 \u00e0 Paris (J-365) : une opportunit\u00e9 en or pour les propri\u00e9taires avec 21 272 \u20ac de gains potentiels \u00e0 la cl\u00e9 ! | R\u00e9assurez-moi\" \/>\n<meta property=\"og:description\" content=\"JO 2024 \u00e0 Paris : les propri\u00e9taires de logements vont g\u00e9n\u00e9rer des gains in\u00e9dits. Carte interactive et simulation de revenus locatifs !\" \/>\n<meta property=\"og:url\" content=\"https:\/\/guide.reassurez-moi.fr\/guide\/communication\/jo-paris-2024-opportunite-pour-les-proprietaires-appartement\" \/>\n<meta property=\"og:site_name\" content=\"R\u00e9assurez-moi\" \/>\n<meta property=\"article:publisher\" content=\"https:\/\/www.facebook.com\/R%c3%a9assurez-moi-209456495889479\/\" \/>\n<meta property=\"article:modified_time\" content=\"2025-11-28T13:53:09+00:00\" \/>\n<meta property=\"og:image\" content=\"https:\/\/guide.reassurez-moi.fr\/guide\/wp-content\/uploads\/2018\/04\/image-de-partage.png\" \/>\n\t<meta property=\"og:image:width\" content=\"500\" \/>\n\t<meta property=\"og:image:height\" content=\"160\" \/>\n\t<meta property=\"og:image:type\" content=\"image\/png\" \/>\n<meta name=\"twitter:card\" content=\"summary_large_image\" \/>\n<meta name=\"twitter:site\" content=\"@reassurezmoi\" \/>\n<meta name=\"twitter:label1\" content=\"Dur\u00e9e de lecture estim\u00e9e\" \/>\n\t<meta name=\"twitter:data1\" content=\"7 minutes\" \/>\n<script type=\"application\/ld+json\" class=\"yoast-schema-graph\">{\"@context\":\"https:\/\/schema.org\",\"@graph\":[{\"@type\":\"WebPage\",\"@id\":\"https:\/\/guide.reassurez-moi.fr\/guide\/communication\/jo-paris-2024-opportunite-pour-les-proprietaires-appartement\",\"url\":\"https:\/\/guide.reassurez-moi.fr\/guide\/communication\/jo-paris-2024-opportunite-pour-les-proprietaires-appartement\",\"name\":\"[\u00c9tude] - JO 2024 \u00e0 Paris (J-365) : une opportunit\u00e9 en or pour les propri\u00e9taires avec 21 272 \u20ac de gains potentiels \u00e0 la cl\u00e9 ! | R\u00e9assurez-moi\",\"isPartOf\":{\"@id\":\"https:\/\/guide.reassurez-moi.fr\/guide\/#website\"},\"datePublished\":\"2023-07-17T08:30:08+00:00\",\"dateModified\":\"2025-11-28T13:53:09+00:00\",\"description\":\"JO 2024 \u00e0 Paris : les propri\u00e9taires de logements vont g\u00e9n\u00e9rer des gains in\u00e9dits. Carte interactive et simulation de revenus locatifs !\",\"breadcrumb\":{\"@id\":\"https:\/\/guide.reassurez-moi.fr\/guide\/communication\/jo-paris-2024-opportunite-pour-les-proprietaires-appartement#breadcrumb\"},\"inLanguage\":\"fr-FR\",\"potentialAction\":[{\"@type\":\"ReadAction\",\"target\":[\"https:\/\/guide.reassurez-moi.fr\/guide\/communication\/jo-paris-2024-opportunite-pour-les-proprietaires-appartement\"]}]},{\"@type\":\"BreadcrumbList\",\"@id\":\"https:\/\/guide.reassurez-moi.fr\/guide\/communication\/jo-paris-2024-opportunite-pour-les-proprietaires-appartement#breadcrumb\",\"itemListElement\":[{\"@type\":\"ListItem\",\"position\":1,\"name\":\"Assurances\",\"item\":\"https:\/\/guide.reassurez-moi.fr\/guide\/\"},{\"@type\":\"ListItem\",\"position\":2,\"name\":\"Communication\",\"item\":\"https:\/\/guide.reassurez-moi.fr\/guide\/communication\"},{\"@type\":\"ListItem\",\"position\":3,\"name\":\"[\u00c9tude] &#8211; JO 2024 \u00e0 Paris (J-365) : une opportunit\u00e9 en or pour les propri\u00e9taires avec 21 272 \u20ac de gains potentiels \u00e0 la cl\u00e9 !\"}]},{\"@type\":\"WebSite\",\"@id\":\"https:\/\/guide.reassurez-moi.fr\/guide\/#website\",\"url\":\"https:\/\/guide.reassurez-moi.fr\/guide\/\",\"name\":\"R\u00e9assurez-moi\",\"description\":\"Comparateur d&#039;assurances\",\"potentialAction\":[{\"@type\":\"SearchAction\",\"target\":{\"@type\":\"EntryPoint\",\"urlTemplate\":\"https:\/\/guide.reassurez-moi.fr\/guide\/?s={search_term_string}\"},\"query-input\":{\"@type\":\"PropertyValueSpecification\",\"valueRequired\":true,\"valueName\":\"search_term_string\"}}],\"inLanguage\":\"fr-FR\"}]}<\/script>\n<!-- \/ Yoast SEO plugin. -->","yoast_head_json":{"title":"[\u00c9tude] - JO 2024 \u00e0 Paris (J-365) : une opportunit\u00e9 en or pour les propri\u00e9taires avec 21 272 \u20ac de gains potentiels \u00e0 la cl\u00e9 ! | R\u00e9assurez-moi","description":"JO 2024 \u00e0 Paris : les propri\u00e9taires de logements vont g\u00e9n\u00e9rer des gains in\u00e9dits. Carte interactive et simulation de revenus locatifs !","robots":{"index":"index","follow":"follow","max-snippet":"max-snippet:-1","max-image-preview":"max-image-preview:large","max-video-preview":"max-video-preview:-1"},"canonical":"https:\/\/guide.reassurez-moi.fr\/guide\/communication\/jo-paris-2024-opportunite-pour-les-proprietaires-appartement","og_locale":"fr_FR","og_type":"article","og_title":"[\u00c9tude] - JO 2024 \u00e0 Paris (J-365) : une opportunit\u00e9 en or pour les propri\u00e9taires avec 21 272 \u20ac de gains potentiels \u00e0 la cl\u00e9 ! | R\u00e9assurez-moi","og_description":"JO 2024 \u00e0 Paris : les propri\u00e9taires de logements vont g\u00e9n\u00e9rer des gains in\u00e9dits. Carte interactive et simulation de revenus locatifs !","og_url":"https:\/\/guide.reassurez-moi.fr\/guide\/communication\/jo-paris-2024-opportunite-pour-les-proprietaires-appartement","og_site_name":"R\u00e9assurez-moi","article_publisher":"https:\/\/www.facebook.com\/R%c3%a9assurez-moi-209456495889479\/","article_modified_time":"2025-11-28T13:53:09+00:00","og_image":[{"width":500,"height":160,"url":"https:\/\/guide.reassurez-moi.fr\/guide\/wp-content\/uploads\/2018\/04\/image-de-partage.png","type":"image\/png"}],"twitter_card":"summary_large_image","twitter_site":"@reassurezmoi","twitter_misc":{"Dur\u00e9e de lecture estim\u00e9e":"7 minutes"},"schema":{"@context":"https:\/\/schema.org","@graph":[{"@type":"WebPage","@id":"https:\/\/guide.reassurez-moi.fr\/guide\/communication\/jo-paris-2024-opportunite-pour-les-proprietaires-appartement","url":"https:\/\/guide.reassurez-moi.fr\/guide\/communication\/jo-paris-2024-opportunite-pour-les-proprietaires-appartement","name":"[\u00c9tude] - JO 2024 \u00e0 Paris (J-365) : une opportunit\u00e9 en or pour les propri\u00e9taires avec 21 272 \u20ac de gains potentiels \u00e0 la cl\u00e9 ! | R\u00e9assurez-moi","isPartOf":{"@id":"https:\/\/guide.reassurez-moi.fr\/guide\/#website"},"datePublished":"2023-07-17T08:30:08+00:00","dateModified":"2025-11-28T13:53:09+00:00","description":"JO 2024 \u00e0 Paris : les propri\u00e9taires de logements vont g\u00e9n\u00e9rer des gains in\u00e9dits. Carte interactive et simulation de revenus locatifs !","breadcrumb":{"@id":"https:\/\/guide.reassurez-moi.fr\/guide\/communication\/jo-paris-2024-opportunite-pour-les-proprietaires-appartement#breadcrumb"},"inLanguage":"fr-FR","potentialAction":[{"@type":"ReadAction","target":["https:\/\/guide.reassurez-moi.fr\/guide\/communication\/jo-paris-2024-opportunite-pour-les-proprietaires-appartement"]}]},{"@type":"BreadcrumbList","@id":"https:\/\/guide.reassurez-moi.fr\/guide\/communication\/jo-paris-2024-opportunite-pour-les-proprietaires-appartement#breadcrumb","itemListElement":[{"@type":"ListItem","position":1,"name":"Assurances","item":"https:\/\/guide.reassurez-moi.fr\/guide\/"},{"@type":"ListItem","position":2,"name":"Communication","item":"https:\/\/guide.reassurez-moi.fr\/guide\/communication"},{"@type":"ListItem","position":3,"name":"[\u00c9tude] &#8211; JO 2024 \u00e0 Paris (J-365) : une opportunit\u00e9 en or pour les propri\u00e9taires avec 21 272 \u20ac de gains potentiels \u00e0 la cl\u00e9 !"}]},{"@type":"WebSite","@id":"https:\/\/guide.reassurez-moi.fr\/guide\/#website","url":"https:\/\/guide.reassurez-moi.fr\/guide\/","name":"R\u00e9assurez-moi","description":"Comparateur d&#039;assurances","potentialAction":[{"@type":"SearchAction","target":{"@type":"EntryPoint","urlTemplate":"https:\/\/guide.reassurez-moi.fr\/guide\/?s={search_term_string}"},"query-input":{"@type":"PropertyValueSpecification","valueRequired":true,"valueName":"search_term_string"}}],"inLanguage":"fr-FR"}]}},"acf":[],"_links":{"self":[{"href":"https:\/\/guide.reassurez-moi.fr\/guide\/wp-json\/wp\/v2\/pages\/196277","targetHints":{"allow":["GET"]}}],"collection":[{"href":"https:\/\/guide.reassurez-moi.fr\/guide\/wp-json\/wp\/v2\/pages"}],"about":[{"href":"https:\/\/guide.reassurez-moi.fr\/guide\/wp-json\/wp\/v2\/types\/page"}],"author":[{"embeddable":true,"href":"https:\/\/guide.reassurez-moi.fr\/guide\/wp-json\/wp\/v2\/users\/67"}],"replies":[{"embeddable":true,"href":"https:\/\/guide.reassurez-moi.fr\/guide\/wp-json\/wp\/v2\/comments?post=196277"}],"version-history":[{"count":1,"href":"https:\/\/guide.reassurez-moi.fr\/guide\/wp-json\/wp\/v2\/pages\/196277\/revisions"}],"predecessor-version":[{"id":205322,"href":"https:\/\/guide.reassurez-moi.fr\/guide\/wp-json\/wp\/v2\/pages\/196277\/revisions\/205322"}],"up":[{"embeddable":true,"href":"https:\/\/guide.reassurez-moi.fr\/guide\/wp-json\/wp\/v2\/pages\/106518"}],"wp:attachment":[{"href":"https:\/\/guide.reassurez-moi.fr\/guide\/wp-json\/wp\/v2\/media?parent=196277"}],"wp:term":[{"taxonomy":"category","embeddable":true,"href":"https:\/\/guide.reassurez-moi.fr\/guide\/wp-json\/wp\/v2\/categories?post=196277"},{"taxonomy":"page_topic","embeddable":true,"href":"https:\/\/guide.reassurez-moi.fr\/guide\/wp-json\/wp\/v2\/page_topic?post=196277"}],"curies":[{"name":"wp","href":"https:\/\/api.w.org\/{rel}","templated":true}]}}