{"id":197169,"date":"2023-10-05T14:22:56","date_gmt":"2023-10-05T12:22:56","guid":{"rendered":"https:\/\/reassurez-moi.fr\/guide\/?page_id=197169"},"modified":"2026-02-04T13:50:35","modified_gmt":"2026-02-04T12:50:35","slug":"chiffres-cles","status":"publish","type":"page","link":"https:\/\/guide.reassurez-moi.fr\/guide\/assurance\/chiffres-cles","title":{"rendered":"[\u00c9tude] &#8211; Le Barom\u00e8tre de l&rsquo;assurance des Fran\u00e7ais Janvier 2024"},"content":{"rendered":"\n<div style=\"height:20px\" aria-hidden=\"true\" class=\"wp-block-spacer\"><\/div>\n\n\n\n<p>Pour la plupart des assureurs, la rentr\u00e9e est synonyme de r\u00e9ajustement des cotisations. Une pression suppl\u00e9mentaire sur le budget des m\u00e9nages. <\/p>\n\n\n\n<p>En 2024, on anticipe <strong>une augmentation de 8,24 %<\/strong> des co\u00fbts globaux en mati\u00e8re d\u2019assurance. <\/p>\n\n\n\n<p>Notre \u00e9tude d\u00e9taille les assurances les plus impact\u00e9es (mutuelle sant\u00e9, assurance habitation et assurance automobile), par profil et par r\u00e9gion. <\/p>\n\n\n\n<div style=\"height:10px\" aria-hidden=\"true\" class=\"wp-block-spacer\"><\/div>\n\n\n\n<h2 class=\"wp-block-heading\">En 2023, les Fran\u00e7ais ont d\u00e9di\u00e9, en moyenne, 2 822 \u20ac \u00e0 leurs assurances primordiales<\/h2>\n\n\n\n<div style=\"height:10px\" aria-hidden=\"true\" class=\"wp-block-spacer\"><\/div>\n\n\n\n<p>En 2023, les Fran\u00e7ais ont consacr\u00e9 <strong>en moyenne 2 822 \u20ac <\/strong>aux assurances essentielles, \u00e0 savoir <strong>la mutuelle sant\u00e9, l&rsquo;assurance habitation et l&rsquo;assurance auto<\/strong>. La mutuelle sant\u00e9 repr\u00e9sente la plus grande part de ces d\u00e9penses, avec 1 786 \u20ac par an. Elle est suivie de l&rsquo;assurance auto, qui co\u00fbte en moyenne 710 \u20ac annuellement, et de l&rsquo;assurance habitation, \u00e0 326 \u20ac par an. <\/p>\n\n\n\n<div style=\"height:30px\" aria-hidden=\"true\" class=\"wp-block-spacer\"><\/div>\n\n\n\n<div class=\"flourish-embed flourish-chart\" data-src=\"visualisation\/15221741\"><script src=\"https:\/\/public.flourish.studio\/resources\/embed.js\"><\/script><\/div>\n\n\n\n<div style=\"height:30px\" aria-hidden=\"true\" class=\"wp-block-spacer\"><\/div>\n\n\n\n<p>Pour l&rsquo;ann\u00e9e \u00e0 venir, il faudra ajuster ces postes de d\u00e9penses. En effet, selon les donn\u00e9es de nos partenaires, les assureurs pr\u00e9voient <strong>d&rsquo;augmenter leurs tarifs de 8,24 % en moyenne entre 2023 et 2024<\/strong>. Cela repr\u00e9sente une diff\u00e9rence de 5,88 points de pourcentage par rapport \u00e0 la hausse de l&rsquo;indice de consommation annonc\u00e9 par l&rsquo;INSEE.<\/p>\n\n\n\n<div style=\"height:30px\" aria-hidden=\"true\" class=\"wp-block-spacer\"><\/div>\n\n\n\n<figure class=\"wp-block-table is-style-header-simple\"><table><thead><tr><th class=\"has-text-align-center\" data-align=\"center\">% d&rsquo;augmentation des assurances<\/th><th class=\"has-text-align-center\" data-align=\"center\">% d&rsquo;augmentation de l&rsquo;inflation<\/th><\/tr><\/thead><tbody><tr><td class=\"has-text-align-center\" data-align=\"center\">8,24 %<\/td><td class=\"has-text-align-center\" data-align=\"center\">2,40 %<\/td><\/tr><\/tbody><\/table><figcaption>Donn\u00e9es internes de R\u00e9assurez-moi et site de l&rsquo;INSEE<\/figcaption><\/figure>\n\n\n\n<div style=\"height:30px\" aria-hidden=\"true\" class=\"wp-block-spacer\"><\/div>\n\n\n\n<div style=\"height:0px\" aria-hidden=\"true\" class=\"wp-block-spacer\"><\/div>\n\n\n\n<p>La hausse de 8,24 % est principalement influenc\u00e9e par les mutuelles sant\u00e9 qui envisagent d&rsquo;augmenter leurs tarifs de 11 % \u00e0 elles seules. En comparaison, l&rsquo;assurance habitation devrait conna\u00eetre une augmentation de 5 % et l&rsquo;assurance automobile de 4 %. <\/p>\n\n\n\n<div style=\"height:30px\" aria-hidden=\"true\" class=\"wp-block-spacer\"><\/div>\n\n\n\n<div class=\"flourish-embed flourish-chart\" data-src=\"visualisation\/15221832\"><script src=\"https:\/\/public.flourish.studio\/resources\/embed.js\"><\/script><\/div>\n\n\n\n<div style=\"height:30px\" aria-hidden=\"true\" class=\"wp-block-spacer\"><\/div>\n\n\n\n<p>Ainsi, en incluant ces donn\u00e9es, les d\u00e9penses moyennes d&rsquo;assurances devraient s&rsquo;\u00e9tablir \u00e0 3 055 \u20ac pour les m\u00e9nages fran\u00e7ais en 2024. <\/p>\n\n\n\n<div style=\"height:20px\" aria-hidden=\"true\" class=\"wp-block-spacer\"><\/div>\n\n\n\n<h2 class=\"wp-block-heading\"><strong>Les d\u00e9penses moyennes d&rsquo;assurance par profil <\/strong>: familles, retrait\u00e9s, actifs<\/h2>\n\n\n\n<div style=\"height:10px\" aria-hidden=\"true\" class=\"wp-block-spacer\"><\/div>\n\n\n\n<p>+ 7,26 % pour les d\u00e9penses d&rsquo;assurances moyenne <strong>pour les familles<\/strong> (2 adultes, 2 enfants) : <\/p>\n\n\n\n<figure class=\"wp-block-table is-style-header-double\"><table><thead><tr><th><\/th><th class=\"has-text-align-center\" data-align=\"center\">2023<\/th><th class=\"has-text-align-center\" data-align=\"center\">2024<\/th><\/tr><\/thead><tbody><tr><td><strong>Mutuelle Sant\u00e9<\/strong><\/td><td class=\"has-text-align-center\" data-align=\"center\">1 267 \u20ac<\/td><td class=\"has-text-align-center\" data-align=\"center\">1 400 \u20ac<\/td><\/tr><tr><td><strong>Assurance Habitation<\/strong><\/td><td class=\"has-text-align-center\" data-align=\"center\">408 \u20ac<\/td><td class=\"has-text-align-center\" data-align=\"center\">428 \u20ac <\/td><\/tr><tr><td><strong>Assurance Auto<\/strong><\/td><td class=\"has-text-align-center\" data-align=\"center\">984 \u20ac<\/td><td class=\"has-text-align-center\" data-align=\"center\">1 024 \u20ac<\/td><\/tr><tr><td><strong>Total<\/strong><\/td><td class=\"has-text-align-center\" data-align=\"center\">2 659 \u20ac<\/td><td class=\"has-text-align-center\" data-align=\"center\">2 852 \u20ac<\/td><\/tr><\/tbody><\/table><\/figure>\n\n\n\n<div style=\"height:30px\" aria-hidden=\"true\" class=\"wp-block-spacer\"><\/div>\n\n\n\n<p>+ 9,27 % sur les d\u00e9penses d&rsquo;assurances moyenne <strong>pour les retrait\u00e9s <\/strong>(couple) : <\/p>\n\n\n\n<figure class=\"wp-block-table is-style-header-double\"><table><thead><tr><th><\/th><th class=\"has-text-align-center\" data-align=\"center\">2023<\/th><th class=\"has-text-align-center\" data-align=\"center\">2024<\/th><\/tr><\/thead><tbody><tr><td><strong>Mutuelle Sant\u00e9<\/strong><\/td><td class=\"has-text-align-center\" data-align=\"center\">2 852 \u20ac<\/td><td class=\"has-text-align-center\" data-align=\"center\">3 151 \u20ac<\/td><\/tr><tr><td><strong>Assurance Habitation<\/strong><\/td><td class=\"has-text-align-center\" data-align=\"center\">313 \u20ac<\/td><td class=\"has-text-align-center\" data-align=\"center\">329 \u20ac<\/td><\/tr><tr><td><strong>Assurance Auto<\/strong><\/td><td class=\"has-text-align-center\" data-align=\"center\">414 \u20ac<\/td><td class=\"has-text-align-center\" data-align=\"center\">430 \u20ac<\/td><\/tr><tr><td><strong>Total<\/strong><\/td><td class=\"has-text-align-center\" data-align=\"center\">3 579 \u20ac<\/td><td class=\"has-text-align-center\" data-align=\"center\">3 911 \u20ac<\/td><\/tr><\/tbody><\/table><\/figure>\n\n\n\n<div style=\"height:30px\" aria-hidden=\"true\" class=\"wp-block-spacer\"><\/div>\n\n\n\n<p>+ 7,90 % sur les d\u00e9penses d&rsquo;assurances moyenne <strong>pour les actifs <\/strong>(une personne) : <\/p>\n\n\n\n<figure class=\"wp-block-table is-style-header-double\"><table><thead><tr><th><\/th><th class=\"has-text-align-center\" data-align=\"center\">2023<\/th><th class=\"has-text-align-center\" data-align=\"center\">2024<\/th><\/tr><\/thead><tbody><tr><td><strong>Mutuelle Sant\u00e9<\/strong><\/td><td class=\"has-text-align-center\" data-align=\"center\">1 164 \u20ac<\/td><td class=\"has-text-align-center\" data-align=\"center\">1 286 \u20ac<\/td><\/tr><tr><td><strong>Assurance Habitation<\/strong><\/td><td class=\"has-text-align-center\" data-align=\"center\">194 \u20ac<\/td><td class=\"has-text-align-center\" data-align=\"center\">204 \u20ac<\/td><\/tr><tr><td><strong>Assurance Auto<\/strong><\/td><td class=\"has-text-align-center\" data-align=\"center\">641 \u20ac<\/td><td class=\"has-text-align-center\" data-align=\"center\">667 \u20ac<\/td><\/tr><tr><td><strong>Total<\/strong><\/td><td class=\"has-text-align-center\" data-align=\"center\">1 999 \u20ac<\/td><td class=\"has-text-align-center\" data-align=\"center\">2 157 \u20ac<\/td><\/tr><\/tbody><\/table><\/figure>\n\n\n\n<div style=\"height:10px\" aria-hidden=\"true\" class=\"wp-block-spacer\"><\/div>\n\n\n\n<h2 class=\"wp-block-heading\">Hausse de 8,24 % des d\u00e9penses d&rsquo;assurances entre 2023 et 2024. Explications<\/h2>\n\n\n\n<div style=\"height:10px\" aria-hidden=\"true\" class=\"wp-block-spacer\"><\/div>\n\n\n\n<h3 class=\"wp-block-heading\">Focus sur les augmentations de mutuelle sant\u00e9 <\/h3>\n\n\n\n<p>La hausse des d\u00e9penses des mutuelles sant\u00e9 <strong>de + 11 % en moyenne<\/strong> pr\u00e9vue serait due \u00e0 : <\/p>\n\n\n\n<ul class=\"wp-block-list\"><li>de l\u2019augmentation du prix de la consultation m\u00e9dicale (+ 1,5 \u20ac pour un m\u00e9decin g\u00e9n\u00e9raliste), <\/li><li>de l&rsquo;augmentation du prix de certains m\u00e9dicaments (comme par exemple, l&rsquo;amoxicilline qui va voir son tarif grimper de 10 % soit un peu moins de 0,60 \u20ac), <\/li><li>d&rsquo;une anticipation de l&rsquo;\u00e9tape 2 de la r\u00e9forme 100 % sant\u00e9, annonc\u00e9e par Fran\u00e7ois Braun, alors ministre de la sant\u00e9 en d\u00e9but d&rsquo;ann\u00e9e 2023. <\/li><\/ul>\n\n\n\n<div style=\"height:10px\" aria-hidden=\"true\" class=\"wp-block-spacer\"><\/div>\n\n\n\n<h3 class=\"wp-block-heading\">Focus sur les augmentations d&rsquo;assurance habitation<\/h3>\n\n\n\n<div style=\"height:0px\" aria-hidden=\"true\" class=\"wp-block-spacer\"><\/div>\n\n\n\n<p>La hausse des d\u00e9penses d&rsquo;assurance habitation <strong>de + 5 % en moyenne<\/strong> pr\u00e9vue serait due \u00e0 : <\/p>\n\n\n\n<ul class=\"wp-block-list\"><li>l\u2019augmentation constantes des cambriolages, <\/li><li>la fr\u00e9quence des catastrophes naturelles (s\u00e9cheresse, inondation, orages ou gr\u00eales) qui ne cessent de cro\u00eetre, obligeant les assureurs \u00e0 supporter de lourdes charges de dommages et indemnisations. <\/li><\/ul>\n\n\n\n<div style=\"height:10px\" aria-hidden=\"true\" class=\"wp-block-spacer\"><\/div>\n\n\n\n<h3 class=\"wp-block-heading\">Focus sur les augmentations d&rsquo;assurance automobile<\/h3>\n\n\n\n<p>Les tarifs d\u2019assurance auto ne sont pas exclus, et vont eux aussi, subir <strong>une hausse aux alentours de + 4%<\/strong> entre 2023 et 2024 en raison de :&nbsp;<\/p>\n\n\n\n<ul class=\"wp-block-list\"><li>l\u2019inflation g\u00e9n\u00e9rale \u00e0 la consommation qui se r\u00e9percute sur le prix des pi\u00e8ces d\u00e9tach\u00e9es<\/li><li>ou encore les d\u00e9gradations li\u00e9es aux \u00e9meutes. En effet, sur 15 600 sinistres d\u00e9clar\u00e9s apr\u00e8s Juin 2023, 7 176 ont concern\u00e9 des dommages sur v\u00e9hicules pour un co\u00fbt total de 43,8 millions d\u2019euros.&nbsp;&nbsp;<\/li><\/ul>\n\n\n\n<div style=\"height:20px\" aria-hidden=\"true\" class=\"wp-block-spacer\"><\/div>\n\n\n\n<h2 class=\"wp-block-heading\">Les d\u00e9penses d&rsquo;assurances par r\u00e9gion de France<\/h2>\n\n\n\n<p>Qu&rsquo;il s&rsquo;agisse de mutuelles sant\u00e9, d&rsquo;assurances habitation ou auto, nos experts ont observ\u00e9 des variations r\u00e9gionales. Ci-dessous, nous vous pr\u00e9sentons les tarifs selon les zones : <\/p>\n\n\n\n<div style=\"height:20px\" aria-hidden=\"true\" class=\"wp-block-spacer\"><\/div>\n\n\n\n<div class=\"flourish-embed flourish-map\" data-src=\"visualisation\/15226766\" style=\"margin:auto; width:60%\"><script src=\"https:\/\/public.flourish.studio\/resources\/embed.js\"><\/script><\/div>\n\n\n\n<div style=\"height:30px\" aria-hidden=\"true\" class=\"wp-block-spacer\"><\/div>\n\n\n\n<div class=\"flourish-embed flourish-map\" data-src=\"visualisation\/15210442\" style=\"margin:auto; width:60%\"><script src=\"https:\/\/public.flourish.studio\/resources\/embed.js\"><\/script><\/div>\n\n\n\n<div style=\"height:30px\" aria-hidden=\"true\" class=\"wp-block-spacer\"><\/div>\n\n\n\n<div class=\"flourish-embed flourish-map\" data-src=\"visualisation\/15210587\" style=\"margin:auto; width:60%\"><script src=\"https:\/\/public.flourish.studio\/resources\/embed.js\"><\/script><\/div>\n\n\n\n<div style=\"height:60px\" aria-hidden=\"true\" class=\"wp-block-spacer\"><\/div>\n\n\n\n<div class=\"wp-block-columns are-vertically-aligned-center is-layout-flex wp-container-core-columns-is-layout-1 wp-block-columns-is-layout-flex\">\n<div class=\"wp-block-column is-vertically-aligned-center is-style-green-top-border has-background is-layout-flow wp-block-column-is-layout-flow\" style=\"background-color:#093e78\">\n<p class=\"has-white-color has-text-color\" style=\"font-size:28px; color:#fff\"><strong> Notre m\u00e9thodologie<\/strong><\/p>\n\n\n\n<p class=\"has-white-color has-text-color\"><\/p><li style=\"color: #fff\"> Les chiffres de cet article ont \u00e9t\u00e9 calcul\u00e9 par nos data analysts \u00e0 partir des donn\u00e9es internes de R\u00e9assurez-moi ainsi que les mises \u00e0 jour tarifaires communiqu\u00e9es par nos diff\u00e9rents partenaires pour 2024.  <\/li><p><\/p>\n<\/div>\n<\/div>\n\n\n\n<div style=\"height:100px\" aria-hidden=\"true\" class=\"wp-block-spacer\"><\/div>\n","protected":false},"excerpt":{"rendered":"<p>Pour la plupart des assureurs, la rentr\u00e9e est synonyme de r\u00e9ajustement des cotisations. Une pression suppl\u00e9mentaire sur le budget des m\u00e9nages. En 2024, on anticipe une augmentation de 8,24 % des co\u00fbts globaux en mati\u00e8re d\u2019assurance. Notre \u00e9tude d\u00e9taille les assurances les plus impact\u00e9es (mutuelle sant\u00e9, assurance habitation et assurance automobile), par profil et par\u2026<\/p>\n","protected":false},"author":67,"featured_media":0,"parent":48073,"menu_order":0,"comment_status":"open","ping_status":"closed","template":"pages\/page-no-sidebar.php","meta":{"_acf_changed":false,"footnotes":""},"categories":[496],"page_topic":[592],"class_list":["post-197169","page","type-page","status-publish","hentry","category-etudes"],"yoast_head":"<!-- This site is optimized with the Yoast SEO plugin v24.7 - https:\/\/yoast.com\/wordpress\/plugins\/seo\/ -->\n<title>[\u00c9tude] - Le Barom\u00e8tre de l&#039;assurance des Fran\u00e7ais Janvier 2024 | R\u00e9assurez-moi<\/title>\n<meta name=\"description\" content=\"Barom\u00e8tre de l\u2019assurance : prix moyens 2023 et estimations 2024 par profil et par r\u00e9gion. Analyse compl\u00e8te et chiffres cl\u00e9s.\" \/>\n<meta name=\"robots\" content=\"index, follow, max-snippet:-1, max-image-preview:large, max-video-preview:-1\" \/>\n<link rel=\"canonical\" href=\"https:\/\/guide.reassurez-moi.fr\/guide\/assurance\/chiffres-cles\" \/>\n<meta property=\"og:locale\" content=\"fr_FR\" \/>\n<meta property=\"og:type\" content=\"article\" \/>\n<meta property=\"og:title\" content=\"[\u00c9tude] - Le Barom\u00e8tre de l&#039;assurance des Fran\u00e7ais Janvier 2024 | R\u00e9assurez-moi\" \/>\n<meta property=\"og:description\" content=\"Barom\u00e8tre de l\u2019assurance : prix moyens 2023 et estimations 2024 par profil et par r\u00e9gion. Analyse compl\u00e8te et chiffres cl\u00e9s.\" \/>\n<meta property=\"og:url\" content=\"https:\/\/guide.reassurez-moi.fr\/guide\/assurance\/chiffres-cles\" \/>\n<meta property=\"og:site_name\" content=\"R\u00e9assurez-moi\" \/>\n<meta property=\"article:publisher\" content=\"https:\/\/www.facebook.com\/R%c3%a9assurez-moi-209456495889479\/\" \/>\n<meta property=\"article:modified_time\" content=\"2026-02-04T12:50:35+00:00\" \/>\n<meta property=\"og:image\" content=\"https:\/\/guide.reassurez-moi.fr\/guide\/wp-content\/uploads\/2018\/04\/image-de-partage.png\" \/>\n\t<meta property=\"og:image:width\" content=\"500\" \/>\n\t<meta property=\"og:image:height\" content=\"160\" \/>\n\t<meta property=\"og:image:type\" content=\"image\/png\" \/>\n<meta name=\"twitter:card\" content=\"summary_large_image\" \/>\n<meta name=\"twitter:site\" content=\"@reassurezmoi\" \/>\n<meta name=\"twitter:label1\" content=\"Dur\u00e9e de lecture estim\u00e9e\" \/>\n\t<meta name=\"twitter:data1\" content=\"4 minutes\" \/>\n<script type=\"application\/ld+json\" class=\"yoast-schema-graph\">{\"@context\":\"https:\/\/schema.org\",\"@graph\":[{\"@type\":\"WebPage\",\"@id\":\"https:\/\/guide.reassurez-moi.fr\/guide\/assurance\/chiffres-cles\",\"url\":\"https:\/\/guide.reassurez-moi.fr\/guide\/assurance\/chiffres-cles\",\"name\":\"[\u00c9tude] - Le Barom\u00e8tre de l'assurance des Fran\u00e7ais Janvier 2024 | R\u00e9assurez-moi\",\"isPartOf\":{\"@id\":\"https:\/\/guide.reassurez-moi.fr\/guide\/#website\"},\"datePublished\":\"2023-10-05T12:22:56+00:00\",\"dateModified\":\"2026-02-04T12:50:35+00:00\",\"description\":\"Barom\u00e8tre de l\u2019assurance : prix moyens 2023 et estimations 2024 par profil et par r\u00e9gion. Analyse compl\u00e8te et chiffres cl\u00e9s.\",\"breadcrumb\":{\"@id\":\"https:\/\/guide.reassurez-moi.fr\/guide\/assurance\/chiffres-cles#breadcrumb\"},\"inLanguage\":\"fr-FR\",\"potentialAction\":[{\"@type\":\"ReadAction\",\"target\":[\"https:\/\/guide.reassurez-moi.fr\/guide\/assurance\/chiffres-cles\"]}]},{\"@type\":\"BreadcrumbList\",\"@id\":\"https:\/\/guide.reassurez-moi.fr\/guide\/assurance\/chiffres-cles#breadcrumb\",\"itemListElement\":[{\"@type\":\"ListItem\",\"position\":1,\"name\":\"Assurances\",\"item\":\"https:\/\/guide.reassurez-moi.fr\/guide\/\"},{\"@type\":\"ListItem\",\"position\":2,\"name\":\"Guide de l'assurance\",\"item\":\"https:\/\/guide.reassurez-moi.fr\/guide\/assurance\"},{\"@type\":\"ListItem\",\"position\":3,\"name\":\"[\u00c9tude] &#8211; Le Barom\u00e8tre de l&rsquo;assurance des Fran\u00e7ais Janvier 2024\"}]},{\"@type\":\"WebSite\",\"@id\":\"https:\/\/guide.reassurez-moi.fr\/guide\/#website\",\"url\":\"https:\/\/guide.reassurez-moi.fr\/guide\/\",\"name\":\"R\u00e9assurez-moi\",\"description\":\"Comparateur d&#039;assurances\",\"potentialAction\":[{\"@type\":\"SearchAction\",\"target\":{\"@type\":\"EntryPoint\",\"urlTemplate\":\"https:\/\/guide.reassurez-moi.fr\/guide\/?s={search_term_string}\"},\"query-input\":{\"@type\":\"PropertyValueSpecification\",\"valueRequired\":true,\"valueName\":\"search_term_string\"}}],\"inLanguage\":\"fr-FR\"}]}<\/script>\n<!-- \/ Yoast SEO plugin. -->","yoast_head_json":{"title":"[\u00c9tude] - Le Barom\u00e8tre de l'assurance des Fran\u00e7ais Janvier 2024 | R\u00e9assurez-moi","description":"Barom\u00e8tre de l\u2019assurance : prix moyens 2023 et estimations 2024 par profil et par r\u00e9gion. Analyse compl\u00e8te et chiffres cl\u00e9s.","robots":{"index":"index","follow":"follow","max-snippet":"max-snippet:-1","max-image-preview":"max-image-preview:large","max-video-preview":"max-video-preview:-1"},"canonical":"https:\/\/guide.reassurez-moi.fr\/guide\/assurance\/chiffres-cles","og_locale":"fr_FR","og_type":"article","og_title":"[\u00c9tude] - Le Barom\u00e8tre de l'assurance des Fran\u00e7ais Janvier 2024 | R\u00e9assurez-moi","og_description":"Barom\u00e8tre de l\u2019assurance : prix moyens 2023 et estimations 2024 par profil et par r\u00e9gion. Analyse compl\u00e8te et chiffres cl\u00e9s.","og_url":"https:\/\/guide.reassurez-moi.fr\/guide\/assurance\/chiffres-cles","og_site_name":"R\u00e9assurez-moi","article_publisher":"https:\/\/www.facebook.com\/R%c3%a9assurez-moi-209456495889479\/","article_modified_time":"2026-02-04T12:50:35+00:00","og_image":[{"width":500,"height":160,"url":"https:\/\/guide.reassurez-moi.fr\/guide\/wp-content\/uploads\/2018\/04\/image-de-partage.png","type":"image\/png"}],"twitter_card":"summary_large_image","twitter_site":"@reassurezmoi","twitter_misc":{"Dur\u00e9e de lecture estim\u00e9e":"4 minutes"},"schema":{"@context":"https:\/\/schema.org","@graph":[{"@type":"WebPage","@id":"https:\/\/guide.reassurez-moi.fr\/guide\/assurance\/chiffres-cles","url":"https:\/\/guide.reassurez-moi.fr\/guide\/assurance\/chiffres-cles","name":"[\u00c9tude] - Le Barom\u00e8tre de l'assurance des Fran\u00e7ais Janvier 2024 | R\u00e9assurez-moi","isPartOf":{"@id":"https:\/\/guide.reassurez-moi.fr\/guide\/#website"},"datePublished":"2023-10-05T12:22:56+00:00","dateModified":"2026-02-04T12:50:35+00:00","description":"Barom\u00e8tre de l\u2019assurance : prix moyens 2023 et estimations 2024 par profil et par r\u00e9gion. Analyse compl\u00e8te et chiffres cl\u00e9s.","breadcrumb":{"@id":"https:\/\/guide.reassurez-moi.fr\/guide\/assurance\/chiffres-cles#breadcrumb"},"inLanguage":"fr-FR","potentialAction":[{"@type":"ReadAction","target":["https:\/\/guide.reassurez-moi.fr\/guide\/assurance\/chiffres-cles"]}]},{"@type":"BreadcrumbList","@id":"https:\/\/guide.reassurez-moi.fr\/guide\/assurance\/chiffres-cles#breadcrumb","itemListElement":[{"@type":"ListItem","position":1,"name":"Assurances","item":"https:\/\/guide.reassurez-moi.fr\/guide\/"},{"@type":"ListItem","position":2,"name":"Guide de l'assurance","item":"https:\/\/guide.reassurez-moi.fr\/guide\/assurance"},{"@type":"ListItem","position":3,"name":"[\u00c9tude] &#8211; Le Barom\u00e8tre de l&rsquo;assurance des Fran\u00e7ais Janvier 2024"}]},{"@type":"WebSite","@id":"https:\/\/guide.reassurez-moi.fr\/guide\/#website","url":"https:\/\/guide.reassurez-moi.fr\/guide\/","name":"R\u00e9assurez-moi","description":"Comparateur d&#039;assurances","potentialAction":[{"@type":"SearchAction","target":{"@type":"EntryPoint","urlTemplate":"https:\/\/guide.reassurez-moi.fr\/guide\/?s={search_term_string}"},"query-input":{"@type":"PropertyValueSpecification","valueRequired":true,"valueName":"search_term_string"}}],"inLanguage":"fr-FR"}]}},"acf":[],"_links":{"self":[{"href":"https:\/\/guide.reassurez-moi.fr\/guide\/wp-json\/wp\/v2\/pages\/197169","targetHints":{"allow":["GET"]}}],"collection":[{"href":"https:\/\/guide.reassurez-moi.fr\/guide\/wp-json\/wp\/v2\/pages"}],"about":[{"href":"https:\/\/guide.reassurez-moi.fr\/guide\/wp-json\/wp\/v2\/types\/page"}],"author":[{"embeddable":true,"href":"https:\/\/guide.reassurez-moi.fr\/guide\/wp-json\/wp\/v2\/users\/67"}],"replies":[{"embeddable":true,"href":"https:\/\/guide.reassurez-moi.fr\/guide\/wp-json\/wp\/v2\/comments?post=197169"}],"version-history":[{"count":2,"href":"https:\/\/guide.reassurez-moi.fr\/guide\/wp-json\/wp\/v2\/pages\/197169\/revisions"}],"predecessor-version":[{"id":202443,"href":"https:\/\/guide.reassurez-moi.fr\/guide\/wp-json\/wp\/v2\/pages\/197169\/revisions\/202443"}],"up":[{"embeddable":true,"href":"https:\/\/guide.reassurez-moi.fr\/guide\/wp-json\/wp\/v2\/pages\/48073"}],"wp:attachment":[{"href":"https:\/\/guide.reassurez-moi.fr\/guide\/wp-json\/wp\/v2\/media?parent=197169"}],"wp:term":[{"taxonomy":"category","embeddable":true,"href":"https:\/\/guide.reassurez-moi.fr\/guide\/wp-json\/wp\/v2\/categories?post=197169"},{"taxonomy":"page_topic","embeddable":true,"href":"https:\/\/guide.reassurez-moi.fr\/guide\/wp-json\/wp\/v2\/page_topic?post=197169"}],"curies":[{"name":"wp","href":"https:\/\/api.w.org\/{rel}","templated":true}]}}