{"id":201932,"date":"2024-05-21T12:09:27","date_gmt":"2024-05-21T10:09:27","guid":{"rendered":"https:\/\/reassurez-moi.fr\/guide\/?page_id=201932"},"modified":"2026-02-02T15:54:15","modified_gmt":"2026-02-02T14:54:15","slug":"tns","status":"publish","type":"page","link":"https:\/\/guide.reassurez-moi.fr\/guide\/per\/tns","title":{"rendered":"PER &#8211; TNS"},"content":{"rendered":"\n<h1 class=\"wp-block-heading\">Comment bien choisir son PER quand on est TNS ?<\/h1>\n\n\n\n<p><strong>Depuis 2019, les Travailleurs Non Salari\u00e9s (TNS) peuvent ouvrir un PER individuel. Ce nouveau produit d\u2019\u00e9pargne vient remplacer les anciens contrats Madelin et Perco, en permettant aux TNS de pr\u00e9parer leur retraite tout en d\u00e9fiscalisant. Comment fonctionne le contrat PER pour les TNS ? Quel est son plafond ? Quels sont ses avantages fiscaux ? Nos experts r\u00e9pondent \u00e0 toutes vos questions !<\/strong><\/p>\n\n\n\n<h2 class=\"wp-block-heading\">Quel est le calcul du plafond PER pour les TNS ?<\/h2>\n\n\n\n<p><strong>Il n\u2019y a pas de <a href=\"https:\/\/reassurez-moi.fr\/guide\/per\/plafond\">plafond<\/a> de cotisation pour les TNS<\/strong>. Il est possible de cotiser tous les mois, tous les trimestres, tous les semestres ou tous les ans.\u00a0<\/p>\n\n\n\n<p><strong>Toutefois, il existe un plafond de d\u00e9duction fiscale<\/strong> en fonction des b\u00e9n\u00e9fices et du plafond annuel de la S\u00e9curit\u00e9 sociale.\u00a0<\/p>\n\n\n\n<p><strong>Pour les Travailleurs Non Salari\u00e9s (TNS), le plafond \u00e9pargne retraite est d\u00e9termin\u00e9 par l\u2019Administration fiscale et correspond au montant le plus \u00e9lev\u00e9 entre :<\/strong>\u00a0<\/p>\n\n\n\n<ul class=\"wp-block-list\"><li>10 % du PASS de l\u2019ann\u00e9e N-1 (4 399 \u20ac) + 15 % du b\u00e9n\u00e9fice imposable compris entre 1 et 8 PASS de l\u2019ann\u00e9e des versements ;<\/li><li>10 % du b\u00e9n\u00e9fice imposable de l\u2019ann\u00e9e N plafonn\u00e9 \u00e0 8 PASS N (37 094 \u20ac en 2024) + 15 % du b\u00e9n\u00e9fice imposable compris entre 1 et 8 PASS de l\u2019ann\u00e9e N.<\/li><\/ul>\n\n\n\n<div style=\"height:10px\" aria-hidden=\"true\" class=\"wp-block-spacer\"><\/div>\n\n\n\n<div class=\"wp-block-mars-information icon-arrow\"><i class=\"icon\"><\/i><p><strong>Conseil pour les TNS : <\/strong>v\u00e9rifiez r\u00e9guli\u00e8rement votre plafond de cotisation au PER et ajustez vos versements en cons\u00e9quence pour optimiser votre <a href=\"https:\/\/reassurez-moi.fr\/guide\/per\/fiscalite\">avantage fiscal<\/a> tout en maximisant votre \u00e9pargne-retraite.<\/p><\/div>\n\n\n\n<h2 class=\"wp-block-heading\">PER TNS : quels avantages fiscaux ?<\/h2>\n\n\n\n<p><strong>Le Plan \u00c9pargne Retraite offre plusieurs avantages aux Travailleurs Non Salari\u00e9s :\u00a0<\/strong><\/p>\n\n\n\n<ul class=\"is-style-pros-2 wp-block-list\"><li><strong>La d\u00e9duction des cotisations<\/strong> : elles sont d\u00e9ductibles des revenus professionnels non salari\u00e9s. Le TNS peut r\u00e9duire son assiette d\u2019imposition et donc payer moins d\u2019imp\u00f4ts sur le revenu.<\/li><li><strong>L\u2019exon\u00e9ration des plus-values<\/strong> : elles sont exon\u00e9r\u00e9es d\u2019imp\u00f4t sur le revenu pendant la phase d\u2019\u00e9pargne. Le TNS peut faire fructifier son \u00e9pargne retraite sans avoir \u00e0 payer d\u2019imp\u00f4ts sur les gains.<\/li><li><strong>Une imposition avantageuse \u00e0 la retraite<\/strong> : 30 %, pr\u00e9l\u00e8vements sociaux non d\u00e9ductibles.<\/li><li><strong>L\u2019exon\u00e9ration des droits de succession<\/strong> : le capital accumul\u00e9 est exon\u00e9r\u00e9 de droits de succession en cas de d\u00e9c\u00e8s du TNS, \u00e0 condition que les b\u00e9n\u00e9ficiaires soient des membres de la famille ou des personnes d\u00e9sign\u00e9es par le TNS.<\/li><\/ul>\n\n\n\n<div style=\"height:10px\" aria-hidden=\"true\" class=\"wp-block-spacer\"><\/div>\n\n\n\n<div class=\"wp-block-mars-information icon-info\"><i class=\"icon\"><\/i><p><strong>Exemple : <\/strong>Si vous d\u00e9clarez des revenus \u00e0 hauteur de 30 000 \u20ac et que vous avez vers\u00e9 5\u202f000 \u20ac sur votre PER sur l&rsquo;ann\u00e9e, votre imp\u00f4t sur le revenu ne sera calcul\u00e9 que sur 25\u202f000 \u20ac.<\/p><\/div>\n\n\n\n<div style=\"height:20px\" aria-hidden=\"true\" class=\"wp-block-spacer\"><\/div>\n\n\n\n<p><strong>Vous \u00eates TNS et vous souhaitez <a href=\"https:\/\/reassurez-moi.fr\/guide\/per\/ouvrir\">ouvrir un PER<\/a> ? Voici les diff\u00e9rentes offres du march\u00e9. Comparez et choisissez la meilleure.<\/strong><\/p>\n\n\n\n<div class=\"flex  wp-block-rm-advertizing-block fix-in-sidebar\"><div class=\"image-container flex justify-center align-items-center py-3\"><img decoding=\"async\" src=\"https:\/\/guide.reassurez-moi.fr\/guide\/wp-content\/uploads\/2025\/06\/team_opti_short.png\" alt=\"reassurez-moi illustration\" class=\"wp-block-rm-advertizing-image\" loading=\"lazy\"\/><\/div><div class=\"\n                    rm-advertblock-container\n                    flex flex-column justify-center\n                    align-items-start\n                \"><p class=\"wp-block-rm-advertizing-text\n                              \n                            \">Plan \u00c9pargne Retraite : les meilleures offres 2026<\/p><a href=\"https:\/\/reassurez-moi.fr\/guide\/per\/meilleur\" class=\"wp-block-rm-advertizing-button\"><span class=\"wp-block-rm-advertizing-button-text\">Je compare 12 PER<\/span><\/a><\/div><\/div>\n\n\n\n<h2 class=\"wp-block-heading\">Faut-il choisir un PER individuel ou un PER collectif quand on est TNS ?<\/h2>\n\n\n\n<p><strong>Le PER le plus avantageux est le collectif, ou PER d&rsquo;entreprise.<\/strong> Toutefois, il se peut que vous n&rsquo;ayez pas le choix :<\/p>\n\n\n\n<ul class=\"wp-block-list\"><li><strong>Si vous \u00eates TNS et que vous n\u2019employez pas de salari\u00e9s<\/strong>, vous ne pouvez choisir que le PER individuel.\u00a0<\/li><\/ul>\n\n\n\n<ul class=\"wp-block-list\"><li><strong>Si vous avec des salari\u00e9s<\/strong>, vous pouvez vous tourner vers un PER collectif. Dans ce cas, si l\u2019employeur verse un abondement \u00e0 son employ\u00e9, il peut profiter de certains avantages fiscaux.<br><\/li><\/ul>\n\n\n\n<p><strong>La mise en place d\u2019un PER collectif<\/strong> est possible \u00e0 partir d\u2019un salari\u00e9 (m\u00eame \u00e0 temps partiel), en plus du dirigeant non salari\u00e9.\u00a0<\/p>\n\n\n\n<h2 class=\"wp-block-heading\">Existe-t-il un PER pour TNS pay\u00e9 par l\u2019entreprise ?<\/h2>\n\n\n\n<p><strong>La r\u00e9ponse est oui ! Il existe un PER pour TNS pay\u00e9 par l\u2019entreprise.<\/strong>\u00a0<\/p>\n\n\n\n<p><strong>On l\u2019appelle le PER individuel pay\u00e9 par l\u2019entreprise ou PER entreprise<\/strong>. C\u2019est un contrat d\u2019\u00e9pargne retraite souscrit par l\u2019entreprise pour le compte de son dirigeant TNS.<\/p>\n\n\n\n<p><strong>L\u2019entreprise verse des cotisations sur le PER du TNS<\/strong>, qui sont d\u00e9ductibles du r\u00e9sultat de l\u2019entreprise et ne sont pas soumises aux cotisation sociales.<\/p>\n\n\n\n<p><strong>Le Travailleur Non Salari\u00e9 re\u00e7oit alors sa retraite sous forme de rente viag\u00e8re, de capital ou d\u2019une combinaison des deux<\/strong>. Les produits de la retraite sont impos\u00e9s au taux forfaitaire d\u2019imp\u00f4t sur le revenu de 30 %.<\/p>\n\n\n\n<div style=\"height:50px\" aria-hidden=\"true\" class=\"wp-block-spacer\"><\/div>\n\n\n\n<h2 class=\"wp-block-heading\">FAQ<\/h2>\n\n\n\n<div class=\"schema-faq wp-block-yoast-faq-block\"><div class=\"schema-faq-section\" id=\"faq-question-1717489463373\"><h3 class=\"schema-faq-question my-0 font-semibold\">Comment fonctionne le PER quand on est TNS ?<\/h3> <p class=\"schema-faq-answer\"><strong>Le TNS verse des cotisations d\u00e9ductibles du BIC\/BNC<\/strong>. La gestion du capital peut \u00eatre faite par r\u00e9partition, capitalisation ou gestion libre. Le retrait est sous forme de rente, de capital ou mixte \u00e0 la retraite.<\/p> <\/div> <div class=\"schema-faq-section\" id=\"faq-question-1717489471233\"><h3 class=\"schema-faq-question my-0 font-semibold\">Quel est l\u2019avantage fiscal du PER pour les TNS ?<\/h3> <p class=\"schema-faq-answer\"><strong>D\u00e9duction des cotisation, exon\u00e9ration des plus-values pendant la phase d\u2019\u00e9pargne et <a href=\"https:\/\/reassurez-moi.fr\/guide\/per\/fiscalite\">fiscalit\u00e9 avantageuse<\/a> \u00e0 la retraite<\/strong>. En plus, les droits de succession sont exon\u00e9r\u00e9s pour les b\u00e9n\u00e9ficiaires d\u00e9sign\u00e9s.<\/p> <\/div> <div class=\"schema-faq-section\" id=\"faq-question-1717489478436\"><h3 class=\"schema-faq-question my-0 font-semibold\">Comment transf\u00e9rer un madelin vers un PER ?<\/h3> <p class=\"schema-faq-answer\"><strong>Le <a href=\"https:\/\/reassurez-moi.fr\/guide\/per\/transfert\">transfert<\/a> est possible avec des frais et des impacts fiscaux<\/strong>. Nous vous conseillons de v\u00e9rifier les conditions de transfert aupr\u00e8s du gestionnaire du PER et du Madelin, et de privil\u00e9gier un transfert avant la date d\u2019\u00e9ch\u00e9ance du Madelin pour \u00e9viter la perte des avantages fiscaux.\u00a0<\/p> <\/div> <\/div>\n","protected":false},"excerpt":{"rendered":"<p>Comment bien choisir son PER quand on est TNS ? Depuis 2019, les Travailleurs Non Salari\u00e9s (TNS) peuvent ouvrir un PER individuel. Ce nouveau produit d\u2019\u00e9pargne vient remplacer les anciens contrats Madelin et Perco, en permettant aux TNS de pr\u00e9parer leur retraite tout en d\u00e9fiscalisant. Comment fonctionne le contrat PER pour les TNS ? Quel\u2026<\/p>\n","protected":false},"author":86,"featured_media":0,"parent":66263,"menu_order":0,"comment_status":"open","ping_status":"closed","template":"","meta":{"_acf_changed":false,"footnotes":""},"categories":[],"page_topic":[598],"class_list":["post-201932","page","type-page","status-publish","hentry"],"yoast_head":"<!-- This site is optimized with the Yoast SEO plugin v24.7 - https:\/\/yoast.com\/wordpress\/plugins\/seo\/ -->\n<title>PER TNS : Quel PER choisir quand on est Travailleur Non Salari\u00e9 ?<\/title>\n<meta name=\"description\" content=\"Les TNS peuvent ouvrir un PER depuis 2019. Plafond, versements, cotisations, fiscalit\u00e9, avantages, d\u00e9marches : r\u00e9ponses d&#039;experts !\" \/>\n<meta name=\"robots\" content=\"index, follow, max-snippet:-1, max-image-preview:large, max-video-preview:-1\" \/>\n<link rel=\"canonical\" href=\"https:\/\/guide.reassurez-moi.fr\/guide\/per\/tns\" \/>\n<meta property=\"og:locale\" content=\"fr_FR\" \/>\n<meta property=\"og:type\" content=\"article\" \/>\n<meta property=\"og:title\" content=\"PER TNS : Quel PER choisir quand on est Travailleur Non Salari\u00e9 ?\" \/>\n<meta property=\"og:description\" content=\"Les TNS peuvent ouvrir un PER depuis 2019. Plafond, versements, cotisations, fiscalit\u00e9, avantages, d\u00e9marches : r\u00e9ponses d&#039;experts !\" \/>\n<meta property=\"og:url\" content=\"https:\/\/guide.reassurez-moi.fr\/guide\/per\/tns\" \/>\n<meta property=\"og:site_name\" content=\"R\u00e9assurez-moi\" \/>\n<meta property=\"article:publisher\" content=\"https:\/\/www.facebook.com\/R%c3%a9assurez-moi-209456495889479\/\" \/>\n<meta property=\"article:modified_time\" content=\"2026-02-02T14:54:15+00:00\" \/>\n<meta property=\"og:image\" content=\"https:\/\/guide.reassurez-moi.fr\/guide\/wp-content\/uploads\/2018\/04\/image-de-partage.png\" \/>\n\t<meta property=\"og:image:width\" content=\"500\" \/>\n\t<meta property=\"og:image:height\" content=\"160\" \/>\n\t<meta property=\"og:image:type\" content=\"image\/png\" \/>\n<meta name=\"twitter:card\" content=\"summary_large_image\" \/>\n<meta name=\"twitter:site\" content=\"@reassurezmoi\" \/>\n<meta name=\"twitter:label1\" content=\"Dur\u00e9e de lecture estim\u00e9e\" \/>\n\t<meta name=\"twitter:data1\" content=\"4 minutes\" \/>\n<script type=\"application\/ld+json\" class=\"yoast-schema-graph\">{\"@context\":\"https:\/\/schema.org\",\"@graph\":[{\"@type\":[\"WebPage\",\"FAQPage\"],\"@id\":\"https:\/\/guide.reassurez-moi.fr\/guide\/per\/tns\",\"url\":\"https:\/\/guide.reassurez-moi.fr\/guide\/per\/tns\",\"name\":\"PER TNS : Quel PER choisir quand on est Travailleur Non Salari\u00e9 ?\",\"isPartOf\":{\"@id\":\"https:\/\/guide.reassurez-moi.fr\/guide\/#website\"},\"datePublished\":\"2024-05-21T10:09:27+00:00\",\"dateModified\":\"2026-02-02T14:54:15+00:00\",\"description\":\"Les TNS peuvent ouvrir un PER depuis 2019. Plafond, versements, cotisations, fiscalit\u00e9, avantages, d\u00e9marches : r\u00e9ponses d'experts !\",\"breadcrumb\":{\"@id\":\"https:\/\/guide.reassurez-moi.fr\/guide\/per\/tns#breadcrumb\"},\"mainEntity\":[{\"@id\":\"https:\/\/guide.reassurez-moi.fr\/guide\/per\/tns#faq-question-1717489463373\"},{\"@id\":\"https:\/\/guide.reassurez-moi.fr\/guide\/per\/tns#faq-question-1717489471233\"},{\"@id\":\"https:\/\/guide.reassurez-moi.fr\/guide\/per\/tns#faq-question-1717489478436\"}],\"inLanguage\":\"fr-FR\",\"potentialAction\":[{\"@type\":\"ReadAction\",\"target\":[\"https:\/\/guide.reassurez-moi.fr\/guide\/per\/tns\"]}]},{\"@type\":\"BreadcrumbList\",\"@id\":\"https:\/\/guide.reassurez-moi.fr\/guide\/per\/tns#breadcrumb\",\"itemListElement\":[{\"@type\":\"ListItem\",\"position\":1,\"name\":\"Assurances\",\"item\":\"https:\/\/guide.reassurez-moi.fr\/guide\/\"},{\"@type\":\"ListItem\",\"position\":2,\"name\":\"PER\",\"item\":\"https:\/\/guide.reassurez-moi.fr\/guide\/per\"},{\"@type\":\"ListItem\",\"position\":3,\"name\":\"TNS\"}]},{\"@type\":\"WebSite\",\"@id\":\"https:\/\/guide.reassurez-moi.fr\/guide\/#website\",\"url\":\"https:\/\/guide.reassurez-moi.fr\/guide\/\",\"name\":\"R\u00e9assurez-moi\",\"description\":\"Comparateur d&#039;assurances\",\"potentialAction\":[{\"@type\":\"SearchAction\",\"target\":{\"@type\":\"EntryPoint\",\"urlTemplate\":\"https:\/\/guide.reassurez-moi.fr\/guide\/?s={search_term_string}\"},\"query-input\":{\"@type\":\"PropertyValueSpecification\",\"valueRequired\":true,\"valueName\":\"search_term_string\"}}],\"inLanguage\":\"fr-FR\"},{\"@type\":\"Question\",\"@id\":\"https:\/\/guide.reassurez-moi.fr\/guide\/per\/tns#faq-question-1717489463373\",\"position\":1,\"url\":\"https:\/\/guide.reassurez-moi.fr\/guide\/per\/tns#faq-question-1717489463373\",\"name\":\"Comment fonctionne le PER quand on est TNS ?\",\"answerCount\":1,\"acceptedAnswer\":{\"@type\":\"Answer\",\"text\":\"<strong>Le TNS verse des cotisations d\u00e9ductibles du BIC\/BNC<\/strong>. La gestion du capital peut \u00eatre faite par r\u00e9partition, capitalisation ou gestion libre. Le retrait est sous forme de rente, de capital ou mixte \u00e0 la retraite.\",\"inLanguage\":\"fr-FR\"},\"inLanguage\":\"fr-FR\"},{\"@type\":\"Question\",\"@id\":\"https:\/\/guide.reassurez-moi.fr\/guide\/per\/tns#faq-question-1717489471233\",\"position\":2,\"url\":\"https:\/\/guide.reassurez-moi.fr\/guide\/per\/tns#faq-question-1717489471233\",\"name\":\"Quel est l\u2019avantage fiscal du PER pour les TNS ?\",\"answerCount\":1,\"acceptedAnswer\":{\"@type\":\"Answer\",\"text\":\"<strong>D\u00e9duction des cotisation, exon\u00e9ration des plus-values pendant la phase d\u2019\u00e9pargne et <a href=\\\"https:\/\/reassurez-moi.fr\/guide\/per\/fiscalite\\\">fiscalit\u00e9 avantageuse<\/a> \u00e0 la retraite<\/strong>. En plus, les droits de succession sont exon\u00e9r\u00e9s pour les b\u00e9n\u00e9ficiaires d\u00e9sign\u00e9s.\",\"inLanguage\":\"fr-FR\"},\"inLanguage\":\"fr-FR\"},{\"@type\":\"Question\",\"@id\":\"https:\/\/guide.reassurez-moi.fr\/guide\/per\/tns#faq-question-1717489478436\",\"position\":3,\"url\":\"https:\/\/guide.reassurez-moi.fr\/guide\/per\/tns#faq-question-1717489478436\",\"name\":\"Comment transf\u00e9rer un madelin vers un PER ?\",\"answerCount\":1,\"acceptedAnswer\":{\"@type\":\"Answer\",\"text\":\"<strong>Le <a href=\\\"https:\/\/reassurez-moi.fr\/guide\/per\/transfert\\\">transfert<\/a> est possible avec des frais et des impacts fiscaux<\/strong>. Nous vous conseillons de v\u00e9rifier les conditions de transfert aupr\u00e8s du gestionnaire du PER et du Madelin, et de privil\u00e9gier un transfert avant la date d\u2019\u00e9ch\u00e9ance du Madelin pour \u00e9viter la perte des avantages fiscaux.\u00a0\",\"inLanguage\":\"fr-FR\"},\"inLanguage\":\"fr-FR\"}]}<\/script>\n<!-- \/ Yoast SEO plugin. -->","yoast_head_json":{"title":"PER TNS : Quel PER choisir quand on est Travailleur Non Salari\u00e9 ?","description":"Les TNS peuvent ouvrir un PER depuis 2019. Plafond, versements, cotisations, fiscalit\u00e9, avantages, d\u00e9marches : r\u00e9ponses d'experts !","robots":{"index":"index","follow":"follow","max-snippet":"max-snippet:-1","max-image-preview":"max-image-preview:large","max-video-preview":"max-video-preview:-1"},"canonical":"https:\/\/guide.reassurez-moi.fr\/guide\/per\/tns","og_locale":"fr_FR","og_type":"article","og_title":"PER TNS : Quel PER choisir quand on est Travailleur Non Salari\u00e9 ?","og_description":"Les TNS peuvent ouvrir un PER depuis 2019. Plafond, versements, cotisations, fiscalit\u00e9, avantages, d\u00e9marches : r\u00e9ponses d'experts !","og_url":"https:\/\/guide.reassurez-moi.fr\/guide\/per\/tns","og_site_name":"R\u00e9assurez-moi","article_publisher":"https:\/\/www.facebook.com\/R%c3%a9assurez-moi-209456495889479\/","article_modified_time":"2026-02-02T14:54:15+00:00","og_image":[{"width":500,"height":160,"url":"https:\/\/guide.reassurez-moi.fr\/guide\/wp-content\/uploads\/2018\/04\/image-de-partage.png","type":"image\/png"}],"twitter_card":"summary_large_image","twitter_site":"@reassurezmoi","twitter_misc":{"Dur\u00e9e de lecture estim\u00e9e":"4 minutes"},"schema":{"@context":"https:\/\/schema.org","@graph":[{"@type":["WebPage","FAQPage"],"@id":"https:\/\/guide.reassurez-moi.fr\/guide\/per\/tns","url":"https:\/\/guide.reassurez-moi.fr\/guide\/per\/tns","name":"PER TNS : Quel PER choisir quand on est Travailleur Non Salari\u00e9 ?","isPartOf":{"@id":"https:\/\/guide.reassurez-moi.fr\/guide\/#website"},"datePublished":"2024-05-21T10:09:27+00:00","dateModified":"2026-02-02T14:54:15+00:00","description":"Les TNS peuvent ouvrir un PER depuis 2019. Plafond, versements, cotisations, fiscalit\u00e9, avantages, d\u00e9marches : r\u00e9ponses d'experts !","breadcrumb":{"@id":"https:\/\/guide.reassurez-moi.fr\/guide\/per\/tns#breadcrumb"},"mainEntity":[{"@id":"https:\/\/guide.reassurez-moi.fr\/guide\/per\/tns#faq-question-1717489463373"},{"@id":"https:\/\/guide.reassurez-moi.fr\/guide\/per\/tns#faq-question-1717489471233"},{"@id":"https:\/\/guide.reassurez-moi.fr\/guide\/per\/tns#faq-question-1717489478436"}],"inLanguage":"fr-FR","potentialAction":[{"@type":"ReadAction","target":["https:\/\/guide.reassurez-moi.fr\/guide\/per\/tns"]}]},{"@type":"BreadcrumbList","@id":"https:\/\/guide.reassurez-moi.fr\/guide\/per\/tns#breadcrumb","itemListElement":[{"@type":"ListItem","position":1,"name":"Assurances","item":"https:\/\/guide.reassurez-moi.fr\/guide\/"},{"@type":"ListItem","position":2,"name":"PER","item":"https:\/\/guide.reassurez-moi.fr\/guide\/per"},{"@type":"ListItem","position":3,"name":"TNS"}]},{"@type":"WebSite","@id":"https:\/\/guide.reassurez-moi.fr\/guide\/#website","url":"https:\/\/guide.reassurez-moi.fr\/guide\/","name":"R\u00e9assurez-moi","description":"Comparateur d&#039;assurances","potentialAction":[{"@type":"SearchAction","target":{"@type":"EntryPoint","urlTemplate":"https:\/\/guide.reassurez-moi.fr\/guide\/?s={search_term_string}"},"query-input":{"@type":"PropertyValueSpecification","valueRequired":true,"valueName":"search_term_string"}}],"inLanguage":"fr-FR"},{"@type":"Question","@id":"https:\/\/guide.reassurez-moi.fr\/guide\/per\/tns#faq-question-1717489463373","position":1,"url":"https:\/\/guide.reassurez-moi.fr\/guide\/per\/tns#faq-question-1717489463373","name":"Comment fonctionne le PER quand on est TNS ?","answerCount":1,"acceptedAnswer":{"@type":"Answer","text":"<strong>Le TNS verse des cotisations d\u00e9ductibles du BIC\/BNC<\/strong>. La gestion du capital peut \u00eatre faite par r\u00e9partition, capitalisation ou gestion libre. Le retrait est sous forme de rente, de capital ou mixte \u00e0 la retraite.","inLanguage":"fr-FR"},"inLanguage":"fr-FR"},{"@type":"Question","@id":"https:\/\/guide.reassurez-moi.fr\/guide\/per\/tns#faq-question-1717489471233","position":2,"url":"https:\/\/guide.reassurez-moi.fr\/guide\/per\/tns#faq-question-1717489471233","name":"Quel est l\u2019avantage fiscal du PER pour les TNS ?","answerCount":1,"acceptedAnswer":{"@type":"Answer","text":"<strong>D\u00e9duction des cotisation, exon\u00e9ration des plus-values pendant la phase d\u2019\u00e9pargne et <a href=\"https:\/\/reassurez-moi.fr\/guide\/per\/fiscalite\">fiscalit\u00e9 avantageuse<\/a> \u00e0 la retraite<\/strong>. En plus, les droits de succession sont exon\u00e9r\u00e9s pour les b\u00e9n\u00e9ficiaires d\u00e9sign\u00e9s.","inLanguage":"fr-FR"},"inLanguage":"fr-FR"},{"@type":"Question","@id":"https:\/\/guide.reassurez-moi.fr\/guide\/per\/tns#faq-question-1717489478436","position":3,"url":"https:\/\/guide.reassurez-moi.fr\/guide\/per\/tns#faq-question-1717489478436","name":"Comment transf\u00e9rer un madelin vers un PER ?","answerCount":1,"acceptedAnswer":{"@type":"Answer","text":"<strong>Le <a href=\"https:\/\/reassurez-moi.fr\/guide\/per\/transfert\">transfert<\/a> est possible avec des frais et des impacts fiscaux<\/strong>. Nous vous conseillons de v\u00e9rifier les conditions de transfert aupr\u00e8s du gestionnaire du PER et du Madelin, et de privil\u00e9gier un transfert avant la date d\u2019\u00e9ch\u00e9ance du Madelin pour \u00e9viter la perte des avantages fiscaux.\u00a0","inLanguage":"fr-FR"},"inLanguage":"fr-FR"}]}},"acf":[],"_links":{"self":[{"href":"https:\/\/guide.reassurez-moi.fr\/guide\/wp-json\/wp\/v2\/pages\/201932","targetHints":{"allow":["GET"]}}],"collection":[{"href":"https:\/\/guide.reassurez-moi.fr\/guide\/wp-json\/wp\/v2\/pages"}],"about":[{"href":"https:\/\/guide.reassurez-moi.fr\/guide\/wp-json\/wp\/v2\/types\/page"}],"author":[{"embeddable":true,"href":"https:\/\/guide.reassurez-moi.fr\/guide\/wp-json\/wp\/v2\/users\/86"}],"replies":[{"embeddable":true,"href":"https:\/\/guide.reassurez-moi.fr\/guide\/wp-json\/wp\/v2\/comments?post=201932"}],"version-history":[{"count":2,"href":"https:\/\/guide.reassurez-moi.fr\/guide\/wp-json\/wp\/v2\/pages\/201932\/revisions"}],"predecessor-version":[{"id":215978,"href":"https:\/\/guide.reassurez-moi.fr\/guide\/wp-json\/wp\/v2\/pages\/201932\/revisions\/215978"}],"up":[{"embeddable":true,"href":"https:\/\/guide.reassurez-moi.fr\/guide\/wp-json\/wp\/v2\/pages\/66263"}],"wp:attachment":[{"href":"https:\/\/guide.reassurez-moi.fr\/guide\/wp-json\/wp\/v2\/media?parent=201932"}],"wp:term":[{"taxonomy":"category","embeddable":true,"href":"https:\/\/guide.reassurez-moi.fr\/guide\/wp-json\/wp\/v2\/categories?post=201932"},{"taxonomy":"page_topic","embeddable":true,"href":"https:\/\/guide.reassurez-moi.fr\/guide\/wp-json\/wp\/v2\/page_topic?post=201932"}],"curies":[{"name":"wp","href":"https:\/\/api.w.org\/{rel}","templated":true}]}}