{"id":202222,"date":"2024-06-06T18:36:10","date_gmt":"2024-06-06T16:36:10","guid":{"rendered":"https:\/\/reassurez-moi.fr\/guide\/assurance-pret-immobilier\/bnp-paribas"},"modified":"2024-06-06T18:36:10","modified_gmt":"2024-06-06T16:36:10","slug":"bnp-paribas","status":"publish","type":"page","link":"https:\/\/guide.reassurez-moi.fr\/guide\/assurance-pret-immobilier\/bnp-paribas","title":{"rendered":"Assurance de pr\u00eat immobilier BNP Paribas"},"content":{"rendered":"\n<h1 class=\"wp-block-heading\">Notre avis sur l\u2019assurance emprunteur BNP Paribas<\/h1>\n\n\n\n<p>Pr\u00eat \u00e0 concr\u00e9tiser votre projet immobilier ? L&rsquo;assurance de pr\u00eat n&rsquo;est pas \u00e0 n\u00e9gliger : elle s\u00e9curise votre emprunt tout en vous accompagnant dans les al\u00e9as de la vie. D\u00e9couvrez l&rsquo;assurance de pr\u00eat immobilier de de BNP Paribas, ses garanties, ses conditions d\u2019application et son taux. Nous vous offrons aussi notre avis sur l&rsquo;assurance emprunteur BNP Paribas et toutes les cl\u00e9s pour les contacter facilement.<\/p>\n\n\n\n<p><\/p>\n\n\n\n<h2 class=\"wp-block-heading\">Quel est le taux d\u2019assurance de pr\u00eat immobilier BNP Paribas ?<\/h2>\n\n\n\n<p><strong>Le co\u00fbt de l&rsquo;assurance emprunteur BNP Paribas d\u00e9pend principalement de l\u2019\u00e2ge et du montant emprunt\u00e9.<\/strong> Pour un achat r\u00e9sidentiel, le taux de l&rsquo;assurance de pr\u00eat BNP Paribas se situe entre : <\/p>\n\n\n\n<p class=\"has-text-align-center\">0,27 % et 1,6 % du capital.&nbsp;<\/p>\n\n\n\n<p><strong>Le taux propos\u00e9 ne sera d\u00e9finitif qu\u2019apr\u00e8s \u00e9tude de votre dossier. <\/strong>Afin de la comparer (co\u00fbt, garanties, exclusions\u2026) avec d\u2019autres devis d\u2019assurance de pr\u00eat, nous vous proposons notre simulateur gratuit et 100 % en ligne.<\/p>\n\n\n\n<div style=\"height:15px\" aria-hidden=\"true\" class=\"wp-block-spacer\"><\/div>\n\n\n\n\n\n<div class=\"wp-block-rm-advertizing-block fix-in-sidebar advertising-block-sidebar-item\">\n    <div class=\"image-container flex justify-center align-items-center\">\n        <img decoding=\"async\" src=\"https:\/\/guide.reassurez-moi.fr\/guide\/wp-content\/uploads\/2025\/06\/team_opti_short.png\"\n             alt=\"reassurez-moi illustration\"\n             class=\"wp-block-rm-advertizing-image\"\n             loading=\"lazy\"\n        \/>\n    <\/div>\n    <div class=\"rm-advertblock-container flex flex-column justify-center align-items-start\">\n        <p class=\"wp-block-rm-advertizing-text\">\n            Assurance emprunteur\n        <\/p>\n        <p class=\"wp-block-rm-advertizing-sub-text\">\n            les meilleures offres 2026\n        <\/p>\n        <a\n            href=\"https:\/\/reassurez-moi.fr\/simulation-assurance-pret-immobilier\"\n            class=\"wp-block-rm-advertizing-button\"\n        >\n            <span class=\"wp-block-rm-advertizing-button-text\">\n                Comparer\n            <\/span>\n            <span class=\"wp-block-rm-advertizing-button-sub-text\">\n               nos assurances de pr\u00eat\n            <\/span>\n        <\/a>\n    <\/div>\n<\/div>\n\n\n\n<div style=\"height:15px\" aria-hidden=\"true\" class=\"wp-block-spacer\"><\/div>\n\n\n\n<h2 class=\"wp-block-heading\">Assurance de pr\u00eat immobilier BNP Paribas : notre avis&nbsp;<\/h2>\n\n\n\n<div class=\"wp-block-columns is-layout-flex wp-container-core-columns-is-layout-1 wp-block-columns-is-layout-flex\">\n<div class=\"wp-block-column is-style-green-top-border is-layout-flow wp-block-column-is-layout-flow\">\n<p><p>Clauses d&rsquo;exclusion standard, couverture ad\u00e9quate.<\/p><\/p>\n<\/div>\n\n\n\n<div class=\"wp-block-column is-style-red-top-border is-layout-flow wp-block-column-is-layout-flow\">\n<p><p>Certaines garanties n&rsquo;ont pas d&rsquo;\u00e2ge de souscription \u00e9lev\u00e9 comparativement.<\/p><\/p>\n<\/div>\n<\/div>\n\n\n\n<div style=\"height:15px\" aria-hidden=\"true\" class=\"wp-block-spacer\"><\/div>\n\n\n\n<h2 class=\"wp-block-heading\">Quels sont les d\u00e9lais de franchise de l\u2019assurance de pr\u00eat immobilier BNP Paribas ?<\/h2>\n\n\n\n<p><strong>Les d\u00e9lais de franchise correspondent aux p\u00e9riodes cons\u00e9cutives \u00e0 un sinistre pendant lesquelles les prestations ne sont pas dues. <\/strong>Le choix de la dur\u00e9e de la franchise affecte le montant des cotisations et la p\u00e9riode de prise en charge des prestations.<\/p>\n\n\n\n<p><strong>Les d\u00e9lais de franchise applicables<\/strong> sur ce contrat BNP Paribas sont :&nbsp;<\/p>\n\n\n\n<p><p>90 jours cons\u00e9cutifs d\u2019Incapacit\u00e9 Totale de Travail (ITTT).<\/p><\/p>\n\n\n\n<h2 class=\"wp-block-heading\">Quelles sont les exclusions pratiqu\u00e9es par l\u2019assurance emprunteur BNP Paribas ?<\/h2>\n\n\n\n<p><strong>Avant de souscrire \u00e0 l\u2019assurance emprunteur BNP Paribas, il est essentiel de se pencher sur les exclusions pr\u00e9sentes au contrat. <\/strong>Selon les acteurs du march\u00e9, les exclusions vont diff\u00e9rer et peuvent limiter votre protection et vos indemnit\u00e9s en cas de sinistre.&nbsp;<\/p>\n\n\n\n<div style=\"height:15px\" aria-hidden=\"true\" class=\"wp-block-spacer\"><\/div>\n\n\n\n<h3 class=\"wp-block-heading\">Exclusions g\u00e9n\u00e9rales <\/h3>\n\n\n\n<p><strong>Les exclusions applicables \u00e0 toutes les garanties du contrat :<\/strong><\/p>\n\n\n\n<p><ul>\n<li>Suicide dans la premi\u00e8re ann\u00e9e,<\/li>\n<li>Participation active \u00e0 des crimes, d\u00e9lits, duels, ou luttes, exception faite en l\u00e9gitime d\u00e9fense, accomplissement du devoir ou assistance \u00e0 personne en danger,<\/li>\n<li>Cons\u00e9quences de guerres, \u00e9meutes, mouvements populaires hors Espace \u00c9conomique Europ\u00e9en, \u00c9tats-Unis, Canada, ou Suisse,<\/li>\n<li>Effets d&rsquo;explosions, d\u00e9gagements de chaleur, et irradiation dus \u00e0 la transmutation des noyaux d&rsquo;atome,<\/li>\n<li>Tentatives de suicide, faits intentionnels de l\u2019assur\u00e9,<\/li>\n<li>Usage de stup\u00e9fiants ou m\u00e9dicaments non prescrits, \u00e9tat d&rsquo;ivresse, alcoolisme chronique,<\/li>\n<li>Aggravation d&rsquo;une IPP existante non d\u00e9clar\u00e9e \u00e0 l&rsquo;admission.<\/li>\n<\/ul><\/p>\n\n\n\n<div style=\"height:15px\" aria-hidden=\"true\" class=\"wp-block-spacer\"><\/div>\n\n\n\n<h3 class=\"wp-block-heading\">Exclusions de la garantie d\u00e9c\u00e8s<\/h3>\n\n\n\n<p><strong>Les exclusions concernant la garantie d\u00e9c\u00e8s concernent : <\/strong><\/p>\n\n\n\n<p><p>En plus des exclusions g\u00e9n\u00e9rales : Fraude ou tentative de fraude \u00e0 l\u2019occasion d\u2019un sinistre.<\/p><\/p>\n\n\n\n<div style=\"height:15px\" aria-hidden=\"true\" class=\"wp-block-spacer\"><\/div>\n\n\n\n<h3 class=\"wp-block-heading\">Exclusions communes aux garanties invalidit\u00e9 et incapacit\u00e9<\/h3>\n\n\n\n<p><strong>Les exclusions concernant les garanties invalidit\u00e9 et incapacit\u00e9 concernent : <\/strong><\/p>\n\n\n\n<p><ul>\n<li>Maladies et accidents dont la premi\u00e8re constatation m\u00e9dicale est ant\u00e9rieure \u00e0 la prise d\u2019effet de la garantie ITT,<\/li>\n<li>Cong\u00e9 l\u00e9gal de maternit\u00e9 pour les assur\u00e9es exer\u00e7antes.<\/li>\n<\/ul><\/p>\n\n\n\n<div style=\"height:15px\" aria-hidden=\"true\" class=\"wp-block-spacer\"><\/div>\n\n\n\n<h3 class=\"wp-block-heading\">Exclusions sportives applicables \u00e0 toutes les garanties<\/h3>\n\n\n\n<p><strong>Les exclusions concernant les pratiques sportives concernent : <\/strong><\/p>\n\n\n\n<p><p>Identiques aux autres exclusions.<\/p><\/p>\n\n\n\n<div style=\"height:15px\" aria-hidden=\"true\" class=\"wp-block-spacer\"><\/div>\n\n\n<h3>Autres exclusions de garanties<\/h3>\n<!-- \/wp:heading -->\n\n<!-- wp:paragraph -->\n<p><strong>Les autres exclusions de garantie sont : <\/strong><\/p>\n<!-- \/wp:paragraph -->\n\n<!-- wp:paragraph -->\n<p><ul>\n<li>Licenciements notifi\u00e9s avant la prise d&rsquo;effet de la garantie,<\/li>\n<li>Licenciements pour faute grave ou lourde,<\/li>\n<li>Licenciements ne donnant pas droit \u00e0 des allocations ch\u00f4mage par le P\u00f4le Emploi,<\/li>\n<li>D\u00e9missions, y compris celles avec prise en charge par le P\u00f4le Emploi ou des r\u00e9gimes priv\u00e9s,<\/li>\n<li>R\u00e9siliations de contrat de travail en cours ou en fin de p\u00e9riode d\u2019essai,<\/li>\n<li>D\u00e9parts ou mises en retraite, retraite anticip\u00e9e ou pr\u00e9retraite,<\/li>\n<li>Ch\u00f4mage partiel,<\/li>\n<li>Ruptures avant terme ou arriv\u00e9es \u00e0 terme des contrats de travail \u00e0 dur\u00e9e d\u00e9termin\u00e9e durant les 2 premi\u00e8res ann\u00e9es d&rsquo;assurance,<\/li>\n<li>Ruptures conventionnelles selon les articles L. 1237-11 et suivants du Code du travail.<\/li>\n<\/ul><\/p>\n<!-- \/wp:paragraph -->\n\n<!-- wp:spacer {\"height\":\"15px\"} -->\n<div style=\"height:15px\" aria-hidden=\"true\" class=\"wp-block-spacer\"><\/div>\n<!-- \/wp:spacer -->\n<!-- wp:heading -->\n<h2>Quelles sont les limites d\u2019\u00e2ge pour b\u00e9n\u00e9ficier des garanties de l\u2019assurance de pr\u00eat BNP Paribas ?<\/h2>\n<!-- \/wp:heading -->\n\n<!-- wp:table {\"className\":\"is-style-header-simple\"} -->\n<figure class=\"wp-block-table is-style-header-simple\"><table><thead><tr><th><strong>Garanties<\/strong><\/th><th class=\"has-text-align-center\" data-align=\"center\">\u00c2ge limite<\/th><\/tr><\/thead><tbody><tr><td>D\u00e9c\u00e8s<\/td><td class=\"has-text-align-center\" data-align=\"center\">75 ans<\/td><\/tr><tr><td>PTIA (Perte Totale et Irr\u00e9versible d\u2019Autonomie)<\/td><td class=\"has-text-align-center\" data-align=\"center\">65 ans<\/td><\/tr><tr><td>IPT (Invalidit\u00e9 Permanente Totale)<\/td><td class=\"has-text-align-center\" data-align=\"center\">65 ans<\/td><\/tr><tr><td>IP (Invalidit\u00e9 Professionnelle)<\/td><td class=\"has-text-align-center\" data-align=\"center\">65 ans<\/td><\/tr><tr><td>IPP (Invalidit\u00e9 Permanente Partielle)<\/td><td class=\"has-text-align-center\" data-align=\"center\">65 ans<\/td><\/tr><tr><td>ITT (Incapacit\u00e9 Temporaire Totale de travail)<\/td><td class=\"has-text-align-center\" data-align=\"center\">65 ans<\/td><\/tr><tr><td>Perte d'emploi<\/td><td class=\"has-text-align-center\" data-align=\"center\">60 ans<\/td><\/tr><\/tbody><\/table><\/figure>\n<!-- \/wp:table -->\n\n<!-- wp:heading -->\n<h2>Comment contacter l&rsquo;assurance de pr\u00eat immobilier BNP Paribas ?<\/h2>\n<!-- \/wp:heading -->\n\n<!-- wp:paragraph -->\n<p><strong>Vous pouvez contacter BNP Paribas directement sur son site internet<\/strong>, via votre espace client BNP Paribas ou en envoyant un mail \u00e0 l&rsquo;adresse suivante : <\/p>\n<!-- \/wp:paragraph -->\n\n<!-- wp:paragraph -->\n<p><strong>BNP Paribas met \u00e0 votre disposition un num\u00e9ro de t\u00e9l\u00e9phone non surtax\u00e9<\/strong>, pour les joindre du lundi au vendredi de 8h30 \u00e0 17h30 : 01 41 42 83 00.<\/p>\n<!-- \/wp:paragraph -->\n\n<!-- wp:paragraph -->\n<p><strong>Enfin, si vous souhaitez leur \u00e9crire ou vous y rendre physiquement, voici l&rsquo;adresse de BNP Paribas :<\/strong><\/p>\n<!-- \/wp:paragraph -->\n\n<!-- wp:paragraph -->\n<p>BNP Paribas Cardif<br>Service Relation Clients<br>SH 944<br>8 rue du port<br>92 728 Nanterre cedex<\/p>\n<!-- \/wp:paragraph -->\n\n<!-- wp:spacer {\"height\":\"15px\"} -->\n<div style=\"height:15px\" aria-hidden=\"true\" class=\"wp-block-spacer\"><\/div>\n<!-- \/wp:spacer -->","protected":false},"excerpt":{"rendered":"<p>Notre avis sur l\u2019assurance emprunteur BNP Paribas Pr\u00eat \u00e0 concr\u00e9tiser votre projet immobilier ? L&rsquo;assurance de pr\u00eat n&rsquo;est pas \u00e0 n\u00e9gliger : elle s\u00e9curise votre emprunt tout en vous accompagnant dans les al\u00e9as de la vie. D\u00e9couvrez l&rsquo;assurance de pr\u00eat immobilier de de BNP Paribas, ses garanties, ses conditions d\u2019application et son taux. Nous vous [&hellip;]<\/p>\n","protected":false},"author":61,"featured_media":0,"parent":31393,"menu_order":0,"comment_status":"open","ping_status":"closed","template":"","meta":{"_acf_changed":false,"footnotes":""},"categories":[],"page_topic":[540],"class_list":["post-202222","page","type-page","status-publish","hentry"],"yoast_head":"<!-- This site is optimized with the Yoast SEO plugin v24.7 - https:\/\/yoast.com\/wordpress\/plugins\/seo\/ -->\n<title>Notre avis sur l&#039;assurance de pr\u00eat immobilier BNP Paribas | Avis, comparatif &amp; taux <\/title>\n<meta name=\"description\" content=\"Notre avis sur l&#039;assurance emprunteur BNP Paribas - Comparatif avec 25 offres - Toutes les garanties d\u00e9crypt\u00e9es\" \/>\n<meta name=\"robots\" content=\"index, follow, max-snippet:-1, max-image-preview:large, max-video-preview:-1\" \/>\n<link rel=\"canonical\" href=\"https:\/\/guide.reassurez-moi.fr\/guide\/assurance-pret-immobilier\/bnp-paribas\" \/>\n<meta property=\"og:locale\" content=\"fr_FR\" \/>\n<meta property=\"og:type\" content=\"article\" \/>\n<meta property=\"og:title\" content=\"Notre avis sur l&#039;assurance de pr\u00eat immobilier BNP Paribas | Avis, comparatif &amp; taux\" \/>\n<meta property=\"og:description\" content=\"Notre avis sur l&#039;assurance emprunteur BNP Paribas - Comparatif avec 25 offres - Toutes les garanties d\u00e9crypt\u00e9es\" \/>\n<meta property=\"og:url\" content=\"https:\/\/guide.reassurez-moi.fr\/guide\/assurance-pret-immobilier\/bnp-paribas\" \/>\n<meta property=\"og:site_name\" content=\"R\u00e9assurez-moi\" \/>\n<meta property=\"article:publisher\" content=\"https:\/\/www.facebook.com\/R%c3%a9assurez-moi-209456495889479\/\" \/>\n<meta property=\"og:image\" content=\"https:\/\/guide.reassurez-moi.fr\/guide\/wp-content\/uploads\/2018\/04\/image-de-partage.png\" \/>\n\t<meta property=\"og:image:width\" content=\"500\" \/>\n\t<meta property=\"og:image:height\" content=\"160\" \/>\n\t<meta property=\"og:image:type\" content=\"image\/png\" \/>\n<meta name=\"twitter:card\" content=\"summary_large_image\" \/>\n<meta name=\"twitter:site\" content=\"@reassurezmoi\" \/>\n<script type=\"application\/ld+json\" class=\"yoast-schema-graph\">{\"@context\":\"https:\/\/schema.org\",\"@graph\":[{\"@type\":\"WebPage\",\"@id\":\"https:\/\/guide.reassurez-moi.fr\/guide\/assurance-pret-immobilier\/bnp-paribas\",\"url\":\"https:\/\/guide.reassurez-moi.fr\/guide\/assurance-pret-immobilier\/bnp-paribas\",\"name\":\"Assurance de pr\u00eat immobilier BNP Paribas | R\u00e9assurez-moi\",\"isPartOf\":{\"@id\":\"https:\/\/guide.reassurez-moi.fr\/guide\/#website\"},\"datePublished\":\"2024-06-06T16:36:10+00:00\",\"breadcrumb\":{\"@id\":\"https:\/\/guide.reassurez-moi.fr\/guide\/assurance-pret-immobilier\/bnp-paribas#breadcrumb\"},\"inLanguage\":\"fr-FR\",\"potentialAction\":[{\"@type\":\"ReadAction\",\"target\":[\"https:\/\/guide.reassurez-moi.fr\/guide\/assurance-pret-immobilier\/bnp-paribas\"]}]},{\"@type\":\"BreadcrumbList\",\"@id\":\"https:\/\/guide.reassurez-moi.fr\/guide\/assurance-pret-immobilier\/bnp-paribas#breadcrumb\",\"itemListElement\":[{\"@type\":\"ListItem\",\"position\":1,\"name\":\"Assurances\",\"item\":\"https:\/\/guide.reassurez-moi.fr\/guide\/\"},{\"@type\":\"ListItem\",\"position\":2,\"name\":\"Assurance pr\u00eat immobilier\",\"item\":\"https:\/\/guide.reassurez-moi.fr\/guide\/assurance-pret-immobilier\"},{\"@type\":\"ListItem\",\"position\":3,\"name\":\"Assurance de pr\u00eat immobilier BNP Paribas\"}]},{\"@type\":\"WebSite\",\"@id\":\"https:\/\/guide.reassurez-moi.fr\/guide\/#website\",\"url\":\"https:\/\/guide.reassurez-moi.fr\/guide\/\",\"name\":\"R\u00e9assurez-moi\",\"description\":\"Comparateur d&#039;assurances\",\"potentialAction\":[{\"@type\":\"SearchAction\",\"target\":{\"@type\":\"EntryPoint\",\"urlTemplate\":\"https:\/\/guide.reassurez-moi.fr\/guide\/?s={search_term_string}\"},\"query-input\":{\"@type\":\"PropertyValueSpecification\",\"valueRequired\":true,\"valueName\":\"search_term_string\"}}],\"inLanguage\":\"fr-FR\"}]}<\/script>\n<!-- \/ Yoast SEO plugin. -->","yoast_head_json":{"title":"Notre avis sur l'assurance de pr\u00eat immobilier BNP Paribas | Avis, comparatif & taux ","description":"Notre avis sur l'assurance emprunteur BNP Paribas - Comparatif avec 25 offres - Toutes les garanties d\u00e9crypt\u00e9es","robots":{"index":"index","follow":"follow","max-snippet":"max-snippet:-1","max-image-preview":"max-image-preview:large","max-video-preview":"max-video-preview:-1"},"canonical":"https:\/\/guide.reassurez-moi.fr\/guide\/assurance-pret-immobilier\/bnp-paribas","og_locale":"fr_FR","og_type":"article","og_title":"Notre avis sur l'assurance de pr\u00eat immobilier BNP Paribas | Avis, comparatif & taux","og_description":"Notre avis sur l'assurance emprunteur BNP Paribas - Comparatif avec 25 offres - Toutes les garanties d\u00e9crypt\u00e9es","og_url":"https:\/\/guide.reassurez-moi.fr\/guide\/assurance-pret-immobilier\/bnp-paribas","og_site_name":"R\u00e9assurez-moi","article_publisher":"https:\/\/www.facebook.com\/R%c3%a9assurez-moi-209456495889479\/","og_image":[{"width":500,"height":160,"url":"https:\/\/guide.reassurez-moi.fr\/guide\/wp-content\/uploads\/2018\/04\/image-de-partage.png","type":"image\/png"}],"twitter_card":"summary_large_image","twitter_site":"@reassurezmoi","schema":{"@context":"https:\/\/schema.org","@graph":[{"@type":"WebPage","@id":"https:\/\/guide.reassurez-moi.fr\/guide\/assurance-pret-immobilier\/bnp-paribas","url":"https:\/\/guide.reassurez-moi.fr\/guide\/assurance-pret-immobilier\/bnp-paribas","name":"Assurance de pr\u00eat immobilier BNP Paribas | R\u00e9assurez-moi","isPartOf":{"@id":"https:\/\/guide.reassurez-moi.fr\/guide\/#website"},"datePublished":"2024-06-06T16:36:10+00:00","breadcrumb":{"@id":"https:\/\/guide.reassurez-moi.fr\/guide\/assurance-pret-immobilier\/bnp-paribas#breadcrumb"},"inLanguage":"fr-FR","potentialAction":[{"@type":"ReadAction","target":["https:\/\/guide.reassurez-moi.fr\/guide\/assurance-pret-immobilier\/bnp-paribas"]}]},{"@type":"BreadcrumbList","@id":"https:\/\/guide.reassurez-moi.fr\/guide\/assurance-pret-immobilier\/bnp-paribas#breadcrumb","itemListElement":[{"@type":"ListItem","position":1,"name":"Assurances","item":"https:\/\/guide.reassurez-moi.fr\/guide\/"},{"@type":"ListItem","position":2,"name":"Assurance pr\u00eat immobilier","item":"https:\/\/guide.reassurez-moi.fr\/guide\/assurance-pret-immobilier"},{"@type":"ListItem","position":3,"name":"Assurance de pr\u00eat immobilier BNP Paribas"}]},{"@type":"WebSite","@id":"https:\/\/guide.reassurez-moi.fr\/guide\/#website","url":"https:\/\/guide.reassurez-moi.fr\/guide\/","name":"R\u00e9assurez-moi","description":"Comparateur d&#039;assurances","potentialAction":[{"@type":"SearchAction","target":{"@type":"EntryPoint","urlTemplate":"https:\/\/guide.reassurez-moi.fr\/guide\/?s={search_term_string}"},"query-input":{"@type":"PropertyValueSpecification","valueRequired":true,"valueName":"search_term_string"}}],"inLanguage":"fr-FR"}]}},"acf":[],"_links":{"self":[{"href":"https:\/\/guide.reassurez-moi.fr\/guide\/wp-json\/wp\/v2\/pages\/202222","targetHints":{"allow":["GET"]}}],"collection":[{"href":"https:\/\/guide.reassurez-moi.fr\/guide\/wp-json\/wp\/v2\/pages"}],"about":[{"href":"https:\/\/guide.reassurez-moi.fr\/guide\/wp-json\/wp\/v2\/types\/page"}],"author":[{"embeddable":true,"href":"https:\/\/guide.reassurez-moi.fr\/guide\/wp-json\/wp\/v2\/users\/61"}],"replies":[{"embeddable":true,"href":"https:\/\/guide.reassurez-moi.fr\/guide\/wp-json\/wp\/v2\/comments?post=202222"}],"version-history":[{"count":1,"href":"https:\/\/guide.reassurez-moi.fr\/guide\/wp-json\/wp\/v2\/pages\/202222\/revisions"}],"predecessor-version":[{"id":202223,"href":"https:\/\/guide.reassurez-moi.fr\/guide\/wp-json\/wp\/v2\/pages\/202222\/revisions\/202223"}],"up":[{"embeddable":true,"href":"https:\/\/guide.reassurez-moi.fr\/guide\/wp-json\/wp\/v2\/pages\/31393"}],"wp:attachment":[{"href":"https:\/\/guide.reassurez-moi.fr\/guide\/wp-json\/wp\/v2\/media?parent=202222"}],"wp:term":[{"taxonomy":"category","embeddable":true,"href":"https:\/\/guide.reassurez-moi.fr\/guide\/wp-json\/wp\/v2\/categories?post=202222"},{"taxonomy":"page_topic","embeddable":true,"href":"https:\/\/guide.reassurez-moi.fr\/guide\/wp-json\/wp\/v2\/page_topic?post=202222"}],"curies":[{"name":"wp","href":"https:\/\/api.w.org\/{rel}","templated":true}]}}