{"id":204712,"date":"2024-11-06T18:13:34","date_gmt":"2024-11-06T17:13:34","guid":{"rendered":"https:\/\/reassurez-moi.fr\/guide\/?page_id=204712"},"modified":"2025-12-10T10:59:31","modified_gmt":"2025-12-10T09:59:31","slug":"barometre-2025","status":"publish","type":"page","link":"https:\/\/guide.reassurez-moi.fr\/guide\/mutuelle-sante\/barometre-2025","title":{"rendered":"\u00c9tude &#8211; Barom\u00e8tre Mutuelle sant\u00e9 2025"},"content":{"rendered":"\n<h1 class=\"wp-block-heading\">[\u00c9tude] &#8211; Barom\u00e8tre de la Mutuelle sant\u00e9 :<br>Les tarifs augmenteront jusqu\u2019\u00e0 20 % en 2025<\/h1>\n\n\n\n<p><strong>Les cotisations de <a href=\"https:\/\/reassurez-moi.fr\/comparateur-mutuelle-sante\">mutuelle sant\u00e9<\/a><\/strong> vont \u00e0 nouveau conna\u00eetre des <strong>hausses importantes d\u00e8s janvier 2025<\/strong>.<\/p>\n\n\n\n<div style=\"height:10px\" aria-hidden=\"true\" class=\"wp-block-spacer\"><\/div>\n\n\n\n<p>Face \u00e0 l\u2019inflation et aux nouvelles mesures de remboursement mises en place en 2024, <strong>les partenaires de R\u00e9assurez-moi<\/strong> pr\u00e9voient <strong>des augmentations allant de 6 % \u00e0 20 %<\/strong>.<\/p>\n\n\n\n<div style=\"height:10px\" aria-hidden=\"true\" class=\"wp-block-spacer\"><\/div>\n\n\n\n<p>Ces hausses auront des r\u00e9percussions directes sur <strong>le budget des m\u00e9nages fran\u00e7ais<\/strong>.<br><strong>Comment l\u2019augmentation des mutuelles impacte votre budget ?<\/strong><\/p>\n\n\n\n<div style=\"height:10px\" aria-hidden=\"true\" class=\"wp-block-spacer\"><\/div>\n\n\n\n<h2 class=\"wp-block-heading\">En 2025, les Fran\u00e7ais d\u00e9dieront en moyenne 2 177 \u20ac \u00e0 leur mutuelle sant\u00e9<\/h2>\n\n\n\n<p><strong>L\u2019ann\u00e9e 2024<\/strong> a \u00e9t\u00e9 marqu\u00e9e par une consommation accrue de soins et de biens m\u00e9dicaux. En moyenne, un m\u00e9nage fran\u00e7ais a allou\u00e9 <strong>1 973 \u20ac<\/strong> \u00e0 ces d\u00e9penses.<\/p>\n\n\n\n<div style=\"height:10px\" aria-hidden=\"true\" class=\"wp-block-spacer\"><\/div>\n\n\n\n<p><strong>Pour 2025<\/strong>, il faudra encore s\u2019attendre \u00e0 une augmentation des d\u00e9penses de sant\u00e9. En effet, selon les donn\u00e9es de <strong>nos partenaires<\/strong>, les mutuelles pr\u00e9voient d\u2019<strong>augmenter leurs tarifs de 10,35 %<\/strong> en moyenne, soit <strong>200 \u20ac de plus par an<\/strong>. <\/p>\n\n\n\n<p>Cela repr\u00e9sente une <strong>diff\u00e9rence de 8,85 points de pourcentage<\/strong> par rapport \u00e0 la hausse de l\u2019inflation annonc\u00e9e par l\u2019INSEE.<\/p>\n\n\n\n<div style=\"height:20px\" aria-hidden=\"true\" class=\"wp-block-spacer\"><\/div>\n\n\n\n<figure class=\"wp-block-table\"><table><thead><tr><th class=\"has-text-align-center\" data-align=\"center\"><strong>% d\u2019augmentation de la mutuelle sant\u00e9 <\/strong><br><strong>en 2025<\/strong><\/th><th class=\"has-text-align-center\" data-align=\"center\"><strong>% d\u2019augmentation de l\u2019inflation <\/strong><br><strong>en 2025<\/strong><\/th><\/tr><\/thead><tbody><tr><td class=\"has-text-align-center\" data-align=\"center\">10,35 %<\/td><td class=\"has-text-align-center\" data-align=\"center\">1,5 %<\/td><\/tr><\/tbody><\/table><figcaption class=\"wp-element-caption\"><em>Donn\u00e9es internes de R\u00e9assurez-moi et site de l\u2019INSEE<\/em><\/figcaption><\/figure>\n\n\n\n<div style=\"height:20px\" aria-hidden=\"true\" class=\"wp-block-spacer\"><\/div>\n\n\n\n<div class=\"flourish-embed flourish-chart\" data-src=\"visualisation\/20167407\"><script src=\"https:\/\/public.flourish.studio\/resources\/embed.js\"><\/script><noscript><img decoding=\"async\" src=\"https:\/\/public.flourish.studio\/visualisation\/20167407\/thumbnail\" width=\"100%\" alt=\"chart visualization\"><\/noscript><\/div>\n\n\n\n<div style=\"height:20px\" aria-hidden=\"true\" class=\"wp-block-spacer\"><\/div>\n\n\n\n<p><a href=\"https:\/\/reassurez-moi.fr\/guide\/mutuelle-sante\/augmentation-prime#Pourquoi_les_tarifs_des_mutuelles_augmentent-ils\">Les facteurs de <strong>l\u2019augmentation des tarifs des mutuelles<\/strong><\/a> sont :&nbsp;<\/p>\n\n\n\n<ul class=\"wp-block-list is-style-arrow-right\">\n<li><strong>Le vieillissement de la population<\/strong> : une proportion croissante de personnes \u00e2g\u00e9es entra\u00eene un accroissement des soins m\u00e9dicaux, des hospitalisations et des traitements co\u00fbteux.<\/li>\n\n\n\n<li><strong>L\u2019augmentation des affections de longue dur\u00e9e (ALD)<\/strong> : le nombre de patients atteints de maladies chroniques n\u00e9cessitant des traitements r\u00e9guliers (diab\u00e8te, maladies cardiaques, etc.) est en forte croissance<\/li>\n\n\n\n<li><strong>Les dispositifs 100 % Sant\u00e9 et <a href=\"https:\/\/reassurez-moi.fr\/guide\/mutuelle-sante\/mon-parcours-psy\">Mon Soutien Psy<\/a> <\/strong>: ces dispositifs, bien que b\u00e9n\u00e9fiques pour les assur\u00e9s, ont engendr\u00e9 une hausse des frais support\u00e9s par les mutuelles en raison de la prise en charge int\u00e9grale de certains soins (dentaire, optique, auditif) et de la revalorisation des soins psychologiques.<\/li>\n\n\n\n<li><strong>La revalorisation des tarifs m\u00e9dicaux en 2024<\/strong> : l\u2019augmentation des honoraires des professionnels de sant\u00e9 (m\u00e9decins, kin\u00e9sith\u00e9rapeutes, soins dentaires) a alourdi les charges pour les mutuelles, qui r\u00e9percutent une partie de ces co\u00fbts sur les assur\u00e9s.<\/li>\n<\/ul>\n\n\n\n<div style=\"height:20px\" aria-hidden=\"true\" class=\"wp-block-spacer\"><\/div>\n\n\n\n<h2 class=\"wp-block-heading\">Nos partenaires pr\u00e9voient une hausse de leurs tarifs entre 6 et 20 %<\/h2>\n\n\n\n<p>Pour 2025, nos partenaires annoncent <strong>une hausse moyenne de 10,35 % des cotisations<\/strong>, avec des augmentations variant <strong>entre 6 % et 20 % selon les mutuelles<\/strong>. Ces \u00e9carts sont dus \u00e0 :<\/p>\n\n\n\n<ul class=\"wp-block-list is-style-arrow-right\">\n<li><strong>L\u2019\u00e9tendue des garanties<\/strong> : les mutuelles offrant des couvertures \u00e9tendues et des garanties \u00e9lev\u00e9es sont plus expos\u00e9es aux sinistres, d\u2019o\u00f9 une augmentation plus marqu\u00e9e.<\/li>\n\n\n\n<li><strong>La sinistralit\u00e9 \u00e9lev\u00e9e<\/strong> : les contrats avec une forte fr\u00e9quence de remboursements pour des soins co\u00fbteux subissent des hausses plus importantes pour couvrir les charges suppl\u00e9mentaires.<\/li>\n<\/ul>\n\n\n\n<div style=\"height:20px\" aria-hidden=\"true\" class=\"wp-block-spacer\"><\/div>\n\n\n\n<h2 class=\"wp-block-heading\">Les d\u00e9penses moyennes en mutuelle sant\u00e9 par profil : familles, retrait\u00e9s, actifs<\/h2>\n\n\n\n<p><strong>Les <a href=\"https:\/\/reassurez-moi.fr\/guide\/mutuelle-sante\/tarif\">tarifs des mutuelles sant\u00e9<\/a><\/strong> varient en fonction des <a href=\"https:\/\/reassurez-moi.fr\/guide\/mutuelle-sante\/augmentation-prime#Augmentation_mutuelle_2024_differences_selon_les_profils\">besoins de sant\u00e9 des diff\u00e9rents profils<\/a> :&nbsp;<\/p>\n\n\n\n<ul class=\"wp-block-list is-style-pros\">\n<li><strong>Familles<\/strong> : <strong>+ 7,7 %<\/strong> en moyenne, principalement en raison des soins courants pour les enfants et de la pr\u00e9vention (vaccinations, orthodontie).&nbsp;<\/li>\n\n\n\n<li><strong>Retrait\u00e9s<\/strong> : <strong>+ 7,7 %<\/strong> avec des d\u00e9penses accrues pour les soins r\u00e9guliers, les hospitalisations et les ALD.<\/li>\n\n\n\n<li><strong>Actifs<\/strong> : <strong>+ 8,2 %<\/strong>, due en partie \u00e0 l\u2019inflation m\u00e9dicale et aux frais accrus li\u00e9s \u00e0 la revalorisation des soins.<\/li>\n<\/ul>\n\n\n\n<div style=\"height:10px\" aria-hidden=\"true\" class=\"wp-block-spacer\"><\/div>\n\n\n\n<figure class=\"wp-block-table is-style-header-double\"><table><thead><tr><th><\/th><th class=\"has-text-align-center\" data-align=\"center\">2024<\/th><th class=\"has-text-align-center\" data-align=\"center\">2025<\/th><\/tr><\/thead><tbody><tr><td><strong>Familles (2 adultes, 2 enfants)<\/strong><\/td><td class=\"has-text-align-center\" data-align=\"center\">1 400 \u20ac<\/td><td class=\"has-text-align-center\" data-align=\"center\">1 508 \u20ac<\/td><\/tr><tr><td><strong>Retrait\u00e9s (couple)<\/strong><\/td><td class=\"has-text-align-center\" data-align=\"center\">3 151 \u20ac<\/td><td class=\"has-text-align-center\" data-align=\"center\">3 393 \u20ac<\/td><\/tr><tr><td><strong>Actifs (une personne)<\/strong><\/td><td class=\"has-text-align-center\" data-align=\"center\">1 286 \u20ac<\/td><td class=\"has-text-align-center\" data-align=\"center\">1 391 \u20ac<\/td><\/tr><\/tbody><\/table><\/figure>\n\n\n\n<div style=\"height:20px\" aria-hidden=\"true\" class=\"wp-block-spacer\"><\/div>\n\n\n\n<h2 class=\"wp-block-heading\">Les d\u00e9penses en mutuelle sant\u00e9 par r\u00e9gion de France<\/h2>\n\n\n\n<p><strong>Les tarifs des mutuelles sant\u00e9 varient selon les r\u00e9gions<\/strong>. En effet, les zones rurales et les grandes villes font face \u00e0 des r\u00e9alit\u00e9s \u00e9conomiques diff\u00e9rentes.<\/p>\n\n\n\n<div style=\"height:10px\" aria-hidden=\"true\" class=\"wp-block-spacer\"><\/div>\n\n\n\n<div class=\"flourish-embed flourish-map\" data-src=\"visualisation\/20167063\"><script src=\"https:\/\/public.flourish.studio\/resources\/embed.js\"><\/script><noscript><img decoding=\"async\" src=\"https:\/\/public.flourish.studio\/visualisation\/20167063\/thumbnail\" width=\"100%\" alt=\"map visualization\"><\/noscript><\/div>\n\n\n\n<div style=\"height:10px\" aria-hidden=\"true\" class=\"wp-block-spacer\"><\/div>\n\n\n\n<ul class=\"wp-block-list is-style-arrow-right\">\n<li><strong>L\u2019\u00cele-de-France<\/strong> affiche <strong>des cotisations plus \u00e9lev\u00e9es<\/strong> en raison du co\u00fbt des soins et des honoraires des praticiens.&nbsp;<\/li>\n<\/ul>\n\n\n\n<ul class=\"wp-block-list is-style-arrow-right\">\n<li><strong>Dans les zones rurales<\/strong>, <strong>les tarifs sont g\u00e9n\u00e9ralement plus bas<\/strong>, mais l\u2019acc\u00e8s aux soins sp\u00e9cialis\u00e9s peut \u00eatre plus limit\u00e9, entra\u00eenant une d\u00e9pendance plus forte \u00e0 la mutuelle.&nbsp;<\/li>\n<\/ul>\n\n\n\n<ul class=\"wp-block-list is-style-arrow-right\">\n<li><strong>Dans les r\u00e9gions du sud de la France<\/strong>, la demande pour certains types de soins est en hausse. Par exemple, les soins sp\u00e9cialis\u00e9s pour les personnes \u00e2g\u00e9es. Cela impacte alors les cotisations.<\/li>\n<\/ul>\n\n\n\n<div style=\"height:50px\" aria-hidden=\"true\" class=\"wp-block-spacer\"><\/div>\n\n\n\n<div class=\"wp-block-columns are-vertically-aligned-center is-layout-flex wp-container-core-columns-is-layout-1 wp-block-columns-is-layout-flex\">\n<div class=\"wp-block-column is-vertically-aligned-center is-style-green-top-border has-background is-layout-flow wp-block-column-is-layout-flow\" style=\"background-color:#093e78\">\n<p class=\"has-white-color has-text-color\" style=\"font-size:28px; color:#fff\"><strong> Notre m\u00e9thodologie<\/strong><\/p>\n\n\n\n<p class=\"has-white-color has-text-color\"><\/p><li style=\"color: #fff\"> Les chiffres de cet article ont \u00e9t\u00e9 calcul\u00e9s par nos data analysts \u00e0 partir des donn\u00e9es internes de R\u00e9assurez-moi ainsi que des mises \u00e0 jour tarifaires communiqu\u00e9es par nos diff\u00e9rents partenaires pour 2025.  <\/li><p><\/p>\n<\/div>\n<\/div>\n\n\n\n\n<div class=\"wp-block-rm-advertizing-block fix-in-sidebar advertising-block-sidebar-item\">\n    <div class=\"image-container flex justify-center align-items-center\">\n        <img decoding=\"async\" src=\"https:\/\/guide.reassurez-moi.fr\/guide\/wp-content\/uploads\/2025\/06\/team_opti_short.png\"\n             alt=\"reassurez-moi illustration\"\n             class=\"wp-block-rm-advertizing-image\"\n             loading=\"lazy\"\n        \/>\n    <\/div>\n    <div class=\"rm-advertblock-container flex flex-column justify-center align-items-start\">\n        <p class=\"wp-block-rm-advertizing-text\">\n            \u00c9conomisez jusqu\u2019\u00e0 476 \u20ac \/ an\n        <\/p>\n        <p class=\"wp-block-rm-advertizing-sub-text\">\n            en changeant de mutuelle sant\u00e9\n        <\/p>\n        <a\n            href=\"https:\/\/reassurez-moi.fr\/devis-mutuelle-sante\"\n            class=\"wp-block-rm-advertizing-button\"\n        >\n            <span class=\"wp-block-rm-advertizing-button-text\">\n                Obtenir un devis\n            <\/span>\n            <span class=\"wp-block-rm-advertizing-button-sub-text\">\n                gratuit\n            <\/span>\n        <\/a>\n    <\/div>\n<\/div>\n","protected":false},"excerpt":{"rendered":"<p>[\u00c9tude] &#8211; Barom\u00e8tre de la Mutuelle sant\u00e9 :Les tarifs augmenteront jusqu\u2019\u00e0 20 % en 2025 Les cotisations de mutuelle sant\u00e9 vont \u00e0 nouveau conna\u00eetre des hausses importantes d\u00e8s janvier 2025. Face \u00e0 l\u2019inflation et aux nouvelles mesures de remboursement mises en place en 2024, les partenaires de R\u00e9assurez-moi pr\u00e9voient des augmentations allant de 6 %\u2026<\/p>\n","protected":false},"author":67,"featured_media":0,"parent":16807,"menu_order":0,"comment_status":"open","ping_status":"closed","template":"","meta":{"_acf_changed":false,"footnotes":""},"categories":[496],"page_topic":[504],"class_list":["post-204712","page","type-page","status-publish","hentry","category-etudes"],"yoast_head":"<!-- This site is optimized with the Yoast SEO plugin v24.7 - https:\/\/yoast.com\/wordpress\/plugins\/seo\/ -->\n<title>Barom\u00e8tre de la Mutuelle sant\u00e9 2025 | R\u00e9assurez-moi<\/title>\n<meta name=\"description\" content=\"Les tarifs des mutuelles sant\u00e9 augmenteront jusqu&#039;\u00e0 20 % en 2025 selon les donn\u00e9es de nos partenaires. Consultez notre barom\u00e8tre.\" \/>\n<meta name=\"robots\" content=\"index, follow, max-snippet:-1, max-image-preview:large, max-video-preview:-1\" \/>\n<link rel=\"canonical\" href=\"https:\/\/guide.reassurez-moi.fr\/guide\/mutuelle-sante\/barometre-2025\" \/>\n<meta property=\"og:locale\" content=\"fr_FR\" \/>\n<meta property=\"og:type\" content=\"article\" \/>\n<meta property=\"og:title\" content=\"Barom\u00e8tre de la Mutuelle sant\u00e9 2025 | R\u00e9assurez-moi\" \/>\n<meta property=\"og:description\" content=\"Les tarifs des mutuelles sant\u00e9 augmenteront jusqu&#039;\u00e0 20 % en 2025 selon les donn\u00e9es de nos partenaires. Consultez notre barom\u00e8tre.\" \/>\n<meta property=\"og:url\" content=\"https:\/\/guide.reassurez-moi.fr\/guide\/mutuelle-sante\/barometre-2025\" \/>\n<meta property=\"og:site_name\" content=\"R\u00e9assurez-moi\" \/>\n<meta property=\"article:publisher\" content=\"https:\/\/www.facebook.com\/R%c3%a9assurez-moi-209456495889479\/\" \/>\n<meta property=\"article:modified_time\" content=\"2025-12-10T09:59:31+00:00\" \/>\n<meta property=\"og:image\" content=\"https:\/\/public.flourish.studio\/visualisation\/20167407\/thumbnail\" \/>\n<meta name=\"twitter:card\" content=\"summary_large_image\" \/>\n<meta name=\"twitter:site\" content=\"@reassurezmoi\" \/>\n<meta name=\"twitter:label1\" content=\"Dur\u00e9e de lecture estim\u00e9e\" \/>\n\t<meta name=\"twitter:data1\" content=\"4 minutes\" \/>\n<script type=\"application\/ld+json\" class=\"yoast-schema-graph\">{\"@context\":\"https:\/\/schema.org\",\"@graph\":[{\"@type\":\"WebPage\",\"@id\":\"https:\/\/guide.reassurez-moi.fr\/guide\/mutuelle-sante\/barometre-2025\",\"url\":\"https:\/\/guide.reassurez-moi.fr\/guide\/mutuelle-sante\/barometre-2025\",\"name\":\"Barom\u00e8tre de la Mutuelle sant\u00e9 2025 | R\u00e9assurez-moi\",\"isPartOf\":{\"@id\":\"https:\/\/guide.reassurez-moi.fr\/guide\/#website\"},\"primaryImageOfPage\":{\"@id\":\"https:\/\/guide.reassurez-moi.fr\/guide\/mutuelle-sante\/barometre-2025#primaryimage\"},\"image\":{\"@id\":\"https:\/\/guide.reassurez-moi.fr\/guide\/mutuelle-sante\/barometre-2025#primaryimage\"},\"thumbnailUrl\":\"https:\/\/public.flourish.studio\/visualisation\/20167407\/thumbnail\",\"datePublished\":\"2024-11-06T17:13:34+00:00\",\"dateModified\":\"2025-12-10T09:59:31+00:00\",\"description\":\"Les tarifs des mutuelles sant\u00e9 augmenteront jusqu'\u00e0 20 % en 2025 selon les donn\u00e9es de nos partenaires. Consultez notre barom\u00e8tre.\",\"breadcrumb\":{\"@id\":\"https:\/\/guide.reassurez-moi.fr\/guide\/mutuelle-sante\/barometre-2025#breadcrumb\"},\"inLanguage\":\"fr-FR\",\"potentialAction\":[{\"@type\":\"ReadAction\",\"target\":[\"https:\/\/guide.reassurez-moi.fr\/guide\/mutuelle-sante\/barometre-2025\"]}]},{\"@type\":\"ImageObject\",\"inLanguage\":\"fr-FR\",\"@id\":\"https:\/\/guide.reassurez-moi.fr\/guide\/mutuelle-sante\/barometre-2025#primaryimage\",\"url\":\"https:\/\/public.flourish.studio\/visualisation\/20167407\/thumbnail\",\"contentUrl\":\"https:\/\/public.flourish.studio\/visualisation\/20167407\/thumbnail\"},{\"@type\":\"BreadcrumbList\",\"@id\":\"https:\/\/guide.reassurez-moi.fr\/guide\/mutuelle-sante\/barometre-2025#breadcrumb\",\"itemListElement\":[{\"@type\":\"ListItem\",\"position\":1,\"name\":\"Assurances\",\"item\":\"https:\/\/guide.reassurez-moi.fr\/guide\/\"},{\"@type\":\"ListItem\",\"position\":2,\"name\":\"Mutuelle sant\u00e9\",\"item\":\"https:\/\/guide.reassurez-moi.fr\/guide\/mutuelle-sante\"},{\"@type\":\"ListItem\",\"position\":3,\"name\":\"barom\u00e8tre mutuelle 2025\"}]},{\"@type\":\"WebSite\",\"@id\":\"https:\/\/guide.reassurez-moi.fr\/guide\/#website\",\"url\":\"https:\/\/guide.reassurez-moi.fr\/guide\/\",\"name\":\"R\u00e9assurez-moi\",\"description\":\"Comparateur d&#039;assurances\",\"potentialAction\":[{\"@type\":\"SearchAction\",\"target\":{\"@type\":\"EntryPoint\",\"urlTemplate\":\"https:\/\/guide.reassurez-moi.fr\/guide\/?s={search_term_string}\"},\"query-input\":{\"@type\":\"PropertyValueSpecification\",\"valueRequired\":true,\"valueName\":\"search_term_string\"}}],\"inLanguage\":\"fr-FR\"}]}<\/script>\n<!-- \/ Yoast SEO plugin. -->","yoast_head_json":{"title":"Barom\u00e8tre de la Mutuelle sant\u00e9 2025 | R\u00e9assurez-moi","description":"Les tarifs des mutuelles sant\u00e9 augmenteront jusqu'\u00e0 20 % en 2025 selon les donn\u00e9es de nos partenaires. Consultez notre barom\u00e8tre.","robots":{"index":"index","follow":"follow","max-snippet":"max-snippet:-1","max-image-preview":"max-image-preview:large","max-video-preview":"max-video-preview:-1"},"canonical":"https:\/\/guide.reassurez-moi.fr\/guide\/mutuelle-sante\/barometre-2025","og_locale":"fr_FR","og_type":"article","og_title":"Barom\u00e8tre de la Mutuelle sant\u00e9 2025 | R\u00e9assurez-moi","og_description":"Les tarifs des mutuelles sant\u00e9 augmenteront jusqu'\u00e0 20 % en 2025 selon les donn\u00e9es de nos partenaires. Consultez notre barom\u00e8tre.","og_url":"https:\/\/guide.reassurez-moi.fr\/guide\/mutuelle-sante\/barometre-2025","og_site_name":"R\u00e9assurez-moi","article_publisher":"https:\/\/www.facebook.com\/R%c3%a9assurez-moi-209456495889479\/","article_modified_time":"2025-12-10T09:59:31+00:00","og_image":[{"url":"https:\/\/public.flourish.studio\/visualisation\/20167407\/thumbnail","type":"","width":"","height":""}],"twitter_card":"summary_large_image","twitter_site":"@reassurezmoi","twitter_misc":{"Dur\u00e9e de lecture estim\u00e9e":"4 minutes"},"schema":{"@context":"https:\/\/schema.org","@graph":[{"@type":"WebPage","@id":"https:\/\/guide.reassurez-moi.fr\/guide\/mutuelle-sante\/barometre-2025","url":"https:\/\/guide.reassurez-moi.fr\/guide\/mutuelle-sante\/barometre-2025","name":"Barom\u00e8tre de la Mutuelle sant\u00e9 2025 | R\u00e9assurez-moi","isPartOf":{"@id":"https:\/\/guide.reassurez-moi.fr\/guide\/#website"},"primaryImageOfPage":{"@id":"https:\/\/guide.reassurez-moi.fr\/guide\/mutuelle-sante\/barometre-2025#primaryimage"},"image":{"@id":"https:\/\/guide.reassurez-moi.fr\/guide\/mutuelle-sante\/barometre-2025#primaryimage"},"thumbnailUrl":"https:\/\/public.flourish.studio\/visualisation\/20167407\/thumbnail","datePublished":"2024-11-06T17:13:34+00:00","dateModified":"2025-12-10T09:59:31+00:00","description":"Les tarifs des mutuelles sant\u00e9 augmenteront jusqu'\u00e0 20 % en 2025 selon les donn\u00e9es de nos partenaires. Consultez notre barom\u00e8tre.","breadcrumb":{"@id":"https:\/\/guide.reassurez-moi.fr\/guide\/mutuelle-sante\/barometre-2025#breadcrumb"},"inLanguage":"fr-FR","potentialAction":[{"@type":"ReadAction","target":["https:\/\/guide.reassurez-moi.fr\/guide\/mutuelle-sante\/barometre-2025"]}]},{"@type":"ImageObject","inLanguage":"fr-FR","@id":"https:\/\/guide.reassurez-moi.fr\/guide\/mutuelle-sante\/barometre-2025#primaryimage","url":"https:\/\/public.flourish.studio\/visualisation\/20167407\/thumbnail","contentUrl":"https:\/\/public.flourish.studio\/visualisation\/20167407\/thumbnail"},{"@type":"BreadcrumbList","@id":"https:\/\/guide.reassurez-moi.fr\/guide\/mutuelle-sante\/barometre-2025#breadcrumb","itemListElement":[{"@type":"ListItem","position":1,"name":"Assurances","item":"https:\/\/guide.reassurez-moi.fr\/guide\/"},{"@type":"ListItem","position":2,"name":"Mutuelle sant\u00e9","item":"https:\/\/guide.reassurez-moi.fr\/guide\/mutuelle-sante"},{"@type":"ListItem","position":3,"name":"barom\u00e8tre mutuelle 2025"}]},{"@type":"WebSite","@id":"https:\/\/guide.reassurez-moi.fr\/guide\/#website","url":"https:\/\/guide.reassurez-moi.fr\/guide\/","name":"R\u00e9assurez-moi","description":"Comparateur d&#039;assurances","potentialAction":[{"@type":"SearchAction","target":{"@type":"EntryPoint","urlTemplate":"https:\/\/guide.reassurez-moi.fr\/guide\/?s={search_term_string}"},"query-input":{"@type":"PropertyValueSpecification","valueRequired":true,"valueName":"search_term_string"}}],"inLanguage":"fr-FR"}]}},"acf":[],"_links":{"self":[{"href":"https:\/\/guide.reassurez-moi.fr\/guide\/wp-json\/wp\/v2\/pages\/204712","targetHints":{"allow":["GET"]}}],"collection":[{"href":"https:\/\/guide.reassurez-moi.fr\/guide\/wp-json\/wp\/v2\/pages"}],"about":[{"href":"https:\/\/guide.reassurez-moi.fr\/guide\/wp-json\/wp\/v2\/types\/page"}],"author":[{"embeddable":true,"href":"https:\/\/guide.reassurez-moi.fr\/guide\/wp-json\/wp\/v2\/users\/67"}],"replies":[{"embeddable":true,"href":"https:\/\/guide.reassurez-moi.fr\/guide\/wp-json\/wp\/v2\/comments?post=204712"}],"version-history":[{"count":14,"href":"https:\/\/guide.reassurez-moi.fr\/guide\/wp-json\/wp\/v2\/pages\/204712\/revisions"}],"predecessor-version":[{"id":213184,"href":"https:\/\/guide.reassurez-moi.fr\/guide\/wp-json\/wp\/v2\/pages\/204712\/revisions\/213184"}],"up":[{"embeddable":true,"href":"https:\/\/guide.reassurez-moi.fr\/guide\/wp-json\/wp\/v2\/pages\/16807"}],"wp:attachment":[{"href":"https:\/\/guide.reassurez-moi.fr\/guide\/wp-json\/wp\/v2\/media?parent=204712"}],"wp:term":[{"taxonomy":"category","embeddable":true,"href":"https:\/\/guide.reassurez-moi.fr\/guide\/wp-json\/wp\/v2\/categories?post=204712"},{"taxonomy":"page_topic","embeddable":true,"href":"https:\/\/guide.reassurez-moi.fr\/guide\/wp-json\/wp\/v2\/page_topic?post=204712"}],"curies":[{"name":"wp","href":"https:\/\/api.w.org\/{rel}","templated":true}]}}