{"id":30723,"date":"2018-04-11T09:20:57","date_gmt":"2018-04-11T08:20:57","guid":{"rendered":"https:\/\/reassurez-moi.fr\/guide\/?page_id=30723"},"modified":"2026-02-02T16:18:10","modified_gmt":"2026-02-02T15:18:10","slug":"remboursement-frais-vaccination","status":"publish","type":"page","link":"https:\/\/guide.reassurez-moi.fr\/guide\/mutuelle-sante\/remboursement-frais-vaccination","title":{"rendered":"Remboursement vaccins : prise en charge par la S\u00e9curit\u00e9 sociale et par la mutuelle"},"content":{"rendered":"\n<p>Les vaccins ne sont pas tous rembours\u00e9s par l\u2019assurance maladie, mais peuvent l\u2019\u00eatre si vous avez souscrit une bonne mutuelle. Comment les vaccins peuvent vous \u00eatre rembours\u00e9s par l\u2019Assurance Maladie et votre mutuelle sant\u00e9 ? Explications.<\/p>\n\n\n\n<h2 class=\"wp-block-heading\"><strong>La vaccination est-elle obligatoire en France&nbsp;?<\/strong><\/h2>\n\n\n\n<p><strong>La vaccination est un proc\u00e9d\u00e9 de protection, qui a pour objectif de limiter voire d\u2019arr\u00eater la propagation d\u2019une maladie.<\/strong> La vaccination consiste \u00e0 vous injecter un antig\u00e8ne, une mol\u00e9cule qui sera reconnue par vos anticorps, dans le but de cr\u00e9er une r\u00e9action immunitaire positive contre une maladie infectieuse. Toutes les vaccinations ne sont pas obligatoires. Il existe trois types de vaccination en France&nbsp;:<\/p>\n\n\n\n<ul class=\"wp-block-list\"><li><strong>vaccins obligatoires\u00a0<\/strong>: dipht\u00e9rie, t\u00e9tanos, poliomy\u00e9lite (DTP) ;<\/li><\/ul>\n\n\n\n<ul class=\"wp-block-list\"><li><strong>vaccins recommand\u00e9s pour tous\u00a0<\/strong>: rougeole, oreillons, rub\u00e9ole (ROR), H\u00e9patite B, coqueluche ;<\/li><\/ul>\n\n\n\n<ul class=\"wp-block-list\"><li><strong>vaccins recommand\u00e9s dans certaines situations\u00a0<\/strong>: c\u2019est-\u00e0-dire en fonction du profil du patient, et du vaccin (tuberculose, <a href=\"https:\/\/reassurez-moi.fr\/guide\/mutuelle-sante\/remboursement\/vaccin-hepatite-a\">H\u00e9patite A<\/a>, <a href=\"https:\/\/reassurez-moi.fr\/guide\/mutuelle-sante\/remboursement\/vaccin-grippe\">grippe<\/a>, varicelle\u2026).<\/li><\/ul>\n\n\n\n<div class=\"wp-block-buttons is-content-justification-center is-layout-flex wp-container-core-buttons-is-layout-1 wp-block-buttons-is-layout-flex\">\n<div class=\"wp-block-button is-style-rm-button-blue\"><a class=\"wp-block-button__link\" href=\"https:\/\/reassurez-moi.fr\/guide\/mutuelle-sante\/vaccin-obligatoire\">Guide des vaccins obligatoires et recommand\u00e9s en 2026<\/a><\/div>\n<\/div>\n\n\n\n<h2 class=\"wp-block-heading\"><strong>Vaccins : que rembourse la S\u00e9curit\u00e9 Sociale ?<\/strong><\/h2>\n\n\n\n<p><strong>Les vaccins sont rembours\u00e9s \u00e0 hauteur de 65 % de leur prix de vente, lorsqu\u2019il s\u2019agit des vaccins obligatoires ou recommand\u00e9s, et prescrits par votre m\u00e9decin. <\/strong>La liste des vaccins rembours\u00e9s par l\u2019assurance maladie est fix\u00e9e par arr\u00eat\u00e9 minist\u00e9riel. Certains vaccins peuvent \u00eatre pris en charge \u00e0 100 % par l\u2019assurance maladie, comme&nbsp;:<\/p>\n\n\n\n<ul class=\"is-style-pros wp-block-list\"><li>le vaccin rougeole-oreillons-rub\u00e9ole (ROR) pour les enfants de 12 mois \u00e0 17 ans r\u00e9volus ;<\/li><li>le vaccin contre la grippe saisonni\u00e8re pour les populations \u00e0 risque (personnes \u00e2g\u00e9es de 65 ans et plus, personnes atteintes de certaines affections de longue dur\u00e9e, etc.).<\/li><\/ul>\n\n\n\n<h2 class=\"wp-block-heading\">Vaccins, que rembourse la mutuelle sant\u00e9 ?<\/h2>\n\n\n\n<p><strong>Les mutuelles sant\u00e9 compl\u00e8tent le remboursement de la S\u00e9curit\u00e9 Sociale. <\/strong><\/p>\n\n\n\n<p>L\u2019Assurance Maladie vous rembourse \u00e0 hauteur de 65 % du prix de vente du vaccin, et la mutuelle compl\u00e8te les 35 % restant. Pour les vaccins non rembours\u00e9s par l\u2019assurance maladie, les mutuelles pr\u00e9voient des forfaits sp\u00e9cifiques, par an et par b\u00e9n\u00e9ficiaire.<br><br><strong>Une mutuelle basique, remboursant \u00e0 100 % ou sur le base du <a href=\"https:\/\/reassurez-moi.fr\/guide\/mutuelle-sante\/ticket-moderateur\">ticket mod\u00e9rateur<\/a><\/strong>, conviendra parfaitement puisque les vaccins ne font pas l\u2019objet de <a href=\"https:\/\/reassurez-moi.fr\/guide\/mutuelle-sante\/depassement-honoraires\">d\u00e9passement d\u2019honoraires<\/a>. <\/p>\n\n\n\n<p>Toutefois, si vous voyagez fr\u00e9quemment, et dans des zones \u00e0 risques (Asie, Afrique\u2026), v\u00e9rifiez bien le forfait vaccination de votre contrat.<br><br><strong>Pour savoir si votre mutuelle vous rembourse correctement, 2 solutions :<\/strong><\/p>\n\n\n\n<ul class=\"is-style-arrow-right wp-block-list\"><li>s\u2019adresser \u00e0 un <a href=\"https:\/\/reassurez-moi.fr\/guide\/mutuelle-sante\/courtier\">courtier en mutuelle sant\u00e9<\/a> en ligne, comme R\u00e9assurez-moi, permet d\u2018aller plus vite et \u00e0 l\u2019essentiel. De plus, le courtier pourra vous trouver des offres sp\u00e9cifiques et en ad\u00e9quation avec vos besoins et votre budget ;<\/li><li>comparer vos garanties actuelles avec les offres du march\u00e9. Pour conna\u00eetre les mutuelles qui prennent en charge le remboursement de vos vaccins, utilisez un comparateur en ligne.<\/li><\/ul>\n\n\n\n<div class=\"wp-block-buttons is-content-justification-center is-layout-flex wp-container-core-buttons-is-layout-2 wp-block-buttons-is-layout-flex\">\n<div class=\"wp-block-button is-style-rm-button-orange\"><a class=\"wp-block-button__link\" href=\"https:\/\/reassurez-moi.fr\/comparateur-mutuelle-sante\">Trouver une mutuelle qui rembourse les vaccins<\/a><\/div>\n<\/div>\n\n\n\n<div style=\"height:20px\" aria-hidden=\"true\" class=\"wp-block-spacer\"><\/div>\n\n\n\n<h2 class=\"wp-block-heading\"><strong>Se faire vacciner avant de partir en voyage<\/strong><\/h2>\n\n\n\n<p><strong>Selon votre destination, certains vaccins peuvent \u00eatre impos\u00e9s.<\/strong> Peu importe la destination, pensez \u00e0 bien vous informer aupr\u00e8s de votre m\u00e9decin et suffisamment t\u00f4t. Certains vaccins doivent se faire 10 jours avant le d\u00e9part, d\u2019autres doivent \u00eatre faits en plusieurs fois. <\/p>\n\n\n\n<p>Les vaccinations internationales sont pr\u00e9sent\u00e9es dans un bulletin annuel officiel et concernent\u00a0:<\/p>\n\n\n\n<ul class=\"is-style-pros wp-block-list\"><li>la <a href=\"https:\/\/reassurez-moi.fr\/guide\/mutuelle-sante\/remboursement\/vaccin-fievre-jaune\">fi\u00e8vre jaune<\/a> (ou vaccination antiamarile \u00e0 pratiquer pour tout s\u00e9jour dans les zones tropicales d&rsquo;Afrique et d&rsquo;Am\u00e9rique du sud) ;<\/li><li>l\u2019enc\u00e9phalite japonaise (vaccination \u00e0 pratiquer pour les s\u00e9jours \u00e0 risques ou une expatriation dans certains pays d&rsquo;Asie ou en Oc\u00e9anie) ;<\/li><li>l\u2019enc\u00e9phalite \u00e0 tiques (pour les s\u00e9jours en zones rurales ou bois\u00e9es d&rsquo;Europe centrale, orientale et septentrionale, du nord de l&rsquo;Asie centrale, du Japon et de la Chine) ;<\/li><li>la fi\u00e8vre typho\u00efde (pour tout s\u00e9jour prolong\u00e9 ou dans de mauvaises conditions dans les pays o\u00f9 l&rsquo;hygi\u00e8ne est pr\u00e9caire ; le vaccin est particuli\u00e8rement conseill\u00e9 dans le sous-continent indien) ;<\/li><li>les infections invasives \u00e0 m\u00e9ningocoques (selon l&rsquo;actualit\u00e9 des zones d&rsquo;\u00e9pid\u00e9mies) ;<\/li><li>l\u2019h\u00e9patite A (pays o\u00f9 l&rsquo;hygi\u00e8ne est pr\u00e9caire, quelles que soient les conditions de votre s\u00e9jour) ;<\/li><li>l\u2019h\u00e9patite B (s\u00e9jours fr\u00e9quents et prolong\u00e9s dans les pays \u00e0 forte ou moyenne pr\u00e9valence de ce virus) ;<\/li><li>la rage (s\u00e9jour prolong\u00e9 ou aventureux en situation d&rsquo;isolement dans des zones \u00e0 haut risque : Afrique, Asie, Am\u00e9rique du sud) ;<\/li><li>la grippe saisonni\u00e8re (fortement conseill\u00e9 chez les groupes \u00e0 risques : malades chroniques, seniors participant \u00e0 un voyage en groupe ou \u00e0 une croisi\u00e8re).<\/li><\/ul>\n\n\n\n<div class=\"wp-block-mars-information icon-arrow without-background\"><i class=\"icon\"><\/i><p>Le vaccin contre la fi\u00e8vre jaune est le seul exig\u00e9, pour l&rsquo;instant, en vertu du r\u00e8glement sanitaire international. Certains pays africains l&rsquo;imposent comme condition d&rsquo;entr\u00e9e sur leur territoire, m\u00eame si vous ne fa\u00eetes que transiter par un a\u00e9roport.<\/p><\/div>\n\n\n\n<h2 class=\"wp-block-heading\"><strong>L\u2019histoire de la vaccination<\/strong><\/h2>\n\n\n\n<p><strong>Au XVIII\u00e8me si\u00e8cle, un m\u00e9decin anglais nomm\u00e9 Edward Jenner constate que les fermi\u00e8res en contact r\u00e9gulier avec le virus de la variole bovine<\/strong> (appel\u00e9 vaccine) ne contractent jamais cette maladie. Apr\u00e8s de nombreuses exp\u00e9rimentations, il prouve en 1796 qu\u2019introduire le virus dans un incision superficielle de la peau permet de prot\u00e9ger l\u2019organisme humain contre la variole.<br><br><strong>En 1877, Louis Pasteur commence ses travaux sur les maladies contagieuses.<\/strong> En 1879, il travaille sur la bact\u00e9rie du chol\u00e9ra des poules et cr\u00e9e un vaccin att\u00e9nu\u00e9 superficiel, et inventera le terme de \u00ab&nbsp;vaccin&nbsp;\u00bb en l\u2019honneur de Jenner ayant travaill\u00e9 sur la vaccine.<br><br><strong>En 1881, Pasteur pr\u00e9sente le principe de la vaccination et d\u00e9bute ses recherches sur la vaccination humaine. <\/strong>En 1885, il cr\u00e9e le premier vaccin humain \u00e0 virulence att\u00e9nu\u00e9 contre la rage. En 1988, il fonde l\u2019institut Pasteur, compos\u00e9e de nombreux scientifiques sp\u00e9cialis\u00e9s en biologie, que Pasteur aura form\u00e9.<\/p>\n\n\n\n<div class=\"flex  wp-block-rm-advertizing-block advertising-block-sidebar-item fix-in-sidebar\"><div class=\"image-container flex justify-center align-items-center py-3\"><img decoding=\"async\" src=\"https:\/\/guide.reassurez-moi.fr\/guide\/wp-content\/uploads\/2025\/06\/team_opti_short.png\" alt=\"reassurez-moi illustration\" class=\"wp-block-rm-advertizing-image\" loading=\"lazy\"\/><\/div><div class=\"\n                    rm-advertblock-container\n                    flex flex-column justify-center\n                    align-items-start\n                \"><p class=\"wp-block-rm-advertizing-text\n                              \n                            \">\u00c9conomisez sur votre mutuelle en quelques clics<\/p><a href=\"https:\/\/reassurez-moi.fr\/comparateur-mutuelle-sante\" class=\"wp-block-rm-advertizing-button\"><span class=\"wp-block-rm-advertizing-button-text\">Comparateur mutuelle sant\u00e9<\/span><\/a><\/div><\/div>\n","protected":false},"excerpt":{"rendered":"<p>Les vaccins ne sont pas tous rembours\u00e9s par l\u2019assurance maladie, mais peuvent l\u2019\u00eatre si vous avez souscrit une bonne mutuelle. Comment les vaccins peuvent vous \u00eatre rembours\u00e9s par l\u2019Assurance Maladie et votre mutuelle sant\u00e9 ? Explications. La vaccination est-elle obligatoire en France&nbsp;? La vaccination est un proc\u00e9d\u00e9 de protection, qui a pour objectif de limiter\u2026<\/p>\n","protected":false},"author":77,"featured_media":0,"parent":16807,"menu_order":0,"comment_status":"open","ping_status":"closed","template":"","meta":{"_acf_changed":false,"footnotes":""},"categories":[],"page_topic":[529],"class_list":["post-30723","page","type-page","status-publish","hentry"],"yoast_head":"<!-- This site is optimized with the Yoast SEO plugin v24.7 - https:\/\/yoast.com\/wordpress\/plugins\/seo\/ -->\n<title>Remboursement vaccins : comment se faire rembourser par la mutuelle ?<\/title>\n<meta name=\"description\" content=\"Quelle est la part des frais de vaccination rembours\u00e9s par la S\u00e9curit\u00e9 sociale et celle prise en charge par votre mutuelle sant\u00e9 ?\" \/>\n<meta name=\"robots\" content=\"index, follow, max-snippet:-1, max-image-preview:large, max-video-preview:-1\" \/>\n<link rel=\"canonical\" href=\"https:\/\/guide.reassurez-moi.fr\/guide\/mutuelle-sante\/remboursement-frais-vaccination\" \/>\n<meta property=\"og:locale\" content=\"fr_FR\" \/>\n<meta property=\"og:type\" content=\"article\" \/>\n<meta property=\"og:title\" content=\"Remboursement vaccins : comment se faire rembourser par la mutuelle ?\" \/>\n<meta property=\"og:description\" content=\"Quelle est la part des frais de vaccination rembours\u00e9s par la S\u00e9curit\u00e9 sociale et celle prise en charge par votre mutuelle sant\u00e9 ?\" \/>\n<meta property=\"og:url\" content=\"https:\/\/guide.reassurez-moi.fr\/guide\/mutuelle-sante\/remboursement-frais-vaccination\" \/>\n<meta property=\"og:site_name\" content=\"R\u00e9assurez-moi\" \/>\n<meta property=\"article:publisher\" content=\"https:\/\/www.facebook.com\/R%c3%a9assurez-moi-209456495889479\/\" \/>\n<meta property=\"article:modified_time\" content=\"2026-02-02T15:18:10+00:00\" \/>\n<meta property=\"og:image\" content=\"https:\/\/guide.reassurez-moi.fr\/guide\/wp-content\/uploads\/2018\/04\/image-de-partage.png\" \/>\n\t<meta property=\"og:image:width\" content=\"500\" \/>\n\t<meta property=\"og:image:height\" content=\"160\" \/>\n\t<meta property=\"og:image:type\" content=\"image\/png\" \/>\n<meta name=\"twitter:card\" content=\"summary_large_image\" \/>\n<meta name=\"twitter:site\" content=\"@reassurezmoi\" \/>\n<meta name=\"twitter:label1\" content=\"Dur\u00e9e de lecture estim\u00e9e\" \/>\n\t<meta name=\"twitter:data1\" content=\"5 minutes\" \/>\n<script type=\"application\/ld+json\" class=\"yoast-schema-graph\">{\"@context\":\"https:\/\/schema.org\",\"@graph\":[{\"@type\":\"WebPage\",\"@id\":\"https:\/\/guide.reassurez-moi.fr\/guide\/mutuelle-sante\/remboursement-frais-vaccination\",\"url\":\"https:\/\/guide.reassurez-moi.fr\/guide\/mutuelle-sante\/remboursement-frais-vaccination\",\"name\":\"Remboursement vaccins : comment se faire rembourser par la mutuelle ?\",\"isPartOf\":{\"@id\":\"https:\/\/guide.reassurez-moi.fr\/guide\/#website\"},\"datePublished\":\"2018-04-11T08:20:57+00:00\",\"dateModified\":\"2026-02-02T15:18:10+00:00\",\"description\":\"Quelle est la part des frais de vaccination rembours\u00e9s par la S\u00e9curit\u00e9 sociale et celle prise en charge par votre mutuelle sant\u00e9 ?\",\"breadcrumb\":{\"@id\":\"https:\/\/guide.reassurez-moi.fr\/guide\/mutuelle-sante\/remboursement-frais-vaccination#breadcrumb\"},\"inLanguage\":\"fr-FR\",\"potentialAction\":[{\"@type\":\"ReadAction\",\"target\":[\"https:\/\/guide.reassurez-moi.fr\/guide\/mutuelle-sante\/remboursement-frais-vaccination\"]}]},{\"@type\":\"BreadcrumbList\",\"@id\":\"https:\/\/guide.reassurez-moi.fr\/guide\/mutuelle-sante\/remboursement-frais-vaccination#breadcrumb\",\"itemListElement\":[{\"@type\":\"ListItem\",\"position\":1,\"name\":\"Assurances\",\"item\":\"https:\/\/guide.reassurez-moi.fr\/guide\/\"},{\"@type\":\"ListItem\",\"position\":2,\"name\":\"Mutuelle sant\u00e9\",\"item\":\"https:\/\/guide.reassurez-moi.fr\/guide\/mutuelle-sante\"},{\"@type\":\"ListItem\",\"position\":3,\"name\":\"Vaccin\"}]},{\"@type\":\"WebSite\",\"@id\":\"https:\/\/guide.reassurez-moi.fr\/guide\/#website\",\"url\":\"https:\/\/guide.reassurez-moi.fr\/guide\/\",\"name\":\"R\u00e9assurez-moi\",\"description\":\"Comparateur d&#039;assurances\",\"potentialAction\":[{\"@type\":\"SearchAction\",\"target\":{\"@type\":\"EntryPoint\",\"urlTemplate\":\"https:\/\/guide.reassurez-moi.fr\/guide\/?s={search_term_string}\"},\"query-input\":{\"@type\":\"PropertyValueSpecification\",\"valueRequired\":true,\"valueName\":\"search_term_string\"}}],\"inLanguage\":\"fr-FR\"}]}<\/script>\n<!-- \/ Yoast SEO plugin. -->","yoast_head_json":{"title":"Remboursement vaccins : comment se faire rembourser par la mutuelle ?","description":"Quelle est la part des frais de vaccination rembours\u00e9s par la S\u00e9curit\u00e9 sociale et celle prise en charge par votre mutuelle sant\u00e9 ?","robots":{"index":"index","follow":"follow","max-snippet":"max-snippet:-1","max-image-preview":"max-image-preview:large","max-video-preview":"max-video-preview:-1"},"canonical":"https:\/\/guide.reassurez-moi.fr\/guide\/mutuelle-sante\/remboursement-frais-vaccination","og_locale":"fr_FR","og_type":"article","og_title":"Remboursement vaccins : comment se faire rembourser par la mutuelle ?","og_description":"Quelle est la part des frais de vaccination rembours\u00e9s par la S\u00e9curit\u00e9 sociale et celle prise en charge par votre mutuelle sant\u00e9 ?","og_url":"https:\/\/guide.reassurez-moi.fr\/guide\/mutuelle-sante\/remboursement-frais-vaccination","og_site_name":"R\u00e9assurez-moi","article_publisher":"https:\/\/www.facebook.com\/R%c3%a9assurez-moi-209456495889479\/","article_modified_time":"2026-02-02T15:18:10+00:00","og_image":[{"width":500,"height":160,"url":"https:\/\/guide.reassurez-moi.fr\/guide\/wp-content\/uploads\/2018\/04\/image-de-partage.png","type":"image\/png"}],"twitter_card":"summary_large_image","twitter_site":"@reassurezmoi","twitter_misc":{"Dur\u00e9e de lecture estim\u00e9e":"5 minutes"},"schema":{"@context":"https:\/\/schema.org","@graph":[{"@type":"WebPage","@id":"https:\/\/guide.reassurez-moi.fr\/guide\/mutuelle-sante\/remboursement-frais-vaccination","url":"https:\/\/guide.reassurez-moi.fr\/guide\/mutuelle-sante\/remboursement-frais-vaccination","name":"Remboursement vaccins : comment se faire rembourser par la mutuelle ?","isPartOf":{"@id":"https:\/\/guide.reassurez-moi.fr\/guide\/#website"},"datePublished":"2018-04-11T08:20:57+00:00","dateModified":"2026-02-02T15:18:10+00:00","description":"Quelle est la part des frais de vaccination rembours\u00e9s par la S\u00e9curit\u00e9 sociale et celle prise en charge par votre mutuelle sant\u00e9 ?","breadcrumb":{"@id":"https:\/\/guide.reassurez-moi.fr\/guide\/mutuelle-sante\/remboursement-frais-vaccination#breadcrumb"},"inLanguage":"fr-FR","potentialAction":[{"@type":"ReadAction","target":["https:\/\/guide.reassurez-moi.fr\/guide\/mutuelle-sante\/remboursement-frais-vaccination"]}]},{"@type":"BreadcrumbList","@id":"https:\/\/guide.reassurez-moi.fr\/guide\/mutuelle-sante\/remboursement-frais-vaccination#breadcrumb","itemListElement":[{"@type":"ListItem","position":1,"name":"Assurances","item":"https:\/\/guide.reassurez-moi.fr\/guide\/"},{"@type":"ListItem","position":2,"name":"Mutuelle sant\u00e9","item":"https:\/\/guide.reassurez-moi.fr\/guide\/mutuelle-sante"},{"@type":"ListItem","position":3,"name":"Vaccin"}]},{"@type":"WebSite","@id":"https:\/\/guide.reassurez-moi.fr\/guide\/#website","url":"https:\/\/guide.reassurez-moi.fr\/guide\/","name":"R\u00e9assurez-moi","description":"Comparateur d&#039;assurances","potentialAction":[{"@type":"SearchAction","target":{"@type":"EntryPoint","urlTemplate":"https:\/\/guide.reassurez-moi.fr\/guide\/?s={search_term_string}"},"query-input":{"@type":"PropertyValueSpecification","valueRequired":true,"valueName":"search_term_string"}}],"inLanguage":"fr-FR"}]}},"acf":[],"_links":{"self":[{"href":"https:\/\/guide.reassurez-moi.fr\/guide\/wp-json\/wp\/v2\/pages\/30723","targetHints":{"allow":["GET"]}}],"collection":[{"href":"https:\/\/guide.reassurez-moi.fr\/guide\/wp-json\/wp\/v2\/pages"}],"about":[{"href":"https:\/\/guide.reassurez-moi.fr\/guide\/wp-json\/wp\/v2\/types\/page"}],"author":[{"embeddable":true,"href":"https:\/\/guide.reassurez-moi.fr\/guide\/wp-json\/wp\/v2\/users\/77"}],"replies":[{"embeddable":true,"href":"https:\/\/guide.reassurez-moi.fr\/guide\/wp-json\/wp\/v2\/comments?post=30723"}],"version-history":[{"count":4,"href":"https:\/\/guide.reassurez-moi.fr\/guide\/wp-json\/wp\/v2\/pages\/30723\/revisions"}],"predecessor-version":[{"id":206441,"href":"https:\/\/guide.reassurez-moi.fr\/guide\/wp-json\/wp\/v2\/pages\/30723\/revisions\/206441"}],"up":[{"embeddable":true,"href":"https:\/\/guide.reassurez-moi.fr\/guide\/wp-json\/wp\/v2\/pages\/16807"}],"wp:attachment":[{"href":"https:\/\/guide.reassurez-moi.fr\/guide\/wp-json\/wp\/v2\/media?parent=30723"}],"wp:term":[{"taxonomy":"category","embeddable":true,"href":"https:\/\/guide.reassurez-moi.fr\/guide\/wp-json\/wp\/v2\/categories?post=30723"},{"taxonomy":"page_topic","embeddable":true,"href":"https:\/\/guide.reassurez-moi.fr\/guide\/wp-json\/wp\/v2\/page_topic?post=30723"}],"curies":[{"name":"wp","href":"https:\/\/api.w.org\/{rel}","templated":true}]}}