{"id":31551,"date":"2018-07-23T12:27:39","date_gmt":"2018-07-23T11:27:39","guid":{"rendered":"https:\/\/reassurez-moi.fr\/guide\/?page_id=31551"},"modified":"2026-02-02T16:38:32","modified_gmt":"2026-02-02T15:38:32","slug":"garantie-bris-glace","status":"publish","type":"page","link":"https:\/\/guide.reassurez-moi.fr\/guide\/assurance-auto\/garantie-bris-glace","title":{"rendered":"Assurance auto &#8211; Garantie bris glace"},"content":{"rendered":"\n<h1 class=\"wp-block-heading\" id=\"que-couvre-la-garantie-bris-de-glace-de-l-assurance-auto\">Que couvre la garantie bris de glace de l&rsquo;assurance auto ?<\/h1>\n\n\n\n<p><strong>La garantie bris de glace fait partie des couvertures facultatives de l\u2019assurance auto. Une vitre cass\u00e9e ou fissur\u00e9e est pourtant un sinistre qui survient relativement fr\u00e9quemment.&nbsp;Combien co\u00fbte la garantie bris de glace ? Que couvre-t-elle ? Quelle indemnisation permet-elle ? Toutes les r\u00e9ponses \u00e0 vos questions sur la garantie bris de glace de l&rsquo;assurance auto. <\/strong><\/p>\n\n\n\n<h2 class=\"wp-block-heading\" id=\"bris-de-glace-quels-elements-sont-couverts\">Bris de glace : quels \u00e9l\u00e9ments sont couverts ? <\/h2>\n\n\n\n<p>La garantie bris de glace de l\u2019assurance auto permet le versement d\u2019une indemnisation par l\u2019assureur \u00e0 l\u2019assur\u00e9 si ce dernier a subi un sinistre sur l\u2019une des parties en verre de son v\u00e9hicule. Ces derni\u00e8res peuvent \u00eatre constitu\u00e9es par&nbsp;:<\/p>\n\n\n\n<ol class=\"wp-block-list\"><li><strong>Le pare-brise<\/strong><\/li><li><strong>Les vitres lat\u00e9rales, <\/strong>avec possibilit\u00e9 d\u2019ouverture ou non<\/li><li><strong>La lunette arri\u00e8re<\/strong><\/li><li><strong>Les r\u00e9troviseurs<\/strong><\/li><li><strong>Le toit ouvrant<\/strong><\/li><li><strong>Les phares<\/strong><\/li><li><strong>Les ampoules <\/strong>(clignotants, feux)<\/li><\/ol>\n\n\n\n<p><strong>Les quatre premiers \u00e9l\u00e9ments cit\u00e9s sont g\u00e9n\u00e9ralement automatiquement indemnis\u00e9s par la compagnie d\u2019assurance,<\/strong> quand les trois derniers sont souvent en option. Ainsi, le bris de glace d&rsquo;un phare peut ne pas \u00eatre rembours\u00e9. Il convient dans tous les cas de se r\u00e9f\u00e9rer aux conditions g\u00e9n\u00e9rales de son contrat d&rsquo;assurance auto pour conna\u00eetre l\u2019\u00e9tendue de la garantie bris de glace et les modalit\u00e9s d\u2019application correspondantes.<\/p>\n\n\n\n<h2 class=\"wp-block-heading\" id=\"comment-fonctionne-la-garantie-bris-de-glace-pour-une-voiture\">Comment fonctionne la garantie&nbsp;bris de glace pour une voiture ?<\/h2>\n\n\n\n<p><strong>Diff\u00e9rents dommages peuvent \u00eatre pris en charge et rentrer dans le fonctionnement de la garantie bris de glace.<\/strong> Il peut alors s\u2019agir d\u2019une casse, un bris, une alt\u00e9ration, une fissure ou un impact, qui peuvent \u00eatre r\u00e9par\u00e9s ou impliquer le remplacement de la surface vitr\u00e9e en question. Cette couverture sp\u00e9cifique est bien facultative et ne constitue en aucun cas l\u2019une des protections obligatoires de l\u2019assurance auto, au contraire de la garantie Responsabilit\u00e9 Civile.<\/p>\n\n\n\n<p>Un sinistre touchant l\u2019une des parties vitr\u00e9es peut avoir diverses origines, parmi lesquelles&nbsp;:<\/p>\n\n\n\n<ul class=\"wp-block-list\"><li><strong>Une<\/strong> <strong>projection de cailloux<\/strong><\/li><li><strong>Un<\/strong> <strong>acte de vandalisme gratuit et exclusif<\/strong><\/li><li><strong>Un<\/strong> <strong>accident<\/strong> qui entra\u00eenerait uniquement un bris de glace<\/li><li><strong>Un<\/strong> <strong>accrochage<\/strong><\/li><li><strong>Une collision avec un \u00e9l\u00e9ment ext\u00e9rieur<\/strong>, comme un oiseau pendant la conduite par exemple<\/li><\/ul>\n\n\n\n<p><strong>Dans tous les cas, une vitre bris\u00e9e n\u2019entra\u00eene absolument pas la modification du coefficient de r\u00e9duction-majoration et donc l\u2019application d\u2019un malus.<\/strong> L\u2019assureur peut en revanche d\u00e9cider d\u2019augmenter la prime ind\u00e9pendamment du <a href=\"https:\/\/reassurez-moi.fr\/guide\/assurance-auto\/calcul-bonus-malus\">bonus-malus de l&rsquo;assurance auto<\/a> en raison d\u2019un trop grand nombre de bris de glace pendant l\u2019exercice du contrat ou r\u00e9silier ce dernier en ultime recours.<br>Un seuil minimum d&rsquo;intervention peut exister, c&rsquo;est-\u00e0-dire que l&rsquo;assureur ne fera pas fonctionner la garantie bris de glace en-dessous d&rsquo;un certain montant de dommages, consid\u00e9rant que l&rsquo;assur\u00e9 peut les prendre en charge seul.<\/p>\n\n\n\n<h2 class=\"wp-block-heading\" id=\"pourquoi-choisir-une-garantie-bris-de-glace-en-assurance-auto\">Pourquoi choisir une garantie bris de glace en assurance auto ?<\/h2>\n\n\n\n<p><strong>Un bris de glace est un sinistre survenant relativement fr\u00e9quemment et reste un dommage co\u00fbteux dans le cadre de la conduite d\u2019un v\u00e9hicule<\/strong>. Il est indispensable de ne pas n\u00e9gliger un impact sur une vitre, qui pourrait se transformer en fissure, voire faire \u00e9clater la surface vitr\u00e9e et occasionner des blessures.<\/p>\n\n\n\n<p><strong>L\u2019int\u00e9r\u00eat de la garantie bris de glace est donc avant tout financier puisqu\u2019elle permet d\u2019\u00eatre indemnis\u00e9<\/strong> pour le pr\u00e9judice subi. Une vitre fractur\u00e9e implique par ailleurs des r\u00e9parations tr\u00e8s rapides, afin de ne pas exposer en plus la voiture \u00e0 un vol, la rendant vuln\u00e9rable. Les assureurs sont g\u00e9n\u00e9ralement r\u00e9actifs en la mati\u00e8re.<\/p>\n\n\n\n<p>L\u2019indemnisation pr\u00e9vue est toujours bienvenue, le remplacement d\u2019un pare-brise co\u00fbtant aux alentours de 400 \u20ac &#8211; 500 \u20ac, soit une somme difficilement supportable pour un budget moyen, surtout qu\u2019il s\u2019agit d\u2019un impr\u00e9vu pr\u00e9judiciable. Seule la franchise doit \u00e0 priori \u00eatre \u00e9tudi\u00e9e dans votre contrat, les plafonds d\u2019indemnisation restant relativement souples et rarement atteints.<\/p>\n\n\n\n<h2 class=\"wp-block-heading\" id=\"comment-payer-moins-cher-sa-garantie-bris-de-glace\">Comment payer moins cher sa garantie bris de glace ?<\/h2>\n\n\n\n<p><strong>Il est particuli\u00e8rement b\u00e9n\u00e9fique pour l\u2019assur\u00e9 de proc\u00e9der \u00e0 la comparaison de son assurance auto par rapport aux autres, avant toute souscription.<\/strong> Courtier d\u2019assurance en ligne, R\u00e9assurez-moi met dans cette optique \u00e0 votre disposition son propre comparateur d\u2019assurance auto, ce qui vous permettra d\u2019\u00eatre accompagn\u00e9 dans vos recherches. Celui ci est 100 % gratuit, simple \u00e0 utiliser, et anonyme.<\/p>\n\n\n\n<div class=\"wp-block-rm-advertizing-block fix-in-sidebar advertising-block-sidebar-item\">\n    <div class=\"image-container flex justify-center align-items-center\">\n        <img decoding=\"async\" src=\"https:\/\/guide.reassurez-moi.fr\/guide\/wp-content\/uploads\/2025\/06\/team_opti_short.png\"\n             alt=\"reassurez-moi illustration\"\n             class=\"wp-block-rm-advertizing-image\"\n             loading=\"lazy\"\n        \/>\n    <\/div>\n    <div class=\"rm-advertblock-container flex flex-column justify-center align-items-start\">\n        <p class=\"wp-block-rm-advertizing-text\">\n            Assurance auto\n        <\/p>\n        <p class=\"wp-block-rm-advertizing-sub-text\">\n            les meilleures offres 2026\n        <\/p>\n        <a\n            href=\"https:\/\/reassurez-moi.fr\/guide\/assurance-auto\"\n            class=\"wp-block-rm-advertizing-button\"\n        >\n            <span class=\"wp-block-rm-advertizing-button-text\">\n                Comparer\n            <\/span>\n            <span class=\"wp-block-rm-advertizing-button-sub-text\">\n                les assurances auto\n            <\/span>\n        <\/a>\n    <\/div>\n<\/div>\n\n\n\n<p><strong>Utiliser de comparateur vous laissera libre dans votre d\u00e9cision finale, apr\u00e8s avoir \u00e9tudi\u00e9 de mani\u00e8re transparente les diff\u00e9rents contrats accessibles. <\/strong>La garantie bris de glace, si elle constitue un imp\u00e9ratif, peut parfois \u00eatre incluse dans les formules d&rsquo;assurance au tiers pour une <a href=\"https:\/\/reassurez-moi.fr\/guide\/assurance-auto\/temporaire\">assurance auto temporaire<\/a> (par exemple pour une location de voiture), g\u00e9n\u00e9ralement plus performante que la couverture permanente.<\/p>\n\n\n\n<p>En assurance auto, la garantie bris de glace permet alors de toucher des indemnit\u00e9s pour un sinistre ayant cass\u00e9, fissur\u00e9 ou alt\u00e9r\u00e9 une surface vitr\u00e9e. Le pare-brise, les vitres lat\u00e9rales, la lunette arri\u00e8re et les r\u00e9troviseurs sont souvent pris en charge automatiquement, quand les ampoules, le toit ouvrant ou les phares sont en option. Le bris de glace constitue un sinistre de survenu relativement fr\u00e9quente, ce qui justifie le recours \u00e0 la garantie optionnelle correspondante, afin de pr\u00e9tendre \u00e0 une indemnisation cons\u00e9quente, amput\u00e9e de la franchise qui repr\u00e9sente une certaine s\u00e9curit\u00e9 pour l\u2019assureur.<\/p>\n\n\n\n<h2 class=\"wp-block-heading\" id=\"comment-souscrire-a-une-garantie-bris-de-glace-en-assurance-auto\">Comment souscrire \u00e0 une garantie bris de glace en assurance auto ?<\/h2>\n\n\n\n<p>La garantie bris de glace de l\u2019assurance auto est optionnelle et peut \u00eatre souscrite en tant que garantie compl\u00e9mentaire en plus de l\u2019une des trois formules principales (au tiers, interm\u00e9diaire, tous risques). Elle peut n\u00e9anmoins \u00eatre incluse automatiquement dans les contrats d\u2019assurance auto tous risques, voire d\u2019assurance au tiers + selon l\u2019\u00e9tendue de la couverture.<\/p>\n\n\n\n<p>Comme pour n\u2019importe quel autre sinistre de type accident de la route (excluant les vols et les dommages r\u00e9sultant d\u2019une catastrophe naturelle), l\u2019assur\u00e9 doit faire sa d\u00e9claration de sinistre dans les 5 jours ouvr\u00e9s suivant sa constatation, par lettre recommand\u00e9e avec accus\u00e9 de r\u00e9ception. Il doit joindre tous les documents permettant d\u2019acc\u00e9l\u00e9rer la proc\u00e9dure d\u2019indemnisation (photographies, factures\u2026), la compagnie d\u2019assurance ne mandatant pas d\u2019expert pour un simple bris de glace.<\/p>\n\n\n\n<h2 class=\"wp-block-heading\" id=\"comment-obtenir-l-indemnisation-en-cas-de-bris-de-glace\">Comment obtenir l&rsquo;indemnisation en cas de bris de glace ?<\/h2>\n\n\n\n<p>La casse d\u2019une partie vitr\u00e9e doit toutefois constituer un dommage exclusif au v\u00e9hicule et ne pas rentrer dans le cadre d\u2019un vol ou d\u2019une tentative de cambriolage, ou d\u2019un acte de vandalisme. Dans ces cas pr\u00e9cis, ce sont les garanties correspondantes qui rentreraient en application et non la garantie bris de glace. D\u2019autres couvertures d\u00e9di\u00e9es peuvent donc fonctionner pour une vitre bris\u00e9e, comme la garantie collision pour un accident, la <a href=\"https:\/\/reassurez-moi.fr\/guide\/assurance-auto\/garantie-catastrophe-naturelle\">garantie auto catastrophe naturelle<\/a> si l&rsquo;\u00e9v\u00e8nement (une temp\u00eate par exemple) a \u00e9t\u00e9 reconnu comme catastrophe naturelle par un arr\u00eat\u00e9 interminist\u00e9rielle, ou encore par la <a href=\"https:\/\/reassurez-moi.fr\/guide\/assurance-auto\/garantie-intemperies\">garantie d&rsquo;assurance auto intemp\u00e9ries<\/a> (un arbre tomb\u00e9 sur le v\u00e9hicule par exemple).<\/p>\n\n\n\n<p><strong>L\u2019indemnisation d\u2019un bris de glace peut se faire de deux mani\u00e8res diff\u00e9rentes.<br><\/strong>Ainsi, selon les clauses du contrat et les dispositions voulues par l\u2019assureur&nbsp;:<\/p>\n\n\n\n<ul class=\"wp-block-list\"><li>L\u2019assur\u00e9 obtient l\u2019accord de sa compagnie d\u2019assurance pour faire r\u00e9aliser les r\u00e9parations et envoie par la suite la facture de l\u2019intervention pour le remboursement de la proc\u00e9dure,<br>ou<\/li><li>L\u2019assureur contacte lui-m\u00eame un partenaire de son r\u00e9seau de professionnels agr\u00e9\u00e9s et d\u00e9cide des r\u00e9parations, indemnisant directement son client.<\/li><\/ul>\n\n\n\n<p><strong>Les r\u00e9parations du pr\u00e9judice subi peuvent prendre plusieurs formes.<\/strong><br>Elles vont d\u2019une simple consolidation au remplacement total de la vitre. Il est alors possible de r\u00e9parer une glace sans changement dans les cas suivants, en proc\u00e9dant directement \u00e0 une injection de r\u00e9sine :<\/p>\n\n\n\n<ul class=\"wp-block-list\"><li>Si l\u2019impact se trouve hors du champ de vision du conducteur, est plus petit qu\u2019une pi\u00e8ce de 2 \u20ac et se situe \u00e0 plus de 4 centim\u00e8tres des bords pour un pare-brise,<br>ou<\/li><li>Si les fissures sont inf\u00e9rieures \u00e0 30 centim\u00e8tres et restent en dehors du champ de vision pendant la conduite.<\/li><\/ul>\n\n\n\n<p>Dans le cas contraire et notamment si la visibilit\u00e9 du conducteur est alt\u00e9r\u00e9e, la surface vitr\u00e9e devra \u00eatre chang\u00e9e totalement et rapidement.<\/p>\n\n\n\n<h2 class=\"wp-block-heading\" id=\"comment-souscrire-a-une-garantie-bris-de-glace-sans-franchise-d-assurance-auto\">Comment souscrire \u00e0 une garantie bris de glace sans franchise d&rsquo;assurance auto ?<\/h2>\n\n\n\n<p><strong>L\u2019acc\u00e8s \u00e0 la garantie bris de glace de l\u2019assurance auto a un co\u00fbt abordable, au regard du prix des autres garanties de dommages de l\u2019assurance voiture. <\/strong>Les d\u00e9g\u00e2ts induits ne sont pas particuli\u00e8rement importants et on\u00e9reux et peuvent \u00eatre pris en charge facilement par l\u2019assureur. Le montant de la prime d\u00e9pendra bien \u00e9videmment du nombre d\u2019\u00e9l\u00e9ments pris en charge par l\u2019assureur, notamment ceux en option (toit ouvrant, ampoules et autres), ainsi que de la franchise attenante mais devrait rester \u00e0 hauteur de quelques dizaines d&rsquo;euros par an, les r\u00e9parations \u00e9ventuelles n&rsquo;\u00e9tant pas les plus on\u00e9reuses en comparaison avec d&rsquo;autres sinistres.<\/p>\n\n\n\n<p><strong>La <a href=\"https:\/\/reassurez-moi.fr\/guide\/assurance-auto\/franchise\">franchise d&rsquo;assurance auto<\/a> repr\u00e9sente effectivement la modalit\u00e9 la plus g\u00eanante de la garantie bris de glace<\/strong> dans la mesure o\u00f9 les compagnies d\u2019assurance font en sorte de laisser la plus grande partie des r\u00e9parations possible \u00e0 leur client. Il s\u2019av\u00e8re que les bris de glace sont assez fr\u00e9quents et que les assureurs doivent donc souvent rembourser les r\u00e9parations. Il est parfois possible de demander la suppression de la franchise pour un bris de glace en tant que sinistre, ce qui supposera une augmentation significative des cotisations.<\/p>\n\n\n\n<p><strong>La r\u00e9p\u00e9tition de ce type de sinistre peut par ailleurs entra\u00eener l\u2019augmentation de la prime, sans que le malus ne soit impact\u00e9<\/strong>, voire la r\u00e9siliation de l\u2019assurance auto. Il peut alors \u00eatre pr\u00e9f\u00e9rable de ne pas d\u00e9clarer le sinistre si le montant des r\u00e9parations est faible, et de prendre en charge ces derni\u00e8res sur son propre budget afin de ne pas faire intervenir la garantie correspondante, qui suppose l\u2019inscription du sinistre sur le <a href=\"https:\/\/reassurez-moi.fr\/guide\/assurance-auto\/releve-information\">relev\u00e9 d\u2019informations de l&rsquo;assurance auto<\/a>.<\/p>\n","protected":false},"excerpt":{"rendered":"<p>Que couvre la garantie bris de glace de l&rsquo;assurance auto ? La garantie bris de glace fait partie des couvertures facultatives de l\u2019assurance auto. Une vitre cass\u00e9e ou fissur\u00e9e est pourtant un sinistre qui survient relativement fr\u00e9quemment.&nbsp;Combien co\u00fbte la garantie bris de glace ? Que couvre-t-elle ? Quelle indemnisation permet-elle ? Toutes les r\u00e9ponses \u00e0\u2026<\/p>\n","protected":false},"author":86,"featured_media":0,"parent":15725,"menu_order":0,"comment_status":"open","ping_status":"closed","template":"","meta":{"_acf_changed":false,"footnotes":""},"categories":[],"page_topic":[734],"class_list":["post-31551","page","type-page","status-publish","hentry"],"yoast_head":"<!-- This site is optimized with the Yoast SEO plugin v24.7 - https:\/\/yoast.com\/wordpress\/plugins\/seo\/ -->\n<title>Bris de glace et assurance auto, quelle indemnisation ?<\/title>\n<meta name=\"description\" content=\"Que faire en cas de bris de glace sur votre voiture ? Quelles sont les conditions d&#039;indemnisation ? Comment faire jouer la garantie ?\" \/>\n<meta name=\"robots\" content=\"index, follow, max-snippet:-1, max-image-preview:large, max-video-preview:-1\" \/>\n<link rel=\"canonical\" href=\"https:\/\/guide.reassurez-moi.fr\/guide\/assurance-auto\/garantie-bris-glace\" \/>\n<meta property=\"og:locale\" content=\"fr_FR\" \/>\n<meta property=\"og:type\" content=\"article\" \/>\n<meta property=\"og:title\" content=\"Bris de glace et assurance auto, quelle indemnisation ?\" \/>\n<meta property=\"og:description\" content=\"Que faire en cas de bris de glace sur votre voiture ? Quelles sont les conditions d&#039;indemnisation ? Comment faire jouer la garantie ?\" \/>\n<meta property=\"og:url\" content=\"https:\/\/guide.reassurez-moi.fr\/guide\/assurance-auto\/garantie-bris-glace\" \/>\n<meta property=\"og:site_name\" content=\"R\u00e9assurez-moi\" \/>\n<meta property=\"article:publisher\" content=\"https:\/\/www.facebook.com\/R%c3%a9assurez-moi-209456495889479\/\" \/>\n<meta property=\"article:modified_time\" content=\"2026-02-02T15:38:32+00:00\" \/>\n<meta property=\"og:image\" content=\"https:\/\/guide.reassurez-moi.fr\/guide\/wp-content\/uploads\/2018\/04\/image-de-partage.png\" \/>\n\t<meta property=\"og:image:width\" content=\"500\" \/>\n\t<meta property=\"og:image:height\" content=\"160\" \/>\n\t<meta property=\"og:image:type\" content=\"image\/png\" \/>\n<meta name=\"twitter:card\" content=\"summary_large_image\" \/>\n<meta name=\"twitter:site\" content=\"@reassurezmoi\" \/>\n<meta name=\"twitter:label1\" content=\"Dur\u00e9e de lecture estim\u00e9e\" \/>\n\t<meta name=\"twitter:data1\" content=\"8 minutes\" \/>\n<script type=\"application\/ld+json\" class=\"yoast-schema-graph\">{\"@context\":\"https:\/\/schema.org\",\"@graph\":[{\"@type\":\"WebPage\",\"@id\":\"https:\/\/guide.reassurez-moi.fr\/guide\/assurance-auto\/garantie-bris-glace\",\"url\":\"https:\/\/guide.reassurez-moi.fr\/guide\/assurance-auto\/garantie-bris-glace\",\"name\":\"Bris de glace et assurance auto, quelle indemnisation ?\",\"isPartOf\":{\"@id\":\"https:\/\/guide.reassurez-moi.fr\/guide\/#website\"},\"datePublished\":\"2018-07-23T11:27:39+00:00\",\"dateModified\":\"2026-02-02T15:38:32+00:00\",\"description\":\"Que faire en cas de bris de glace sur votre voiture ? Quelles sont les conditions d'indemnisation ? Comment faire jouer la garantie ?\",\"breadcrumb\":{\"@id\":\"https:\/\/guide.reassurez-moi.fr\/guide\/assurance-auto\/garantie-bris-glace#breadcrumb\"},\"inLanguage\":\"fr-FR\",\"potentialAction\":[{\"@type\":\"ReadAction\",\"target\":[\"https:\/\/guide.reassurez-moi.fr\/guide\/assurance-auto\/garantie-bris-glace\"]}]},{\"@type\":\"BreadcrumbList\",\"@id\":\"https:\/\/guide.reassurez-moi.fr\/guide\/assurance-auto\/garantie-bris-glace#breadcrumb\",\"itemListElement\":[{\"@type\":\"ListItem\",\"position\":1,\"name\":\"Assurances\",\"item\":\"https:\/\/guide.reassurez-moi.fr\/guide\/\"},{\"@type\":\"ListItem\",\"position\":2,\"name\":\"Assurance auto\",\"item\":\"https:\/\/guide.reassurez-moi.fr\/guide\/assurance-auto\"},{\"@type\":\"ListItem\",\"position\":3,\"name\":\"Garantie bris glace\"}]},{\"@type\":\"WebSite\",\"@id\":\"https:\/\/guide.reassurez-moi.fr\/guide\/#website\",\"url\":\"https:\/\/guide.reassurez-moi.fr\/guide\/\",\"name\":\"R\u00e9assurez-moi\",\"description\":\"Comparateur d&#039;assurances\",\"potentialAction\":[{\"@type\":\"SearchAction\",\"target\":{\"@type\":\"EntryPoint\",\"urlTemplate\":\"https:\/\/guide.reassurez-moi.fr\/guide\/?s={search_term_string}\"},\"query-input\":{\"@type\":\"PropertyValueSpecification\",\"valueRequired\":true,\"valueName\":\"search_term_string\"}}],\"inLanguage\":\"fr-FR\"}]}<\/script>\n<!-- \/ Yoast SEO plugin. -->","yoast_head_json":{"title":"Bris de glace et assurance auto, quelle indemnisation ?","description":"Que faire en cas de bris de glace sur votre voiture ? Quelles sont les conditions d'indemnisation ? Comment faire jouer la garantie ?","robots":{"index":"index","follow":"follow","max-snippet":"max-snippet:-1","max-image-preview":"max-image-preview:large","max-video-preview":"max-video-preview:-1"},"canonical":"https:\/\/guide.reassurez-moi.fr\/guide\/assurance-auto\/garantie-bris-glace","og_locale":"fr_FR","og_type":"article","og_title":"Bris de glace et assurance auto, quelle indemnisation ?","og_description":"Que faire en cas de bris de glace sur votre voiture ? Quelles sont les conditions d'indemnisation ? Comment faire jouer la garantie ?","og_url":"https:\/\/guide.reassurez-moi.fr\/guide\/assurance-auto\/garantie-bris-glace","og_site_name":"R\u00e9assurez-moi","article_publisher":"https:\/\/www.facebook.com\/R%c3%a9assurez-moi-209456495889479\/","article_modified_time":"2026-02-02T15:38:32+00:00","og_image":[{"width":500,"height":160,"url":"https:\/\/guide.reassurez-moi.fr\/guide\/wp-content\/uploads\/2018\/04\/image-de-partage.png","type":"image\/png"}],"twitter_card":"summary_large_image","twitter_site":"@reassurezmoi","twitter_misc":{"Dur\u00e9e de lecture estim\u00e9e":"8 minutes"},"schema":{"@context":"https:\/\/schema.org","@graph":[{"@type":"WebPage","@id":"https:\/\/guide.reassurez-moi.fr\/guide\/assurance-auto\/garantie-bris-glace","url":"https:\/\/guide.reassurez-moi.fr\/guide\/assurance-auto\/garantie-bris-glace","name":"Bris de glace et assurance auto, quelle indemnisation ?","isPartOf":{"@id":"https:\/\/guide.reassurez-moi.fr\/guide\/#website"},"datePublished":"2018-07-23T11:27:39+00:00","dateModified":"2026-02-02T15:38:32+00:00","description":"Que faire en cas de bris de glace sur votre voiture ? Quelles sont les conditions d'indemnisation ? Comment faire jouer la garantie ?","breadcrumb":{"@id":"https:\/\/guide.reassurez-moi.fr\/guide\/assurance-auto\/garantie-bris-glace#breadcrumb"},"inLanguage":"fr-FR","potentialAction":[{"@type":"ReadAction","target":["https:\/\/guide.reassurez-moi.fr\/guide\/assurance-auto\/garantie-bris-glace"]}]},{"@type":"BreadcrumbList","@id":"https:\/\/guide.reassurez-moi.fr\/guide\/assurance-auto\/garantie-bris-glace#breadcrumb","itemListElement":[{"@type":"ListItem","position":1,"name":"Assurances","item":"https:\/\/guide.reassurez-moi.fr\/guide\/"},{"@type":"ListItem","position":2,"name":"Assurance auto","item":"https:\/\/guide.reassurez-moi.fr\/guide\/assurance-auto"},{"@type":"ListItem","position":3,"name":"Garantie bris glace"}]},{"@type":"WebSite","@id":"https:\/\/guide.reassurez-moi.fr\/guide\/#website","url":"https:\/\/guide.reassurez-moi.fr\/guide\/","name":"R\u00e9assurez-moi","description":"Comparateur d&#039;assurances","potentialAction":[{"@type":"SearchAction","target":{"@type":"EntryPoint","urlTemplate":"https:\/\/guide.reassurez-moi.fr\/guide\/?s={search_term_string}"},"query-input":{"@type":"PropertyValueSpecification","valueRequired":true,"valueName":"search_term_string"}}],"inLanguage":"fr-FR"}]}},"acf":[],"_links":{"self":[{"href":"https:\/\/guide.reassurez-moi.fr\/guide\/wp-json\/wp\/v2\/pages\/31551","targetHints":{"allow":["GET"]}}],"collection":[{"href":"https:\/\/guide.reassurez-moi.fr\/guide\/wp-json\/wp\/v2\/pages"}],"about":[{"href":"https:\/\/guide.reassurez-moi.fr\/guide\/wp-json\/wp\/v2\/types\/page"}],"author":[{"embeddable":true,"href":"https:\/\/guide.reassurez-moi.fr\/guide\/wp-json\/wp\/v2\/users\/86"}],"replies":[{"embeddable":true,"href":"https:\/\/guide.reassurez-moi.fr\/guide\/wp-json\/wp\/v2\/comments?post=31551"}],"version-history":[{"count":1,"href":"https:\/\/guide.reassurez-moi.fr\/guide\/wp-json\/wp\/v2\/pages\/31551\/revisions"}],"predecessor-version":[{"id":216432,"href":"https:\/\/guide.reassurez-moi.fr\/guide\/wp-json\/wp\/v2\/pages\/31551\/revisions\/216432"}],"up":[{"embeddable":true,"href":"https:\/\/guide.reassurez-moi.fr\/guide\/wp-json\/wp\/v2\/pages\/15725"}],"wp:attachment":[{"href":"https:\/\/guide.reassurez-moi.fr\/guide\/wp-json\/wp\/v2\/media?parent=31551"}],"wp:term":[{"taxonomy":"category","embeddable":true,"href":"https:\/\/guide.reassurez-moi.fr\/guide\/wp-json\/wp\/v2\/categories?post=31551"},{"taxonomy":"page_topic","embeddable":true,"href":"https:\/\/guide.reassurez-moi.fr\/guide\/wp-json\/wp\/v2\/page_topic?post=31551"}],"curies":[{"name":"wp","href":"https:\/\/api.w.org\/{rel}","templated":true}]}}