{"id":36077,"date":"2018-07-10T11:06:07","date_gmt":"2018-07-10T10:06:07","guid":{"rendered":"https:\/\/reassurez-moi.fr\/guide\/?page_id=36077"},"modified":"2026-02-02T15:13:17","modified_gmt":"2026-02-02T14:13:17","slug":"voiture-occasion","status":"publish","type":"page","link":"https:\/\/guide.reassurez-moi.fr\/guide\/assurance-auto\/voiture-occasion","title":{"rendered":"Assurance auto &#8211; Voiture occasion"},"content":{"rendered":"\n<h1 class=\"wp-block-heading\">Assurer son auto d&rsquo;occasion : comment faire ?<\/h1>\n\n\n\n<p><strong>L&rsquo;achat d&rsquo;une voiture d&rsquo;occasion peut soulever nombre de questions, notamment concernant l&rsquo;assurance. Celle-ci est obligatoire et sa souscription ne doit pas \u00eatre prise \u00e0 la l\u00e9g\u00e8re. Si vous ne savez pas par o\u00f9 commencer, vous \u00eates au bon endroit ! Nous vous donnons, dans notre article, nos meilleurs conseils pour assurer votre voiture d\u2019occasion. Bonne d\u00e9couverte !<\/strong><\/p>\n\n\n\n<h2 class=\"wp-block-heading\">Faire le point sur ses besoins en assurance<\/h2>\n\n\n\n<p><strong>Vous souhaitez assurer votre Audi A1 ou encore votre <a href=\"https:\/\/www.bymycar.fr\/v\/dacia-duster-occasion\" target=\"_blank\" rel=\"noreferrer noopener\">Dacia Duster d\u2019occasion<\/a> ?<\/strong> Pour d\u00e9terminer vos besoins en mati\u00e8re d&rsquo;assurance, plusieurs facteurs sont \u00e0 consid\u00e9rer. Vous devez tout d\u2019abord faire le point sur l&rsquo;usage du v\u00e9hicule. Une voiture utilis\u00e9e pour des d\u00e9placements quotidiens ne n\u00e9cessite pas la m\u00eame couverture qu&rsquo;une voiture d&rsquo;occasion utilis\u00e9e occasionnellement. Un autre point sur lequel s\u2019attarder est la valeur de la voiture. <\/p>\n\n\n\n<p><strong>Une auto d&rsquo;occasion de grande valeur pourrait b\u00e9n\u00e9ficier d&rsquo;une couverture tous risques, tandis qu&rsquo;une voiture de moindre valeur pourrait n&rsquo;avoir besoin que d&rsquo;une assurance au tiers.<\/strong> Il est aussi utile d&rsquo;\u00e9valuer vos habitudes de conduite et votre historique de conduite. Un conducteur avec un bonus profitera d&rsquo;une prime d&rsquo;assurance r\u00e9duite. Prenez enfin en compte le mode de stationnement de votre v\u00e9hicule. Une voiture gar\u00e9e dans un lieu s\u00fbr, comme un garage priv\u00e9, est moins susceptible d&rsquo;\u00eatre endommag\u00e9e ou vol\u00e9e. <\/p>\n\n\n\n<h2 class=\"wp-block-heading\">Comparer les offres<\/h2>\n\n\n\n<p><strong>Apr\u00e8s avoir d\u00e9fini vos besoins en mati\u00e8re d&rsquo;assurance, il est temps de comparer les offres disponibles sur le march\u00e9. <\/strong>Vous pouvez utiliser un comparateur d&rsquo;assurances auto en ligne pour obtenir une vue d&rsquo;ensemble des diff\u00e9rentes options qui s&rsquo;offrent \u00e0 vous. Ces outils vous permettent de comparer les tarifs, les garanties et les exclusions de chaque offre. Notez que la prime d&rsquo;assurance peut varier en fonction de plusieurs facteurs, y compris le type de v\u00e9hicule, l&rsquo;usage que vous en faites, votre profil de conducteur et le niveau de couverture souhait\u00e9.<\/p>\n\n\n\n<p><strong>N&rsquo;oubliez pas de prendre en compte le service client lors de votre comparaison.<\/strong> Il est essentiel de choisir une compagnie d&rsquo;assurances qui offre un service client de qualit\u00e9 en cas de sinistre.<\/p>\n\n\n\n<p><strong>Prenez \u00e9galement en compte les avis des clients sur les diff\u00e9rentes compagnies d&rsquo;assurances.<\/strong> Ces avis peuvent vous donner une id\u00e9e de la satisfaction des clients et de la gestion des sinistres par l&rsquo;assureur. Vous l\u2019aurez compris, comparer les offres d&rsquo;assurance auto vous permet de trouver la couverture qui correspond le mieux \u00e0 vos besoins et \u00e0 votre budget.<\/p>\n\n\n\n<div class=\"wp-block-rm-advertizing-block fix-in-sidebar advertising-block-sidebar-item\">\n    <div class=\"image-container flex justify-center align-items-center\">\n        <img decoding=\"async\" src=\"https:\/\/guide.reassurez-moi.fr\/guide\/wp-content\/uploads\/2025\/06\/team_opti_short.png\"\n             alt=\"reassurez-moi illustration\"\n             class=\"wp-block-rm-advertizing-image\"\n             loading=\"lazy\"\n        \/>\n    <\/div>\n    <div class=\"rm-advertblock-container flex flex-column justify-center align-items-start\">\n        <p class=\"wp-block-rm-advertizing-text\">\n            Assurance auto\n        <\/p>\n        <p class=\"wp-block-rm-advertizing-sub-text\">\n            les meilleures offres 2026\n        <\/p>\n        <a\n            href=\"https:\/\/reassurez-moi.fr\/guide\/assurance-auto\"\n            class=\"wp-block-rm-advertizing-button\"\n        >\n            <span class=\"wp-block-rm-advertizing-button-text\">\n                Comparer\n            <\/span>\n            <span class=\"wp-block-rm-advertizing-button-sub-text\">\n                les assurances auto\n            <\/span>\n        <\/a>\n    <\/div>\n<\/div>\n\n\n\n<h2 class=\"wp-block-heading\">Consid\u00e9rer les options et les garanties<\/h2>\n\n\n\n<p><strong>La s\u00e9lection des options et garanties est une \u00e9tape cl\u00e9 dans le choix de votre assurance auto<\/strong> pour un v\u00e9hicule d&rsquo;occasion. Avant de faire ce choix, il est n\u00e9cessaire de comprendre les diff\u00e9rentes offres disponibles sur le march\u00e9. <\/p>\n\n\n\n<p>Parmi celles-ci, nous retrouvons : <\/p>\n\n\n\n<ul class=\"wp-block-list\"><li><strong>La garantie Responsabilit\u00e9 Civile<\/strong> : c&rsquo;est la seule garantie obligatoire. Elle couvre les dommages que votre v\u00e9hicule pourrait causer \u00e0 autrui.<\/li><li><strong>La <a href=\"https:\/\/reassurez-moi.fr\/guide\/assurance-auto\/garantie-bris-glace\">garantie bris de glace<\/a><\/strong> : elle intervient en cas de dommages sur les vitres de votre v\u00e9hicule.<\/li><li><strong>La <a href=\"https:\/\/reassurez-moi.fr\/guide\/assurance-auto\/panne-mecanique\">garantie panne m\u00e9canique<\/a><\/strong> : cette garantie couvre les frais de r\u00e9paration suite \u00e0 une panne m\u00e9canique.<\/li><li><strong>La garantie assistance auto<\/strong> : elle couvre les frais de d\u00e9pannage et de rapatriement de votre v\u00e9hicule.<\/li><li><strong>La garantie vol et incendie<\/strong> : elle couvre votre v\u00e9hicule en cas de vol ou d&rsquo;incendie.<\/li><li><strong>La garantie <a href=\"https:\/\/reassurez-moi.fr\/guide\/assurance-auto\/dommages-tous-accidents\">dommages tous accidents<\/a><\/strong> : elle couvre les dommages caus\u00e9s \u00e0 votre v\u00e9hicule, quelles qu&rsquo;en soient les circonstances.<\/li><\/ul>\n\n\n\n<p><strong>La souscription \u00e0 ces garanties peut \u00eatre adapt\u00e9e en fonction de vos besoins, du type de v\u00e9hicule que vous avez et de l&rsquo;utilisation que vous en faites. <\/strong>Par exemple, pour un v\u00e9hicule de faible valeur, une assurance au tiers avec une garantie assistance auto peut \u00eatre suffisante. Pour un v\u00e9hicule de plus grande valeur, une assurance tous risques comprenant une garantie dommages tous accidents peut s&rsquo;av\u00e9rer plus appropri\u00e9e. <\/p>\n\n\n\n<h2 class=\"wp-block-heading\">V\u00e9rifier les exigences l\u00e9gales<\/h2>\n\n\n\n<p><strong>Avant de mettre en route votre auto d&rsquo;occasion, <\/strong>la l\u00e9gislation fran\u00e7aise exige une assurance minimale de responsabilit\u00e9 civile, comme indiqu\u00e9 dans l&rsquo;article L211-1 du Code des assurances. Cette obligation vise \u00e0 couvrir les dommages caus\u00e9s \u00e0 des tiers en cas d&rsquo;accident. L&rsquo;assurance doit \u00eatre souscrite d\u00e8s l&rsquo;acquisition du v\u00e9hicule. <\/p>\n\n\n\n<p>Parmi les documents n\u00e9cessaires dont vous devez vous pr\u00e9munir, nous pouvons citer :<\/p>\n\n\n\n<ul class=\"wp-block-list\"><li><strong>Le certificat d&rsquo;immatriculation (ou carte grise) :<\/strong> Ce document atteste de l&rsquo;identit\u00e9 du propri\u00e9taire et des caract\u00e9ristiques du v\u00e9hicule.<\/li><li><strong>Le contr\u00f4le technique<\/strong> : Pour les v\u00e9hicules de plus de 4 ans, il est indispensable d&rsquo;avoir un contr\u00f4le technique \u00e0 jour.<\/li><li><strong>Le relev\u00e9 d&rsquo;information<\/strong> : Il r\u00e9sume votre historique d&rsquo;assurance, vos accidents et vos bonus\/malus. Notez que tout changement concernant le v\u00e9hicule ou le conducteur doit \u00eatre d\u00e9clar\u00e9 \u00e0 l&rsquo;assureur. <\/li><\/ul>\n\n\n\n<h2 class=\"wp-block-heading\">Proc\u00e9der \u00e0 une r\u00e9\u00e9valuation p\u00e9riodique<\/h2>\n\n\n\n<p><strong>Une fois votre assurance auto souscrite, nous vous recommandons de proc\u00e9der \u00e0 une r\u00e9\u00e9valuation p\u00e9riodique.<\/strong> Cette d\u00e9marche est cruciale pour s&rsquo;assurer que votre couverture reste adapt\u00e9e \u00e0 vos besoins et \u00e0 l&rsquo;\u00e9tat de votre v\u00e9hicule. L&rsquo;\u00e2ge et l&rsquo;usure de votre v\u00e9hicule d&rsquo;occasion peuvent influencer la valeur de celui-ci. De ce fait, une r\u00e9\u00e9valuation r\u00e9guli\u00e8re peut vous \u00e9viter de payer une prime d&rsquo;assurance trop \u00e9lev\u00e9e pour un v\u00e9hicule dont la valeur a diminu\u00e9. <\/p>\n\n\n\n<p><strong>L&rsquo;\u00e9volution de vos habitudes de conduite peut \u00e9galement justifier une r\u00e9\u00e9valuation de votre assurance. <\/strong>Par exemple, si vous utilisez votre v\u00e9hicule plus fr\u00e9quemment ou pour un usage diff\u00e9rent, il peut \u00eatre n\u00e9cessaire d&rsquo;ajuster votre couverture. La r\u00e9\u00e9valuation p\u00e9riodique peut \u00e9galement \u00eatre utile pour prendre en compte toute modification de la r\u00e9glementation en mati\u00e8re d&rsquo;assurance auto. <\/p>\n\n\n\n<p><strong>Pour r\u00e9aliser votre r\u00e9\u00e9valuation, pensez \u00e0<\/strong> : <\/p>\n\n\n\n<ul class=\"wp-block-list\"><li>Faire un point sur l&rsquo;utilisation de votre v\u00e9hicule ;<\/li><li>Faire \u00e9valuer la valeur de votre v\u00e9hicule par un professionnel ;<\/li><li>Examiner les nouvelles offres d&rsquo;assurance disponibles sur le march\u00e9 ;<\/li><li>Prendre en compte toute modification de la r\u00e9glementation. <\/li><\/ul>\n","protected":false},"excerpt":{"rendered":"<p>Assurer son auto d&rsquo;occasion : comment faire ? L&rsquo;achat d&rsquo;une voiture d&rsquo;occasion peut soulever nombre de questions, notamment concernant l&rsquo;assurance. Celle-ci est obligatoire et sa souscription ne doit pas \u00eatre prise \u00e0 la l\u00e9g\u00e8re. Si vous ne savez pas par o\u00f9 commencer, vous \u00eates au bon endroit ! Nous vous donnons, dans notre article, nos\u2026<\/p>\n","protected":false},"author":86,"featured_media":0,"parent":15725,"menu_order":0,"comment_status":"open","ping_status":"closed","template":"","meta":{"_acf_changed":false,"footnotes":""},"categories":[],"page_topic":[560],"class_list":["post-36077","page","type-page","status-publish","hentry"],"yoast_head":"<!-- This site is optimized with the Yoast SEO plugin v24.7 - https:\/\/yoast.com\/wordpress\/plugins\/seo\/ -->\n<title>Quelle assurance pour voiture d&#039;occasion ?<\/title>\n<meta name=\"description\" content=\"Comparer plus de 15 offres d&#039;assurances auto adapt\u00e9es aux v\u00e9hicules d&#039;occasion. Les meilleurs tarifs du march\u00e9 gr\u00e2ce \u00e0 nos tarifs n\u00e9goci\u00e9s.\" \/>\n<meta name=\"robots\" content=\"index, follow, max-snippet:-1, max-image-preview:large, max-video-preview:-1\" \/>\n<link rel=\"canonical\" href=\"https:\/\/guide.reassurez-moi.fr\/guide\/assurance-auto\/voiture-occasion\" \/>\n<meta property=\"og:locale\" content=\"fr_FR\" \/>\n<meta property=\"og:type\" content=\"article\" \/>\n<meta property=\"og:title\" content=\"Quelle assurance pour voiture d&#039;occasion ?\" \/>\n<meta property=\"og:description\" content=\"Comparer plus de 15 offres d&#039;assurances auto adapt\u00e9es aux v\u00e9hicules d&#039;occasion. Les meilleurs tarifs du march\u00e9 gr\u00e2ce \u00e0 nos tarifs n\u00e9goci\u00e9s.\" \/>\n<meta property=\"og:url\" content=\"https:\/\/guide.reassurez-moi.fr\/guide\/assurance-auto\/voiture-occasion\" \/>\n<meta property=\"og:site_name\" content=\"R\u00e9assurez-moi\" \/>\n<meta property=\"article:publisher\" content=\"https:\/\/www.facebook.com\/R%c3%a9assurez-moi-209456495889479\/\" \/>\n<meta property=\"article:modified_time\" content=\"2026-02-02T14:13:17+00:00\" \/>\n<meta property=\"og:image\" content=\"https:\/\/guide.reassurez-moi.fr\/guide\/wp-content\/uploads\/2018\/04\/image-de-partage.png\" \/>\n\t<meta property=\"og:image:width\" content=\"500\" \/>\n\t<meta property=\"og:image:height\" content=\"160\" \/>\n\t<meta property=\"og:image:type\" content=\"image\/png\" \/>\n<meta name=\"twitter:card\" content=\"summary_large_image\" \/>\n<meta name=\"twitter:site\" content=\"@reassurezmoi\" \/>\n<meta name=\"twitter:label1\" content=\"Dur\u00e9e de lecture estim\u00e9e\" \/>\n\t<meta name=\"twitter:data1\" content=\"5 minutes\" \/>\n<script type=\"application\/ld+json\" class=\"yoast-schema-graph\">{\"@context\":\"https:\/\/schema.org\",\"@graph\":[{\"@type\":\"WebPage\",\"@id\":\"https:\/\/guide.reassurez-moi.fr\/guide\/assurance-auto\/voiture-occasion\",\"url\":\"https:\/\/guide.reassurez-moi.fr\/guide\/assurance-auto\/voiture-occasion\",\"name\":\"Quelle assurance pour voiture d'occasion ?\",\"isPartOf\":{\"@id\":\"https:\/\/guide.reassurez-moi.fr\/guide\/#website\"},\"datePublished\":\"2018-07-10T10:06:07+00:00\",\"dateModified\":\"2026-02-02T14:13:17+00:00\",\"description\":\"Comparer plus de 15 offres d'assurances auto adapt\u00e9es aux v\u00e9hicules d'occasion. Les meilleurs tarifs du march\u00e9 gr\u00e2ce \u00e0 nos tarifs n\u00e9goci\u00e9s.\",\"breadcrumb\":{\"@id\":\"https:\/\/guide.reassurez-moi.fr\/guide\/assurance-auto\/voiture-occasion#breadcrumb\"},\"inLanguage\":\"fr-FR\",\"potentialAction\":[{\"@type\":\"ReadAction\",\"target\":[\"https:\/\/guide.reassurez-moi.fr\/guide\/assurance-auto\/voiture-occasion\"]}]},{\"@type\":\"BreadcrumbList\",\"@id\":\"https:\/\/guide.reassurez-moi.fr\/guide\/assurance-auto\/voiture-occasion#breadcrumb\",\"itemListElement\":[{\"@type\":\"ListItem\",\"position\":1,\"name\":\"Assurances\",\"item\":\"https:\/\/guide.reassurez-moi.fr\/guide\/\"},{\"@type\":\"ListItem\",\"position\":2,\"name\":\"Assurance auto\",\"item\":\"https:\/\/guide.reassurez-moi.fr\/guide\/assurance-auto\"},{\"@type\":\"ListItem\",\"position\":3,\"name\":\"Voiture occasion\"}]},{\"@type\":\"WebSite\",\"@id\":\"https:\/\/guide.reassurez-moi.fr\/guide\/#website\",\"url\":\"https:\/\/guide.reassurez-moi.fr\/guide\/\",\"name\":\"R\u00e9assurez-moi\",\"description\":\"Comparateur d&#039;assurances\",\"potentialAction\":[{\"@type\":\"SearchAction\",\"target\":{\"@type\":\"EntryPoint\",\"urlTemplate\":\"https:\/\/guide.reassurez-moi.fr\/guide\/?s={search_term_string}\"},\"query-input\":{\"@type\":\"PropertyValueSpecification\",\"valueRequired\":true,\"valueName\":\"search_term_string\"}}],\"inLanguage\":\"fr-FR\"}]}<\/script>\n<!-- \/ Yoast SEO plugin. -->","yoast_head_json":{"title":"Quelle assurance pour voiture d'occasion ?","description":"Comparer plus de 15 offres d'assurances auto adapt\u00e9es aux v\u00e9hicules d'occasion. Les meilleurs tarifs du march\u00e9 gr\u00e2ce \u00e0 nos tarifs n\u00e9goci\u00e9s.","robots":{"index":"index","follow":"follow","max-snippet":"max-snippet:-1","max-image-preview":"max-image-preview:large","max-video-preview":"max-video-preview:-1"},"canonical":"https:\/\/guide.reassurez-moi.fr\/guide\/assurance-auto\/voiture-occasion","og_locale":"fr_FR","og_type":"article","og_title":"Quelle assurance pour voiture d'occasion ?","og_description":"Comparer plus de 15 offres d'assurances auto adapt\u00e9es aux v\u00e9hicules d'occasion. Les meilleurs tarifs du march\u00e9 gr\u00e2ce \u00e0 nos tarifs n\u00e9goci\u00e9s.","og_url":"https:\/\/guide.reassurez-moi.fr\/guide\/assurance-auto\/voiture-occasion","og_site_name":"R\u00e9assurez-moi","article_publisher":"https:\/\/www.facebook.com\/R%c3%a9assurez-moi-209456495889479\/","article_modified_time":"2026-02-02T14:13:17+00:00","og_image":[{"width":500,"height":160,"url":"https:\/\/guide.reassurez-moi.fr\/guide\/wp-content\/uploads\/2018\/04\/image-de-partage.png","type":"image\/png"}],"twitter_card":"summary_large_image","twitter_site":"@reassurezmoi","twitter_misc":{"Dur\u00e9e de lecture estim\u00e9e":"5 minutes"},"schema":{"@context":"https:\/\/schema.org","@graph":[{"@type":"WebPage","@id":"https:\/\/guide.reassurez-moi.fr\/guide\/assurance-auto\/voiture-occasion","url":"https:\/\/guide.reassurez-moi.fr\/guide\/assurance-auto\/voiture-occasion","name":"Quelle assurance pour voiture d'occasion ?","isPartOf":{"@id":"https:\/\/guide.reassurez-moi.fr\/guide\/#website"},"datePublished":"2018-07-10T10:06:07+00:00","dateModified":"2026-02-02T14:13:17+00:00","description":"Comparer plus de 15 offres d'assurances auto adapt\u00e9es aux v\u00e9hicules d'occasion. Les meilleurs tarifs du march\u00e9 gr\u00e2ce \u00e0 nos tarifs n\u00e9goci\u00e9s.","breadcrumb":{"@id":"https:\/\/guide.reassurez-moi.fr\/guide\/assurance-auto\/voiture-occasion#breadcrumb"},"inLanguage":"fr-FR","potentialAction":[{"@type":"ReadAction","target":["https:\/\/guide.reassurez-moi.fr\/guide\/assurance-auto\/voiture-occasion"]}]},{"@type":"BreadcrumbList","@id":"https:\/\/guide.reassurez-moi.fr\/guide\/assurance-auto\/voiture-occasion#breadcrumb","itemListElement":[{"@type":"ListItem","position":1,"name":"Assurances","item":"https:\/\/guide.reassurez-moi.fr\/guide\/"},{"@type":"ListItem","position":2,"name":"Assurance auto","item":"https:\/\/guide.reassurez-moi.fr\/guide\/assurance-auto"},{"@type":"ListItem","position":3,"name":"Voiture occasion"}]},{"@type":"WebSite","@id":"https:\/\/guide.reassurez-moi.fr\/guide\/#website","url":"https:\/\/guide.reassurez-moi.fr\/guide\/","name":"R\u00e9assurez-moi","description":"Comparateur d&#039;assurances","potentialAction":[{"@type":"SearchAction","target":{"@type":"EntryPoint","urlTemplate":"https:\/\/guide.reassurez-moi.fr\/guide\/?s={search_term_string}"},"query-input":{"@type":"PropertyValueSpecification","valueRequired":true,"valueName":"search_term_string"}}],"inLanguage":"fr-FR"}]}},"acf":[],"_links":{"self":[{"href":"https:\/\/guide.reassurez-moi.fr\/guide\/wp-json\/wp\/v2\/pages\/36077","targetHints":{"allow":["GET"]}}],"collection":[{"href":"https:\/\/guide.reassurez-moi.fr\/guide\/wp-json\/wp\/v2\/pages"}],"about":[{"href":"https:\/\/guide.reassurez-moi.fr\/guide\/wp-json\/wp\/v2\/types\/page"}],"author":[{"embeddable":true,"href":"https:\/\/guide.reassurez-moi.fr\/guide\/wp-json\/wp\/v2\/users\/86"}],"replies":[{"embeddable":true,"href":"https:\/\/guide.reassurez-moi.fr\/guide\/wp-json\/wp\/v2\/comments?post=36077"}],"version-history":[{"count":3,"href":"https:\/\/guide.reassurez-moi.fr\/guide\/wp-json\/wp\/v2\/pages\/36077\/revisions"}],"predecessor-version":[{"id":215637,"href":"https:\/\/guide.reassurez-moi.fr\/guide\/wp-json\/wp\/v2\/pages\/36077\/revisions\/215637"}],"up":[{"embeddable":true,"href":"https:\/\/guide.reassurez-moi.fr\/guide\/wp-json\/wp\/v2\/pages\/15725"}],"wp:attachment":[{"href":"https:\/\/guide.reassurez-moi.fr\/guide\/wp-json\/wp\/v2\/media?parent=36077"}],"wp:term":[{"taxonomy":"category","embeddable":true,"href":"https:\/\/guide.reassurez-moi.fr\/guide\/wp-json\/wp\/v2\/categories?post=36077"},{"taxonomy":"page_topic","embeddable":true,"href":"https:\/\/guide.reassurez-moi.fr\/guide\/wp-json\/wp\/v2\/page_topic?post=36077"}],"curies":[{"name":"wp","href":"https:\/\/api.w.org\/{rel}","templated":true}]}}