{"id":62382,"date":"2019-06-11T14:29:58","date_gmt":"2019-06-11T12:29:58","guid":{"rendered":"https:\/\/reassurez-moi.fr\/guide\/?page_id=62382"},"modified":"2026-02-02T15:56:22","modified_gmt":"2026-02-02T14:56:22","slug":"assureurs","status":"publish","type":"page","link":"https:\/\/guide.reassurez-moi.fr\/guide\/responsabilite-civile\/assureurs","title":{"rendered":"Responsabilit\u00e9 civile &#8211; Assureurs"},"content":{"rendered":"\n<h1 class=\"wp-block-heading\">Tous les assureurs en Responsabilit\u00e9 Civile<\/h1>\n\n\n\n<p><strong>Nous avons r\u00e9dig\u00e9 des fiches conseils pour chacun des assureurs proposant un contrat de Responsabilit\u00e9 Civile.&nbsp;Retrouvez notre analyse sur leur couverture en Responsabilit\u00e9 Civile mais aussi des&nbsp;informations sur les formalit\u00e9s de r\u00e9siliation et les diff\u00e9rents niveaux de couverture. Vous trouverez \u00e9galement notre avis sur les garanties propos\u00e9es et les prix pratiqu\u00e9s, mais&nbsp;\u00e9galement le&nbsp;d\u00e9tail des prestations offertes dans chaque contrat.<\/strong><\/p>\n\n\n\n<div style=\"height:20px\" aria-hidden=\"true\" class=\"wp-block-spacer\"><\/div>\n\n\n\n<ul class=\"is-style-arrow-right wp-block-list\"><li><a href=\"https:\/\/reassurez-moi.fr\/guide\/responsabilite-civile\/allianz\">Allianz<\/a><\/li><li><a href=\"https:\/\/reassurez-moi.fr\/guide\/responsabilite-civile\/axa\">Axa<\/a><\/li><li><a href=\"https:\/\/reassurez-moi.fr\/guide\/responsabilite-civile\/banque-populaire\">Banque Populaire<\/a><\/li><li><a href=\"https:\/\/reassurez-moi.fr\/guide\/responsabilite-civile\/banque-postale\">Banque Postale<\/a><\/li><li><a href=\"https:\/\/reassurez-moi.fr\/guide\/responsabilite-civile\/bnp-paribas\">BNP<\/a><\/li><li><a href=\"https:\/\/reassurez-moi.fr\/guide\/responsabilite-civile\/caisse-epargne\">Caisse d&rsquo;\u00c9pargne<\/a><\/li><li><a href=\"https:\/\/reassurez-moi.fr\/guide\/responsabilite-civile\/cic\">CIC<\/a><\/li><li><a href=\"https:\/\/reassurez-moi.fr\/guide\/responsabilite-civile\/credit-agricole\">Cr\u00e9dit Agricole<\/a><\/li><li><a href=\"https:\/\/reassurez-moi.fr\/guide\/responsabilite-civile\/credit-mutuel\">Cr\u00e9dit Mutuel<\/a><\/li><li><a href=\"https:\/\/reassurez-moi.fr\/guide\/responsabilite-civile\/generali\">Generali<\/a><\/li><li><a href=\"https:\/\/reassurez-moi.fr\/guide\/responsabilite-civile\/gmf\">Gmf<\/a><\/li><li><a href=\"https:\/\/reassurez-moi.fr\/guide\/responsabilite-civile\/groupama\">Groupama<\/a><\/li><li><a href=\"https:\/\/reassurez-moi.fr\/guide\/responsabilite-civile\/lcl\">LCL<\/a><\/li><li><a href=\"https:\/\/reassurez-moi.fr\/guide\/responsabilite-civile\/lmde\">LMDE<\/a><\/li><li><a href=\"https:\/\/reassurez-moi.fr\/guide\/responsabilite-civile\/maaf\">Maaf<\/a><\/li><li><a href=\"https:\/\/reassurez-moi.fr\/guide\/responsabilite-civile\/macif\">Macif<\/a><\/li><li><a href=\"https:\/\/reassurez-moi.fr\/guide\/responsabilite-civile\/mae\">Mae<\/a><\/li><li><a href=\"https:\/\/reassurez-moi.fr\/guide\/responsabilite-civile\/maif\">Maif<\/a><\/li><li><a href=\"https:\/\/reassurez-moi.fr\/guide\/responsabilite-civile\/matmut\">Matmut<\/a><\/li><li><a href=\"https:\/\/reassurez-moi.fr\/guide\/responsabilite-civile\/mma\">MMA<\/a><\/li><li><a href=\"https:\/\/reassurez-moi.fr\/guide\/responsabilite-civile\/societe-generale\">Soci\u00e9t\u00e9 G\u00e9n\u00e9rale<\/a><\/li><\/ul>\n\n\n\n<p><br><\/p>\n","protected":false},"excerpt":{"rendered":"<p>Tous les assureurs en Responsabilit\u00e9 Civile Nous avons r\u00e9dig\u00e9 des fiches conseils pour chacun des assureurs proposant un contrat de Responsabilit\u00e9 Civile.&nbsp;Retrouvez notre analyse sur leur couverture en Responsabilit\u00e9 Civile mais aussi des&nbsp;informations sur les formalit\u00e9s de r\u00e9siliation et les diff\u00e9rents niveaux de couverture. Vous trouverez \u00e9galement notre avis sur les garanties propos\u00e9es et les\u2026<\/p>\n","protected":false},"author":86,"featured_media":0,"parent":62040,"menu_order":0,"comment_status":"open","ping_status":"closed","template":"","meta":{"_acf_changed":false,"footnotes":""},"categories":[],"page_topic":[611],"class_list":["post-62382","page","type-page","status-publish","hentry"],"yoast_head":"<!-- This site is optimized with the Yoast SEO plugin v24.7 - https:\/\/yoast.com\/wordpress\/plugins\/seo\/ -->\n<title>Quels sont les assureurs en Responsabilit\u00e9 Civile ?<\/title>\n<meta name=\"description\" content=\"Quels acteurs proposent des contrats de Responsabilit\u00e9 Civile ? Comment choisir le meilleur assureur la meilleure couverture ? Nos conseils\" \/>\n<meta name=\"robots\" content=\"index, follow, max-snippet:-1, max-image-preview:large, max-video-preview:-1\" \/>\n<link rel=\"canonical\" href=\"https:\/\/guide.reassurez-moi.fr\/guide\/responsabilite-civile\/assureurs\" \/>\n<meta property=\"og:locale\" content=\"fr_FR\" \/>\n<meta property=\"og:type\" content=\"article\" \/>\n<meta property=\"og:title\" content=\"Quels sont les assureurs en Responsabilit\u00e9 Civile ?\" \/>\n<meta property=\"og:description\" content=\"Quels acteurs proposent des contrats de Responsabilit\u00e9 Civile ? Comment choisir le meilleur assureur la meilleure couverture ? Nos conseils\" \/>\n<meta property=\"og:url\" content=\"https:\/\/guide.reassurez-moi.fr\/guide\/responsabilite-civile\/assureurs\" \/>\n<meta property=\"og:site_name\" content=\"R\u00e9assurez-moi\" \/>\n<meta property=\"article:publisher\" content=\"https:\/\/www.facebook.com\/R%c3%a9assurez-moi-209456495889479\/\" \/>\n<meta property=\"article:modified_time\" content=\"2026-02-02T14:56:22+00:00\" \/>\n<meta property=\"og:image\" content=\"https:\/\/guide.reassurez-moi.fr\/guide\/wp-content\/uploads\/2018\/04\/image-de-partage.png\" \/>\n\t<meta property=\"og:image:width\" content=\"500\" \/>\n\t<meta property=\"og:image:height\" content=\"160\" \/>\n\t<meta property=\"og:image:type\" content=\"image\/png\" \/>\n<meta name=\"twitter:card\" content=\"summary_large_image\" \/>\n<meta name=\"twitter:site\" content=\"@reassurezmoi\" \/>\n<meta name=\"twitter:label1\" content=\"Dur\u00e9e de lecture estim\u00e9e\" \/>\n\t<meta name=\"twitter:data1\" content=\"1 minute\" \/>\n<script type=\"application\/ld+json\" class=\"yoast-schema-graph\">{\"@context\":\"https:\/\/schema.org\",\"@graph\":[{\"@type\":\"WebPage\",\"@id\":\"https:\/\/guide.reassurez-moi.fr\/guide\/responsabilite-civile\/assureurs\",\"url\":\"https:\/\/guide.reassurez-moi.fr\/guide\/responsabilite-civile\/assureurs\",\"name\":\"Quels sont les assureurs en Responsabilit\u00e9 Civile ?\",\"isPartOf\":{\"@id\":\"https:\/\/guide.reassurez-moi.fr\/guide\/#website\"},\"datePublished\":\"2019-06-11T12:29:58+00:00\",\"dateModified\":\"2026-02-02T14:56:22+00:00\",\"description\":\"Quels acteurs proposent des contrats de Responsabilit\u00e9 Civile ? Comment choisir le meilleur assureur la meilleure couverture ? Nos conseils\",\"breadcrumb\":{\"@id\":\"https:\/\/guide.reassurez-moi.fr\/guide\/responsabilite-civile\/assureurs#breadcrumb\"},\"inLanguage\":\"fr-FR\",\"potentialAction\":[{\"@type\":\"ReadAction\",\"target\":[\"https:\/\/guide.reassurez-moi.fr\/guide\/responsabilite-civile\/assureurs\"]}]},{\"@type\":\"BreadcrumbList\",\"@id\":\"https:\/\/guide.reassurez-moi.fr\/guide\/responsabilite-civile\/assureurs#breadcrumb\",\"itemListElement\":[{\"@type\":\"ListItem\",\"position\":1,\"name\":\"Assurances\",\"item\":\"https:\/\/guide.reassurez-moi.fr\/guide\/\"},{\"@type\":\"ListItem\",\"position\":2,\"name\":\"Assurance Responsabilit\u00e9 Civile\",\"item\":\"https:\/\/guide.reassurez-moi.fr\/guide\/responsabilite-civile\"},{\"@type\":\"ListItem\",\"position\":3,\"name\":\"Assureurs\"}]},{\"@type\":\"WebSite\",\"@id\":\"https:\/\/guide.reassurez-moi.fr\/guide\/#website\",\"url\":\"https:\/\/guide.reassurez-moi.fr\/guide\/\",\"name\":\"R\u00e9assurez-moi\",\"description\":\"Comparateur d&#039;assurances\",\"potentialAction\":[{\"@type\":\"SearchAction\",\"target\":{\"@type\":\"EntryPoint\",\"urlTemplate\":\"https:\/\/guide.reassurez-moi.fr\/guide\/?s={search_term_string}\"},\"query-input\":{\"@type\":\"PropertyValueSpecification\",\"valueRequired\":true,\"valueName\":\"search_term_string\"}}],\"inLanguage\":\"fr-FR\"}]}<\/script>\n<!-- \/ Yoast SEO plugin. -->","yoast_head_json":{"title":"Quels sont les assureurs en Responsabilit\u00e9 Civile ?","description":"Quels acteurs proposent des contrats de Responsabilit\u00e9 Civile ? Comment choisir le meilleur assureur la meilleure couverture ? Nos conseils","robots":{"index":"index","follow":"follow","max-snippet":"max-snippet:-1","max-image-preview":"max-image-preview:large","max-video-preview":"max-video-preview:-1"},"canonical":"https:\/\/guide.reassurez-moi.fr\/guide\/responsabilite-civile\/assureurs","og_locale":"fr_FR","og_type":"article","og_title":"Quels sont les assureurs en Responsabilit\u00e9 Civile ?","og_description":"Quels acteurs proposent des contrats de Responsabilit\u00e9 Civile ? Comment choisir le meilleur assureur la meilleure couverture ? Nos conseils","og_url":"https:\/\/guide.reassurez-moi.fr\/guide\/responsabilite-civile\/assureurs","og_site_name":"R\u00e9assurez-moi","article_publisher":"https:\/\/www.facebook.com\/R%c3%a9assurez-moi-209456495889479\/","article_modified_time":"2026-02-02T14:56:22+00:00","og_image":[{"width":500,"height":160,"url":"https:\/\/guide.reassurez-moi.fr\/guide\/wp-content\/uploads\/2018\/04\/image-de-partage.png","type":"image\/png"}],"twitter_card":"summary_large_image","twitter_site":"@reassurezmoi","twitter_misc":{"Dur\u00e9e de lecture estim\u00e9e":"1 minute"},"schema":{"@context":"https:\/\/schema.org","@graph":[{"@type":"WebPage","@id":"https:\/\/guide.reassurez-moi.fr\/guide\/responsabilite-civile\/assureurs","url":"https:\/\/guide.reassurez-moi.fr\/guide\/responsabilite-civile\/assureurs","name":"Quels sont les assureurs en Responsabilit\u00e9 Civile ?","isPartOf":{"@id":"https:\/\/guide.reassurez-moi.fr\/guide\/#website"},"datePublished":"2019-06-11T12:29:58+00:00","dateModified":"2026-02-02T14:56:22+00:00","description":"Quels acteurs proposent des contrats de Responsabilit\u00e9 Civile ? Comment choisir le meilleur assureur la meilleure couverture ? Nos conseils","breadcrumb":{"@id":"https:\/\/guide.reassurez-moi.fr\/guide\/responsabilite-civile\/assureurs#breadcrumb"},"inLanguage":"fr-FR","potentialAction":[{"@type":"ReadAction","target":["https:\/\/guide.reassurez-moi.fr\/guide\/responsabilite-civile\/assureurs"]}]},{"@type":"BreadcrumbList","@id":"https:\/\/guide.reassurez-moi.fr\/guide\/responsabilite-civile\/assureurs#breadcrumb","itemListElement":[{"@type":"ListItem","position":1,"name":"Assurances","item":"https:\/\/guide.reassurez-moi.fr\/guide\/"},{"@type":"ListItem","position":2,"name":"Assurance Responsabilit\u00e9 Civile","item":"https:\/\/guide.reassurez-moi.fr\/guide\/responsabilite-civile"},{"@type":"ListItem","position":3,"name":"Assureurs"}]},{"@type":"WebSite","@id":"https:\/\/guide.reassurez-moi.fr\/guide\/#website","url":"https:\/\/guide.reassurez-moi.fr\/guide\/","name":"R\u00e9assurez-moi","description":"Comparateur d&#039;assurances","potentialAction":[{"@type":"SearchAction","target":{"@type":"EntryPoint","urlTemplate":"https:\/\/guide.reassurez-moi.fr\/guide\/?s={search_term_string}"},"query-input":{"@type":"PropertyValueSpecification","valueRequired":true,"valueName":"search_term_string"}}],"inLanguage":"fr-FR"}]}},"acf":[],"_links":{"self":[{"href":"https:\/\/guide.reassurez-moi.fr\/guide\/wp-json\/wp\/v2\/pages\/62382","targetHints":{"allow":["GET"]}}],"collection":[{"href":"https:\/\/guide.reassurez-moi.fr\/guide\/wp-json\/wp\/v2\/pages"}],"about":[{"href":"https:\/\/guide.reassurez-moi.fr\/guide\/wp-json\/wp\/v2\/types\/page"}],"author":[{"embeddable":true,"href":"https:\/\/guide.reassurez-moi.fr\/guide\/wp-json\/wp\/v2\/users\/86"}],"replies":[{"embeddable":true,"href":"https:\/\/guide.reassurez-moi.fr\/guide\/wp-json\/wp\/v2\/comments?post=62382"}],"version-history":[{"count":1,"href":"https:\/\/guide.reassurez-moi.fr\/guide\/wp-json\/wp\/v2\/pages\/62382\/revisions"}],"predecessor-version":[{"id":215985,"href":"https:\/\/guide.reassurez-moi.fr\/guide\/wp-json\/wp\/v2\/pages\/62382\/revisions\/215985"}],"up":[{"embeddable":true,"href":"https:\/\/guide.reassurez-moi.fr\/guide\/wp-json\/wp\/v2\/pages\/62040"}],"wp:attachment":[{"href":"https:\/\/guide.reassurez-moi.fr\/guide\/wp-json\/wp\/v2\/media?parent=62382"}],"wp:term":[{"taxonomy":"category","embeddable":true,"href":"https:\/\/guide.reassurez-moi.fr\/guide\/wp-json\/wp\/v2\/categories?post=62382"},{"taxonomy":"page_topic","embeddable":true,"href":"https:\/\/guide.reassurez-moi.fr\/guide\/wp-json\/wp\/v2\/page_topic?post=62382"}],"curies":[{"name":"wp","href":"https:\/\/api.w.org\/{rel}","templated":true}]}}