{"id":92106,"date":"2019-11-20T18:59:23","date_gmt":"2019-11-20T17:59:23","guid":{"rendered":"https:\/\/reassurez-moi.fr\/guide\/?page_id=92106"},"modified":"2026-02-02T15:32:00","modified_gmt":"2026-02-02T14:32:00","slug":"carte-platinum","status":"publish","type":"page","link":"https:\/\/guide.reassurez-moi.fr\/guide\/banque\/carte-platinum","title":{"rendered":"Banque &#8211; Carte platinum"},"content":{"rendered":"\n<h1 class=\"wp-block-heading\" id=\"carte-bancaire-platinum-a-quelles-conditions\">Carte bancaire Platinum, \u00e0 quelles conditions ? <\/h1>\n\n\n\n<p><strong>Poss\u00e9der une carte bancaire haut de gamme, c&rsquo;est la garantie d&rsquo;acc\u00e9der \u00e0 des services exceptionnels et des options de paiement int\u00e9ressantes. La carte Platinum se positionne exactement sur ce cr\u00e9neau, des cartes \u00ab\u00a0luxueuses\u00a0\u00bb tout en restant accessible. Mais est-il vraiment int\u00e9ressant de souscrire \u00e0 une carte Platinum ? Nous allons vous expliquer tout ce que vous devez savoir sur ses avantages. Vous verrez que ses tarifs sont plus avantageux que certaines cartes haut de gamme. <\/strong><\/p>\n\n\n\n<div class=\"wp-block-image\"><figure class=\"aligncenter size-large is-resized\"><img loading=\"lazy\" decoding=\"async\" src=\"https:\/\/guide.reassurez-moi.fr\/guide\/wp-content\/uploads\/2020\/01\/schema-banque-carte-visa-platinum-500x415.jpg\" alt=\"schema banque carte visa platinum\" class=\"wp-image-100724\" width=\"324\" height=\"269\" srcset=\"https:\/\/guide.reassurez-moi.fr\/guide\/wp-content\/uploads\/2020\/01\/schema-banque-carte-visa-platinum-500x415.jpg 500w, https:\/\/guide.reassurez-moi.fr\/guide\/wp-content\/uploads\/2020\/01\/schema-banque-carte-visa-platinum-300x249.jpg 300w, https:\/\/guide.reassurez-moi.fr\/guide\/wp-content\/uploads\/2020\/01\/schema-banque-carte-visa-platinum.jpg 763w\" sizes=\"auto, (max-width: 324px) 100vw, 324px\" \/><\/figure><\/div>\n\n\n\n<h2 class=\"wp-block-heading\" id=\"qu-est-ce-qu-une-carte-visa-platinum\">Qu\u2019est-ce qu\u2019une carte Visa Platinum ?<\/h2>\n\n\n\n<p><strong>La carte bancaire Platinum est une carte de cr\u00e9dit internationale et haut de gamme, au m\u00eame titre qu&rsquo;une black card<\/strong>. Celle-ci se d\u00e9cline sous diff\u00e9rentes formes : Mastercard Platinum, carte American Express Platinum et carte Visa Platinum. Une carte Platinum est en principe r\u00e9serv\u00e9e \u00e0 une client\u00e8le disposant de revenus importants avec des besoins sp\u00e9cifiques : plafond de paiement et de retrait \u00e9lev\u00e9s, services \u00ab\u00a0Platinum\u00a0\u00bb, conciergerie, etc. Ainsi une carte Platinum se positionne au dessus d&rsquo;une carte bancaire classique telle que la Visa Premier ou la Gold Mastercard en raison des prestations propos\u00e9es. Elle vient directement concurrencer les cartes black telles que la World Elite de Mastercard ou la Visa Elite. <\/p>\n\n\n\n<div class=\"wp-block-mars-information icon-info\"><i class=\"icon\"><\/i><p>Le saviez-vous ? La carte Centurion d&rsquo;American Express est la carte bancaire la plus haut de gamme et luxueuse propos\u00e9e sur le march\u00e9. Sa cotisation annuelle n&rsquo;est pas \u00e0 la port\u00e9e de toutes les bourses : elle s\u2019\u00e9l\u00e8ve \u00e0 3 000 \u20ac par an.<\/p><\/div>\n\n\n\n<p><strong>La carte Platinum Visa est la plus connue, vous pourrez la trouver dans les banques traditionnelles suivantes : <\/strong><\/p>\n\n\n\n<ul class=\"wp-block-list\"><li>Banque Populaire <\/li><li><a href=\"https:\/\/reassurez-moi.fr\/guide\/assurance-auto\/credit-agricole\">Pacifica<\/a><\/li><li><a href=\"https:\/\/reassurez-moi.fr\/guide\/banque\/caisse-epargne\">Caisse d&rsquo;Epargne<\/a> <\/li><li><a href=\"https:\/\/reassurez-moi.fr\/guide\/assurance-carte\/visa-societe-generale\">Soci\u00e9t\u00e9 G\u00e9n\u00e9rale<\/a><\/li><li>La Banque Postale.<\/li><\/ul>\n\n\n\n<p><strong>La Mastercard Platinum est quant \u00e0 elle peu \u00e9mise car elle est progressivement remplac\u00e9e par la World Elite Mastercard.<\/strong> Elle est n\u00e9anmoins encore disponible dans les banques suivantes  : <\/p>\n\n\n\n<ul class=\"wp-block-list\"><li>Cr\u00e9dit Mutuel Sud-Ouest <\/li><li>Cr\u00e9dit Mutuel du Massif Central<\/li><li> Cr\u00e9dit Mutuel de Bretagne <\/li><li> LCL. <\/li><\/ul>\n\n\n\n<p><strong>Si vous h\u00e9sitez \u00e0 changer de banque pour souscrire \u00e0 une carte Platinum<\/strong>, sachez qu&rsquo;il est d\u00e9sormais tr\u00e8s facile de sauter le pas ! Avec la <a href=\"https:\/\/reassurez-moi.fr\/guide\/banque\/mobilite-bancaire\">mobilit\u00e9 bancaire<\/a>, les d\u00e9marches sont directement r\u00e9alis\u00e9es gratuitement par votre nouvelle banque. Pour vous aider \u00e0 faire votre choix pour la carte bancaire haut de gamme que vous recherchez, faites un comparatif ! En quelques clics, nous mettons \u00e0 votre disposition un comparateur d\u00e9di\u00e9 \u00e0 plus de 30 banques. <\/p>\n\n\n\n<div style=\"height:20px\" aria-hidden=\"true\" class=\"wp-block-spacer\"><\/div>\n\n\n\n<div class=\"wp-block-rm-advertizing-block fix-in-sidebar advertising-block-sidebar-item\">\n    <div class=\"image-container flex justify-center align-items-center\">\n        <img decoding=\"async\" src=\"https:\/\/guide.reassurez-moi.fr\/guide\/wp-content\/uploads\/2025\/06\/team_opti_short.png\"\n             alt=\"reassurez-moi illustration\"\n             class=\"wp-block-rm-advertizing-image\"\n             loading=\"lazy\"\n        \/>\n    <\/div>\n    <div class=\"rm-advertblock-container flex flex-column justify-center align-items-start\">\n        <p class=\"wp-block-rm-advertizing-text\">\n            Offres bancaires\n        <\/p>\n        <p class=\"wp-block-rm-advertizing-sub-text\">\n            Les meilleures offres 2026\n        <\/p>\n        <a\n            href=\"https:\/\/reassurez-moi.fr\/guide\/banque\"\n            class=\"wp-block-rm-advertizing-button\"\n        >\n            <span class=\"wp-block-rm-advertizing-button-text\">\n                Comparer\n            <\/span>\n            <span class=\"wp-block-rm-advertizing-button-sub-text\">\n                30 banques\n            <\/span>\n        <\/a>\n    <\/div>\n<\/div>\n\n\n\n<h2 class=\"wp-block-heading\" id=\"carte-platinum-quelles-sont-les-conditions-de-revenus\">Carte Platinum, quelles sont les conditions de revenus ?<\/h2>\n\n\n\n<p><strong>Les cartes haut de gamme ont la r\u00e9putation d&rsquo;\u00eatre inaccessibles.<\/strong> Mais qu&rsquo;en est-il r\u00e9ellement ? La carte Platinum a effectivement des conditions li\u00e9es au revenu : il faut g\u00e9n\u00e9ralement justifier de revenus \u00e0 hauteur de 80 000 \u20ac, soit plus de 4 000 \u20ac nets mensuels. Mais attention, chaque banque a sa politique commerciale concernant la Visa Platinum et ses conditions d&rsquo;\u00e9ligibilit\u00e9 sont susceptibles d&rsquo;\u00e9voluer. G\u00e9n\u00e9ralement, cette condition de salaire minimum pour la carte Visa platinum est assortie d&rsquo;une obligation de <a href=\"https:\/\/reassurez-moi.fr\/guide\/banque\/domiciliation-bancaire\">domiciliation bancaire<\/a>. C&rsquo;est-\u00e0-dire que la banque peut conditionner l&rsquo;octroi de la carte Platinum au versement de votre salaire ou d&rsquo;une partie de vos ressources sur le compte bancaire rattach\u00e9 \u00e0 votre carte afin que celui-ci soit constamment aliment\u00e9. <br><br><strong>Si vous ne remplissez pas cette condition, la banque peut vous demander une alternative : <\/strong>disposer d&rsquo;une \u00e9pargne cons\u00e9quente, 50 000 \u20ac par exemple. Une fois cette condition de revenu li\u00e9e \u00e0 la carte Platinum remplie, vous aurez acc\u00e8s aux nombreux avantages de cette carte : plafonds de retrait sup\u00e9rieurs \u00e0 la moyenne, services de conciergerie, assurances et assistances compl\u00e8tes, etc. Afin d&rsquo;obtenir votre Visa Platinum, renseignez-vous sur les conditions d&rsquo;obtention aupr\u00e8s de votre banque. <\/p>\n\n\n\n<h2 class=\"wp-block-heading\" id=\"quel-est-le-plafond-d-une-carte-visa-platinum\">Quel est le plafond d&rsquo;une carte visa Platinum ?<\/h2>\n\n\n\n<p><strong>Choisir une carte Platinum vous permet de b\u00e9n\u00e9ficier d&rsquo;un plafond plus \u00e9lev\u00e9 pour r\u00e9aliser vos d\u00e9penses<\/strong>. En effet, une carte Visa Platinum peut vous donner acc\u00e8s \u00e0 un plafond de retrait jusqu&rsquo;\u00e0 3 000 \u20ac par semaine et un plafond de paiement \u00e0 partir de 8 000 \u20ac par mois. Autant dire que cela vous offre une libert\u00e9 que peu de cartes bancaires sont en mesure de proposer et c&rsquo;est ce qui  fait le point fort d&rsquo;une carte Platinum !<\/p>\n\n\n\n<p><strong>Notre astuce si vous optez pour une carte Visa Platinum : <\/strong>g\u00e9n\u00e9ralement le plafond de paiement comme de retrait est n\u00e9gociable avec la banque. Cependant, si vous pensez avoir besoin d&rsquo;un plafond sup\u00e9rieur, la <a href=\"https:\/\/reassurez-moi.fr\/guide\/banque\/carte-black\">carte black<\/a> pourrait davantage vous int\u00e9resser : avec un plafond de paiement jusqu&rsquo;\u00e0 20 000 \u20ac par mois et un plafond de retrait jusqu&rsquo;\u00e0 15 000 \u20ac par semaine, elle a de quoi s\u00e9duire !<\/p>\n\n\n\n<h2 class=\"wp-block-heading\" id=\"quel-est-le-prix-d-une-visa-platinum\">Quel est le prix d\u2019une Visa Platinum ?<\/h2>\n\n\n\n<p><strong>Forc\u00e9ment les tarifs et les conditions d&rsquo;une carte Platinum ne sont pas les m\u00eames qu&rsquo;une carte ordinaire<\/strong>. Une Visa Platinum a un prix moyen de 200 \u20ac soit moins de 17 \u20ac par mois tandis qu&rsquo;une Mastercard Platinum a un prix moyen de 220 \u20ac soit 18 \u20ac. Vous ne trouverez pas en revanche de carte Platinum gratuite sur le march\u00e9, m\u00eame chez les banques en ligne. En revanche, si vous recherchez une alternative \u00e0 la Mastercard Platinum qui soit gratuite, bonne nouvelle : la banque en ligne Fortuneo propose sa black card, la World Elite Mastercard pour 0 \u20ac ! <br><br><strong>Une carte platinum reste n\u00e9anmoins tr\u00e8s int\u00e9ressante pour son prix<\/strong>, \u00e0 titre de comparaison une carte bancaire noire peut atteindre 300 \u20ac par an. Pour en savoir plus sur les tarifs pratiqu\u00e9s, il est recommand\u00e9 de contacter directement votre banque.<\/p>\n\n\n\n<div class=\"wp-block-mars-information icon-arrow\"><i class=\"icon\"><\/i><p>Si vous envisagez d&rsquo;ouvrir un second compte bancaire, faites bien vos calculs auparavant : entre la cotisation annuelle et l&rsquo;obligation de domiciliation de vos revenus, votre situation financi\u00e8re vous permet-elle de poss\u00e9der 2 comptes bancaires dans diff\u00e9rentes banques ?<\/p><\/div>\n\n\n\n<p><strong>Si vous souhaitez faire des \u00e9conomies, il est davantage conseill\u00e9 de se tourner vers une banque en ligne<\/strong>. Avec leurs frais de gestion offerts et leurs <a href=\"https:\/\/reassurez-moi.fr\/guide\/banque\/carte-bancaire-gratuite\">cartes bancaires gratuites<\/a>, il s&rsquo;agit des offres les plus attractives du march\u00e9 ! \u00c0 vous de peser le pour et le contre, au regard de vos besoins, sur le type de carte bancaire \u00e0 privil\u00e9gier.<\/p>\n\n\n\n<h2 class=\"wp-block-heading\" id=\"assurance-carte-platinum-ce-qu-il-faut-savoir\">Assurance carte Platinum : ce qu\u2019il faut savoir <\/h2>\n\n\n\n<p><strong>Souscrire \u00e0 une Mastercard ou une Visa Platinum vous donne acc\u00e8s \u00e0 une assurance et une assistance pour vous et votre famille<\/strong>. Celles-ci s&rsquo;av\u00e8rent particuli\u00e8rement utiles en cas de voyage \u00e0 l&rsquo;\u00e9tranger puisqu&rsquo;elles couvrent vos d\u00e9placements \u00e0 partir du moment o\u00f9 vous avez r\u00e9gl\u00e9 votre voyage avec votre carte Platinum. Notre tableau r\u00e9capitulatif des garanties d&rsquo;assurance et d&rsquo;assistance d&rsquo;une carte Visa Platinum vous permettra d&rsquo;y voir plus clair :<\/p>\n\n\n\n<div class=\"wp-block-columns is-layout-flex wp-container-core-columns-is-layout-1 wp-block-columns-is-layout-flex\">\n<div class=\"wp-block-column is-style-blue-border is-layout-flow wp-block-column-is-layout-flow\">\n<p class=\"has-text-align-center has-medium-font-size\"><strong>Assurance avec carte Platinum<\/strong><\/p>\n\n\n\n<ul class=\"wp-block-list\"><li>Assurance annulation, interruption ou accident de voyage,<\/li><li>Responsabilit\u00e9 civile \u00e0 l\u2019\u00e9tranger,<\/li><li>Assurance vol et dommages du v\u00e9hicule de location,<\/li><li>Assurance neige et montagne.<\/li><\/ul>\n<\/div>\n\n\n\n<div class=\"wp-block-column is-style-blue-border is-layout-flow wp-block-column-is-layout-flow\">\n<p class=\"has-text-align-center has-medium-font-size\"><strong>Assistance avec carte Platinum<\/strong><\/p>\n\n\n\n<ul class=\"wp-block-list\"><li>Assistance m\u00e9dicale et rapatriement,<\/li><li>Hospitalisation \u00e0 l\u2019\u00e9tranger,<\/li><li>Assistance juridique en cas de poursuites judiciaires,<\/li><li>Assistance si d\u00e9c\u00e8s de l\u2019assur\u00e9 <\/li><\/ul>\n<\/div>\n<\/div>\n\n\n\n<h2 class=\"wp-block-heading\" id=\"quels-sont-les-avantages-d-une-carte-platinum\">Quels sont les avantages d\u2019une carte Platinum ?<\/h2>\n\n\n\n<p><strong>Avoir une Mastercard ou Visa Platinum peut pr\u00e9senter de nombreux avantages <\/strong>qui justifient des conditions de revenu et des tarifs plus \u00e9lev\u00e9s qu&rsquo;une carte classique. En effet, d\u00e9tenir une carte de cr\u00e9dit haut de gamme vous donne acc\u00e8s \u00e0 de nombreux services exclusifs, notamment \u00e0 l&rsquo;\u00e9tranger ou en cas d&rsquo;urgence, et des plafonds de paiement ou de retrait au dessus de la moyenne. Certaines banques ont \u00e9galement des partenariats avec des marques ou enseignes, rapprochez-vous de votre conseiller pour en savoir plus.<br><br><strong>Le point fort de la carte bleue Platinum reste n\u00e9anmoins son service de conciergerie<\/strong>. Mais de quoi s&rsquo;agit-il ? La carte de cr\u00e9dit Platinum vous donne acc\u00e8s \u00e0 un assistant personnel qui peut s&rsquo;occuper de vos r\u00e9servations de th\u00e9\u00e2tres, voyages, restaurants, ou m\u00eame des gardes d&rsquo;enfants ! Pour cela rien de plus simple : le num\u00e9ro est indiqu\u00e9 au dos de la carte Platinum Visa ! Une carte bancaire Platinum est donc id\u00e9ale pour les personnes \u00e9voluant dans le monde des affaires ou disposant de revenus assez importants.<\/p>\n","protected":false},"excerpt":{"rendered":"<p>Carte bancaire Platinum, \u00e0 quelles conditions ? Poss\u00e9der une carte bancaire haut de gamme, c&rsquo;est la garantie d&rsquo;acc\u00e9der \u00e0 des services exceptionnels et des options de paiement int\u00e9ressantes. La carte Platinum se positionne exactement sur ce cr\u00e9neau, des cartes \u00ab\u00a0luxueuses\u00a0\u00bb tout en restant accessible. Mais est-il vraiment int\u00e9ressant de souscrire \u00e0 une carte Platinum ?\u2026<\/p>\n","protected":false},"author":86,"featured_media":0,"parent":80030,"menu_order":0,"comment_status":"open","ping_status":"closed","template":"","meta":{"_acf_changed":false,"footnotes":""},"categories":[],"page_topic":[553],"class_list":["post-92106","page","type-page","status-publish","hentry"],"yoast_head":"<!-- This site is optimized with the Yoast SEO plugin v24.7 - https:\/\/yoast.com\/wordpress\/plugins\/seo\/ -->\n<title>Quelles sont les conditions pour obtenir une carte Platinum ?<\/title>\n<meta name=\"description\" content=\"Toutes les caract\u00e9ristiques de cette carte haut de gamme - Conditions d&#039;acc\u00e8s et d\u00e9tails des avantages - Prix et comparatif par banques.\" \/>\n<meta name=\"robots\" content=\"index, follow, max-snippet:-1, max-image-preview:large, max-video-preview:-1\" \/>\n<link rel=\"canonical\" href=\"https:\/\/guide.reassurez-moi.fr\/guide\/banque\/carte-platinum\" \/>\n<meta property=\"og:locale\" content=\"fr_FR\" \/>\n<meta property=\"og:type\" content=\"article\" \/>\n<meta property=\"og:title\" content=\"Quelles sont les conditions pour obtenir une carte Platinum ?\" \/>\n<meta property=\"og:description\" content=\"Toutes les caract\u00e9ristiques de cette carte haut de gamme - Conditions d&#039;acc\u00e8s et d\u00e9tails des avantages - Prix et comparatif par banques.\" \/>\n<meta property=\"og:url\" content=\"https:\/\/guide.reassurez-moi.fr\/guide\/banque\/carte-platinum\" \/>\n<meta property=\"og:site_name\" content=\"R\u00e9assurez-moi\" \/>\n<meta property=\"article:publisher\" content=\"https:\/\/www.facebook.com\/R%c3%a9assurez-moi-209456495889479\/\" \/>\n<meta property=\"article:modified_time\" content=\"2026-02-02T14:32:00+00:00\" \/>\n<meta property=\"og:image\" content=\"https:\/\/guide.reassurez-moi.fr\/guide\/wp-content\/uploads\/2020\/01\/schema-banque-carte-visa-platinum-500x415.jpg\" \/>\n<meta name=\"twitter:card\" content=\"summary_large_image\" \/>\n<meta name=\"twitter:site\" content=\"@reassurezmoi\" \/>\n<meta name=\"twitter:label1\" content=\"Dur\u00e9e de lecture estim\u00e9e\" \/>\n\t<meta name=\"twitter:data1\" content=\"7 minutes\" \/>\n<script type=\"application\/ld+json\" class=\"yoast-schema-graph\">{\"@context\":\"https:\/\/schema.org\",\"@graph\":[{\"@type\":\"WebPage\",\"@id\":\"https:\/\/guide.reassurez-moi.fr\/guide\/banque\/carte-platinum\",\"url\":\"https:\/\/guide.reassurez-moi.fr\/guide\/banque\/carte-platinum\",\"name\":\"Quelles sont les conditions pour obtenir une carte Platinum ?\",\"isPartOf\":{\"@id\":\"https:\/\/guide.reassurez-moi.fr\/guide\/#website\"},\"primaryImageOfPage\":{\"@id\":\"https:\/\/guide.reassurez-moi.fr\/guide\/banque\/carte-platinum#primaryimage\"},\"image\":{\"@id\":\"https:\/\/guide.reassurez-moi.fr\/guide\/banque\/carte-platinum#primaryimage\"},\"thumbnailUrl\":\"https:\/\/guide.reassurez-moi.fr\/guide\/wp-content\/uploads\/2020\/01\/schema-banque-carte-visa-platinum-500x415.jpg\",\"datePublished\":\"2019-11-20T17:59:23+00:00\",\"dateModified\":\"2026-02-02T14:32:00+00:00\",\"description\":\"Toutes les caract\u00e9ristiques de cette carte haut de gamme - Conditions d'acc\u00e8s et d\u00e9tails des avantages - Prix et comparatif par banques.\",\"breadcrumb\":{\"@id\":\"https:\/\/guide.reassurez-moi.fr\/guide\/banque\/carte-platinum#breadcrumb\"},\"inLanguage\":\"fr-FR\",\"potentialAction\":[{\"@type\":\"ReadAction\",\"target\":[\"https:\/\/guide.reassurez-moi.fr\/guide\/banque\/carte-platinum\"]}]},{\"@type\":\"ImageObject\",\"inLanguage\":\"fr-FR\",\"@id\":\"https:\/\/guide.reassurez-moi.fr\/guide\/banque\/carte-platinum#primaryimage\",\"url\":\"https:\/\/guide.reassurez-moi.fr\/guide\/wp-content\/uploads\/2020\/01\/schema-banque-carte-visa-platinum.jpg\",\"contentUrl\":\"https:\/\/guide.reassurez-moi.fr\/guide\/wp-content\/uploads\/2020\/01\/schema-banque-carte-visa-platinum.jpg\",\"width\":763,\"height\":634,\"caption\":\"schema banque carte visa platinum\"},{\"@type\":\"BreadcrumbList\",\"@id\":\"https:\/\/guide.reassurez-moi.fr\/guide\/banque\/carte-platinum#breadcrumb\",\"itemListElement\":[{\"@type\":\"ListItem\",\"position\":1,\"name\":\"Assurances\",\"item\":\"https:\/\/guide.reassurez-moi.fr\/guide\/\"},{\"@type\":\"ListItem\",\"position\":2,\"name\":\"Banque\",\"item\":\"https:\/\/guide.reassurez-moi.fr\/guide\/banque\"},{\"@type\":\"ListItem\",\"position\":3,\"name\":\"Carte Platinum\"}]},{\"@type\":\"WebSite\",\"@id\":\"https:\/\/guide.reassurez-moi.fr\/guide\/#website\",\"url\":\"https:\/\/guide.reassurez-moi.fr\/guide\/\",\"name\":\"R\u00e9assurez-moi\",\"description\":\"Comparateur d&#039;assurances\",\"potentialAction\":[{\"@type\":\"SearchAction\",\"target\":{\"@type\":\"EntryPoint\",\"urlTemplate\":\"https:\/\/guide.reassurez-moi.fr\/guide\/?s={search_term_string}\"},\"query-input\":{\"@type\":\"PropertyValueSpecification\",\"valueRequired\":true,\"valueName\":\"search_term_string\"}}],\"inLanguage\":\"fr-FR\"}]}<\/script>\n<!-- \/ Yoast SEO plugin. -->","yoast_head_json":{"title":"Quelles sont les conditions pour obtenir une carte Platinum ?","description":"Toutes les caract\u00e9ristiques de cette carte haut de gamme - Conditions d'acc\u00e8s et d\u00e9tails des avantages - Prix et comparatif par banques.","robots":{"index":"index","follow":"follow","max-snippet":"max-snippet:-1","max-image-preview":"max-image-preview:large","max-video-preview":"max-video-preview:-1"},"canonical":"https:\/\/guide.reassurez-moi.fr\/guide\/banque\/carte-platinum","og_locale":"fr_FR","og_type":"article","og_title":"Quelles sont les conditions pour obtenir une carte Platinum ?","og_description":"Toutes les caract\u00e9ristiques de cette carte haut de gamme - Conditions d'acc\u00e8s et d\u00e9tails des avantages - Prix et comparatif par banques.","og_url":"https:\/\/guide.reassurez-moi.fr\/guide\/banque\/carte-platinum","og_site_name":"R\u00e9assurez-moi","article_publisher":"https:\/\/www.facebook.com\/R%c3%a9assurez-moi-209456495889479\/","article_modified_time":"2026-02-02T14:32:00+00:00","og_image":[{"url":"https:\/\/guide.reassurez-moi.fr\/guide\/wp-content\/uploads\/2020\/01\/schema-banque-carte-visa-platinum-500x415.jpg","type":"","width":"","height":""}],"twitter_card":"summary_large_image","twitter_site":"@reassurezmoi","twitter_misc":{"Dur\u00e9e de lecture estim\u00e9e":"7 minutes"},"schema":{"@context":"https:\/\/schema.org","@graph":[{"@type":"WebPage","@id":"https:\/\/guide.reassurez-moi.fr\/guide\/banque\/carte-platinum","url":"https:\/\/guide.reassurez-moi.fr\/guide\/banque\/carte-platinum","name":"Quelles sont les conditions pour obtenir une carte Platinum ?","isPartOf":{"@id":"https:\/\/guide.reassurez-moi.fr\/guide\/#website"},"primaryImageOfPage":{"@id":"https:\/\/guide.reassurez-moi.fr\/guide\/banque\/carte-platinum#primaryimage"},"image":{"@id":"https:\/\/guide.reassurez-moi.fr\/guide\/banque\/carte-platinum#primaryimage"},"thumbnailUrl":"https:\/\/guide.reassurez-moi.fr\/guide\/wp-content\/uploads\/2020\/01\/schema-banque-carte-visa-platinum-500x415.jpg","datePublished":"2019-11-20T17:59:23+00:00","dateModified":"2026-02-02T14:32:00+00:00","description":"Toutes les caract\u00e9ristiques de cette carte haut de gamme - Conditions d'acc\u00e8s et d\u00e9tails des avantages - Prix et comparatif par banques.","breadcrumb":{"@id":"https:\/\/guide.reassurez-moi.fr\/guide\/banque\/carte-platinum#breadcrumb"},"inLanguage":"fr-FR","potentialAction":[{"@type":"ReadAction","target":["https:\/\/guide.reassurez-moi.fr\/guide\/banque\/carte-platinum"]}]},{"@type":"ImageObject","inLanguage":"fr-FR","@id":"https:\/\/guide.reassurez-moi.fr\/guide\/banque\/carte-platinum#primaryimage","url":"https:\/\/guide.reassurez-moi.fr\/guide\/wp-content\/uploads\/2020\/01\/schema-banque-carte-visa-platinum.jpg","contentUrl":"https:\/\/guide.reassurez-moi.fr\/guide\/wp-content\/uploads\/2020\/01\/schema-banque-carte-visa-platinum.jpg","width":763,"height":634,"caption":"schema banque carte visa platinum"},{"@type":"BreadcrumbList","@id":"https:\/\/guide.reassurez-moi.fr\/guide\/banque\/carte-platinum#breadcrumb","itemListElement":[{"@type":"ListItem","position":1,"name":"Assurances","item":"https:\/\/guide.reassurez-moi.fr\/guide\/"},{"@type":"ListItem","position":2,"name":"Banque","item":"https:\/\/guide.reassurez-moi.fr\/guide\/banque"},{"@type":"ListItem","position":3,"name":"Carte Platinum"}]},{"@type":"WebSite","@id":"https:\/\/guide.reassurez-moi.fr\/guide\/#website","url":"https:\/\/guide.reassurez-moi.fr\/guide\/","name":"R\u00e9assurez-moi","description":"Comparateur d&#039;assurances","potentialAction":[{"@type":"SearchAction","target":{"@type":"EntryPoint","urlTemplate":"https:\/\/guide.reassurez-moi.fr\/guide\/?s={search_term_string}"},"query-input":{"@type":"PropertyValueSpecification","valueRequired":true,"valueName":"search_term_string"}}],"inLanguage":"fr-FR"}]}},"acf":[],"_links":{"self":[{"href":"https:\/\/guide.reassurez-moi.fr\/guide\/wp-json\/wp\/v2\/pages\/92106","targetHints":{"allow":["GET"]}}],"collection":[{"href":"https:\/\/guide.reassurez-moi.fr\/guide\/wp-json\/wp\/v2\/pages"}],"about":[{"href":"https:\/\/guide.reassurez-moi.fr\/guide\/wp-json\/wp\/v2\/types\/page"}],"author":[{"embeddable":true,"href":"https:\/\/guide.reassurez-moi.fr\/guide\/wp-json\/wp\/v2\/users\/86"}],"replies":[{"embeddable":true,"href":"https:\/\/guide.reassurez-moi.fr\/guide\/wp-json\/wp\/v2\/comments?post=92106"}],"version-history":[{"count":1,"href":"https:\/\/guide.reassurez-moi.fr\/guide\/wp-json\/wp\/v2\/pages\/92106\/revisions"}],"predecessor-version":[{"id":210684,"href":"https:\/\/guide.reassurez-moi.fr\/guide\/wp-json\/wp\/v2\/pages\/92106\/revisions\/210684"}],"up":[{"embeddable":true,"href":"https:\/\/guide.reassurez-moi.fr\/guide\/wp-json\/wp\/v2\/pages\/80030"}],"wp:attachment":[{"href":"https:\/\/guide.reassurez-moi.fr\/guide\/wp-json\/wp\/v2\/media?parent=92106"}],"wp:term":[{"taxonomy":"category","embeddable":true,"href":"https:\/\/guide.reassurez-moi.fr\/guide\/wp-json\/wp\/v2\/categories?post=92106"},{"taxonomy":"page_topic","embeddable":true,"href":"https:\/\/guide.reassurez-moi.fr\/guide\/wp-json\/wp\/v2\/page_topic?post=92106"}],"curies":[{"name":"wp","href":"https:\/\/api.w.org\/{rel}","templated":true}]}}